{"id":24484,"date":"2024-02-23T17:47:50","date_gmt":"2024-02-23T16:47:50","guid":{"rendered":"https:\/\/www.guerini.it\/?post_type=product&#038;p=24484"},"modified":"2024-12-11T16:11:49","modified_gmt":"2024-12-11T15:11:49","slug":"verso-la-fine-del-mondo","status":"publish","type":"product","link":"https:\/\/www.guerini.it\/index.php\/prodotto\/verso-la-fine-del-mondo\/","title":{"rendered":"Verso la fine del mondo"},"content":{"rendered":"<p style=\"text-align: justify;\">Dalla pandemia globale e dall\u2019aggressione russa in Ucraina al genocidio di Hamas. Quali sono i conflitti che scuotono il mondo, da cosa sono determinati, quali le forze che ne sono il motore? Verso quali scenari drammatici stiamo andando? Che cosa ne sar\u00e0 della vecchia Europa? \u00c8 destinata a spegnersi in silenzio, soffocata dal fumo dei conflitti che stanno facendo tremare il mondo? Unica via di speranza un ritorno alla politica \u00abbuona\u00bb, ma anche a una economia regolata e a una finanza che guardi alle comunit\u00e0 e non al profitto del singolo individuo. Perch\u00e9 ci\u00f2 possa avvenire, i valori dell\u2019Occidente come la democrazia, la libert\u00e0, i diritti della persona devono essere oggi ridiscussi, ripensati e non certo rinunciati o dimenticati. Giulio Sapelli ci guida in un viaggio infernale verso un mondo che si sta sgretolando.<\/p>\n<hr \/>\n<p style=\"text-align: justify;\">GIULIO SAPELLI (Torino, 1947) ha insegnato Storia economica ed Economia politica nelle universit\u00e0 europee e delle due Americhe e ha lavorato come consulente e consigliere d\u2019amministrazione in importanti gruppi industriali e finanziari. Nel 2020 gli \u00e8 stato assegnato il Premio Fieri (<a href=\"https:\/\/www.fincantieri.com\/it\/\">Fincantieri<\/a>) alla carriera. \u00c8 presidente della <a href=\"https:\/\/www.confartigianato.it\/noi\/fondazione-germozzi\/\">Fondazione Germozzi<\/a> di Confartigianato. Tra le sue ultime pubblicazioni ricordiamo <em>Oltre il capitalismo<\/em> (2018), <em>Nulla \u00e8 come prima<\/em> (2019, con Enrico Quintavalle), <em>Perch\u00e9 esistono le imprese e come sono fatte<\/em> (2019), <em>Pandemia e Resurrezione<\/em> (2020), <em>Nella storia mondiale<\/em> (2021), <em>Draghi o il caos<\/em> (2021, con Lodovico Festa), <em>Ucraina anno zero<\/em> (2022).<\/p>\n<hr \/>\n<p style=\"text-align: justify;\">RASSEGNA STAMPA<\/p>\n<p>Verso la fine del mondo su La Repubblica, p. 21, 31\/03\/2024<\/p>\n<p><a href=\"https:\/\/formiche.net\/2024\/04\/usa-relazioni-internazionali-libro-sapelli\/#content\">Il gigante riluttante Usa e la fine delle relazioni internazionali. La versione di Sapelli<\/a> su Formiche, 03\/04\/2024<\/p>\n","protected":false},"excerpt":{"rendered":"<p>Dalla pandemia globale e dall\u2019aggressione russa in Ucraina al genocidio di Hamas. Quali sono i conflitti che scuotono il mondo, da cosa sono determinati, quali le forze che ne sono [&hellip;]<\/p>\n","protected":false},"featured_media":24485,"template":"","meta":{"_editorskit_title_hidden":false,"_editorskit_reading_time":0,"_editorskit_is_block_options_detached":false,"_editorskit_block_options_position":"{}","_monsterinsights_skip_tracking":false,"_monsterinsights_sitenote_active":false,"_monsterinsights_sitenote_note":"","_monsterinsights_sitenote_category":0},"product_brand":[],"product_cat":[6728,6585],"product_tag":[7282,7325,9580,10381,6950,7613],"class_list":{"0":"post-24484","1":"product","2":"type-product","3":"status-publish","4":"has-post-thumbnail","6":"product_cat-ultime_novita","7":"product_cat-sma","8":"product_tag-cina","9":"product_tag-geopolitica","10":"product_tag-medioriente","11":"product_tag-occidente","12":"product_tag-politica-economica","13":"product_tag-russia","14":"pa_guerini_amazon_link-https-www-amazon-it-verso-mondo-sgretolarsi-relazioni-internazionali-dp-8862509154","15":"pa_guerini_feltrinelli_link-https-www-lafeltrinelli-it-verso-fine-del-mondo-sgretolarsi-libro-giulio-sapelli-e-9788862509152","16":"pa_guerini_ibs_link-https-www-ibs-it-verso-fine-del-mondo-sgretolarsi-libro-giulio-sapelli-e-9788862509152","17":"pa_guerini_libruniver_link-https-www-libreriauniversitaria-it-ricerca-query-sapelligiulioversolafinedelmondo-reparto-tutti","18":"pa_guerini_mondadori_link-https-www-mondadoristore-it-verso-fine-mondo-sgretolarsi-giulio-sapelli-eai978886250915","20":"first","21":"instock","22":"sale","23":"shipping-taxable","24":"purchasable","25":"product-type-simple"},"yoast_head":"<!-- This site is optimized with the Yoast SEO plugin v25.4 - https:\/\/yoast.com\/wordpress\/plugins\/seo\/ -->\n<title>Sapelli Giulio, Verso la fine del mondo - Guerini Editore<\/title>\n<meta name=\"description\" content=\"Quali sono i conflitti che scuotono il mondo? Verso quali scenari drammatici stiamo andando? Giulio Sapelli ci guida verso un mondo che si sta sgretolando.\" \/>\n<meta name=\"robots\" content=\"index, follow, max-snippet:-1, max-image-preview:large, max-video-preview:-1\" \/>\n<link rel=\"canonical\" href=\"https:\/\/www.guerini.it\/index.php\/prodotto\/verso-la-fine-del-mondo\/\" \/>\n<meta property=\"og:locale\" content=\"it_IT\" \/>\n<meta property=\"og:type\" content=\"article\" \/>\n<meta property=\"og:title\" content=\"Sapelli Giulio, Verso la fine del mondo - Guerini Editore\" \/>\n<meta property=\"og:description\" content=\"Quali sono i conflitti che scuotono il mondo? Verso quali scenari drammatici stiamo andando? Giulio Sapelli ci guida verso un mondo che si sta sgretolando.\" \/>\n<meta property=\"og:url\" content=\"https:\/\/www.guerini.it\/index.php\/prodotto\/verso-la-fine-del-mondo\/\" \/>\n<meta property=\"og:site_name\" content=\"Guerini e Associati\" \/>\n<meta property=\"article:modified_time\" content=\"2024-12-11T15:11:49+00:00\" \/>\n<meta property=\"og:image\" content=\"https:\/\/www.guerini.it\/wp-content\/uploads\/2024\/02\/VERSO-LA-FINE-DEL-MONDO-9788862509152.webp\" \/>\n\t<meta property=\"og:image:width\" content=\"667\" \/>\n\t<meta property=\"og:image:height\" content=\"1000\" \/>\n\t<meta property=\"og:image:type\" content=\"image\/webp\" \/>\n<meta name=\"twitter:card\" content=\"summary_large_image\" \/>\n<meta name=\"twitter:label1\" content=\"Tempo di lettura stimato\" \/>\n\t<meta name=\"twitter:data1\" content=\"2 minuti\" \/>\n<!-- \/ Yoast SEO plugin. -->","yoast_head_json":{"title":"Sapelli Giulio, Verso la fine del mondo - Guerini Editore","description":"Quali sono i conflitti che scuotono il mondo? Verso quali scenari drammatici stiamo andando? Giulio Sapelli ci guida verso un mondo che si sta sgretolando.","robots":{"index":"index","follow":"follow","max-snippet":"max-snippet:-1","max-image-preview":"max-image-preview:large","max-video-preview":"max-video-preview:-1"},"canonical":"https:\/\/www.guerini.it\/index.php\/prodotto\/verso-la-fine-del-mondo\/","og_locale":"it_IT","og_type":"article","og_title":"Sapelli Giulio, Verso la fine del mondo - Guerini Editore","og_description":"Quali sono i conflitti che scuotono il mondo? Verso quali scenari drammatici stiamo andando? Giulio Sapelli ci guida verso un mondo che si sta sgretolando.","og_url":"https:\/\/www.guerini.it\/index.php\/prodotto\/verso-la-fine-del-mondo\/","og_site_name":"Guerini e Associati","article_modified_time":"2024-12-11T15:11:49+00:00","og_image":[{"width":667,"height":1000,"url":"https:\/\/www.guerini.it\/wp-content\/uploads\/2024\/02\/VERSO-LA-FINE-DEL-MONDO-9788862509152.webp","type":"image\/webp"}],"twitter_card":"summary_large_image","twitter_misc":{"Tempo di lettura stimato":"2 minuti"},"schema":{"@context":"https:\/\/schema.org","@graph":[{"@type":"WebPage","@id":"https:\/\/www.guerini.it\/index.php\/prodotto\/verso-la-fine-del-mondo\/","url":"https:\/\/www.guerini.it\/index.php\/prodotto\/verso-la-fine-del-mondo\/","name":"Sapelli Giulio, Verso la fine del mondo - Guerini Editore","isPartOf":{"@id":"https:\/\/www.guerini.it\/#website"},"primaryImageOfPage":{"@id":"https:\/\/www.guerini.it\/index.php\/prodotto\/verso-la-fine-del-mondo\/#primaryimage"},"image":{"@id":"https:\/\/www.guerini.it\/index.php\/prodotto\/verso-la-fine-del-mondo\/#primaryimage"},"thumbnailUrl":"https:\/\/www.guerini.it\/wp-content\/uploads\/2024\/02\/VERSO-LA-FINE-DEL-MONDO-9788862509152.webp","datePublished":"2024-02-23T16:47:50+00:00","dateModified":"2024-12-11T15:11:49+00:00","description":"Quali sono i conflitti che scuotono il mondo? Verso quali scenari drammatici stiamo andando? Giulio Sapelli ci guida verso un mondo che si sta sgretolando.","breadcrumb":{"@id":"https:\/\/www.guerini.it\/index.php\/prodotto\/verso-la-fine-del-mondo\/#breadcrumb"},"inLanguage":"it-IT","potentialAction":[{"@type":"ReadAction","target":["https:\/\/www.guerini.it\/index.php\/prodotto\/verso-la-fine-del-mondo\/"]}]},{"@type":"ImageObject","inLanguage":"it-IT","@id":"https:\/\/www.guerini.it\/index.php\/prodotto\/verso-la-fine-del-mondo\/#primaryimage","url":"https:\/\/www.guerini.it\/wp-content\/uploads\/2024\/02\/VERSO-LA-FINE-DEL-MONDO-9788862509152.webp","contentUrl":"https:\/\/www.guerini.it\/wp-content\/uploads\/2024\/02\/VERSO-LA-FINE-DEL-MONDO-9788862509152.webp","width":667,"height":1000,"caption":"Front Cover di: Sapelli Giulio, Verso la fine del mondo, Guerini e Associati, 2024"},{"@type":"BreadcrumbList","@id":"https:\/\/www.guerini.it\/index.php\/prodotto\/verso-la-fine-del-mondo\/#breadcrumb","itemListElement":[{"@type":"ListItem","position":1,"name":"Home","item":"https:\/\/www.guerini.it\/"},{"@type":"ListItem","position":2,"name":"Catalogo","item":"https:\/\/www.guerini.it\/index.php\/negozio\/"},{"@type":"ListItem","position":3,"name":"Verso la fine del mondo"}]},{"@type":"WebSite","@id":"https:\/\/www.guerini.it\/#website","url":"https:\/\/www.guerini.it\/","name":"Guerini e Associati","description":"30 anni di libri, idee e libert\u00e0","publisher":{"@id":"https:\/\/www.guerini.it\/#organization"},"potentialAction":[{"@type":"SearchAction","target":{"@type":"EntryPoint","urlTemplate":"https:\/\/www.guerini.it\/?s={search_term_string}"},"query-input":{"@type":"PropertyValueSpecification","valueRequired":true,"valueName":"search_term_string"}}],"inLanguage":"it-IT"},{"@type":"Organization","@id":"https:\/\/www.guerini.it\/#organization","name":"Guerini e Associati","url":"https:\/\/www.guerini.it\/","logo":{"@type":"ImageObject","inLanguage":"it-IT","@id":"https:\/\/www.guerini.it\/#\/schema\/logo\/image\/","url":"https:\/\/www.guerini.it\/wp-content\/uploads\/2021\/03\/Logo-Guerini-OK_-e1615831292285.png","contentUrl":"https:\/\/www.guerini.it\/wp-content\/uploads\/2021\/03\/Logo-Guerini-OK_-e1615831292285.png","width":2805,"height":1870,"caption":"Guerini e Associati"},"image":{"@id":"https:\/\/www.guerini.it\/#\/schema\/logo\/image\/"}}]}},"_links":{"self":[{"href":"https:\/\/www.guerini.it\/index.php\/wp-json\/wp\/v2\/product\/24484","targetHints":{"allow":["GET"]}}],"collection":[{"href":"https:\/\/www.guerini.it\/index.php\/wp-json\/wp\/v2\/product"}],"about":[{"href":"https:\/\/www.guerini.it\/index.php\/wp-json\/wp\/v2\/types\/product"}],"wp:featuredmedia":[{"embeddable":true,"href":"https:\/\/www.guerini.it\/index.php\/wp-json\/wp\/v2\/media\/24485"}],"wp:attachment":[{"href":"https:\/\/www.guerini.it\/index.php\/wp-json\/wp\/v2\/media?parent=24484"}],"wp:term":[{"taxonomy":"product_brand","embeddable":true,"href":"https:\/\/www.guerini.it\/index.php\/wp-json\/wp\/v2\/product_brand?post=24484"},{"taxonomy":"product_cat","embeddable":true,"href":"https:\/\/www.guerini.it\/index.php\/wp-json\/wp\/v2\/product_cat?post=24484"},{"taxonomy":"product_tag","embeddable":true,"href":"https:\/\/www.guerini.it\/index.php\/wp-json\/wp\/v2\/product_tag?post=24484"}],"curies":[{"name":"wp","href":"https:\/\/api.w.org\/{rel}","templated":true}]}}

<p style="text-align: justify;">Dalla pandemia globale e dall’aggressione russa in Ucraina al genocidio di Hamas. Quali sono i conflitti che scuotono il mondo, da cosa sono determinati, quali le forze che ne sono il motore? Verso quali scenari drammatici stiamo andando? Che cosa ne sarà della vecchia Europa? È destinata a spegnersi in silenzio, soffocata dal fumo dei conflitti che stanno facendo tremare il mondo? Unica via di speranza un ritorno alla politica «buona», ma anche a una economia regolata e a una finanza che guardi alle comunità e non al profitto del singolo individuo. Perché ciò possa avvenire, i valori dell’Occidente come la democrazia, la libertà, i diritti della persona devono essere oggi ridiscussi, ripensati e non certo rinunciati o dimenticati. Giulio Sapelli ci guida in un viaggio infernale verso un mondo che si sta sgretolando.</p>
<hr />
<p style="text-align: justify;">GIULIO SAPELLI (Torino, 1947) ha insegnato Storia economica ed Economia politica nelle università europee e delle due Americhe e ha lavorato come consulente e consigliere d’amministrazione in importanti gruppi industriali e finanziari. Nel 2020 gli è stato assegnato il Premio Fieri (<a href="https://www.fincantieri.com/it/">Fincantieri</a>) alla carriera. È presidente della <a href="https://www.confartigianato.it/noi/fondazione-germozzi/">Fondazione Germozzi</a> di Confartigianato. Tra le sue ultime pubblicazioni ricordiamo <em>Oltre il capitalismo</em> (2018), <em>Nulla è come prima</em> (2019, con Enrico Quintavalle), <em>Perché esistono le imprese e come sono fatte</em> (2019), <em>Pandemia e Resurrezione</em> (2020), <em>Nella storia mondiale</em> (2021), <em>Draghi o il caos</em> (2021, con Lodovico Festa), <em>Ucraina anno zero</em> (2022).</p>
<hr />
<p style="text-align: justify;">RASSEGNA STAMPA</p>
<p>Verso la fine del mondo su La Repubblica, p. 21, 31/03/2024</p>
<p><a href="https://formiche.net/2024/04/usa-relazioni-internazionali-libro-sapelli/#content">Il gigante riluttante Usa e la fine delle relazioni internazionali. La versione di Sapelli</a> su Formiche, 03/04/2024</p>

30 anni di libri, idee e libertà
