{"id":24566,"date":"2024-03-27T14:55:05","date_gmt":"2024-03-27T13:55:05","guid":{"rendered":"https:\/\/www.guerini.it\/?post_type=product&#038;p=24566"},"modified":"2024-12-11T16:12:36","modified_gmt":"2024-12-11T15:12:36","slug":"chi-mi-ama-mi-voti","status":"publish","type":"product","link":"https:\/\/www.guerini.it\/index.php\/prodotto\/chi-mi-ama-mi-voti\/","title":{"rendered":"Chi mi ama mi voti"},"content":{"rendered":"<p style=\"text-align: justify;\">Come comunica la politica? Quanto \u00e8 stata contaminata dal marketing? Politici leader o politici follower? Sono queste le domande a cui il libro cerca di dare una risposta tramite la voce dei protagonisti degli ultimi trent\u2019anni. Come nasce il primo manifesto di Silvio Berlusconi, l\u2019arrivo di Renzi, la rivoluzione digitale di Grillo e Casaleggio, lo scontro tra Trump e Nike sono solo alcune delle storie raccontate attraverso la testimonianza di chi le ha vissute in prima persona. Un libro di riflessioni, dialoghi e narrazioni di donne e di uomini, di brand e di politica che spesso si sovrappongono.<br \/>\nUn capitolo speciale \u00e8 dedicato alla comunicazione politica in tempo di guerra. Dialogo con Mykhailo Podolyak, consigliere del Presidente Zelensky.<\/p>\n<hr \/>\n<p style=\"text-align: justify;\"><strong>Domenico Petrolo<\/strong>, laureato in comunicazione politica, ha partecipato a diverse campagne elettorali. Dal 2015 al 2018 \u00e8 stato coordinatore della campagna 2&#215;1000 del Partito Democratico e delle attivit\u00e0 di raccolta fondi di diverse realt\u00e0 associative. Fondatore e presidente di <a href=\"https:\/\/ninainternational.it\/\">Nina<\/a>, societ\u00e0 di consulenza strategica, relazioni internazionali e advisoring per il cinema. Cresciuto a Pernocari, vive tra Roma e Firenze.<\/p>\n<p style=\"text-align: justify;\"><strong>Lorenzo Incantalupo<\/strong> \u00e8 un manager con una grande esperienza di marketing, business development e general management; ha lavorato su prodotti e servizi di grandi brand nazionali e internazionali tra cui Disney, Nintendo e <a href=\"https:\/\/www.rcsmediagroup.it\/\">RCS Mediagroup<\/a>. Ha gestito i brand MTV, Nickelodeon, Comedy Central e lanciato sul mercato italiano nuovi canali televisivi come Paramount Channel, Vh1 e Spike. Attualmente si occupa di start up e nuove tecnologie.<\/p>\n","protected":false},"excerpt":{"rendered":"<p>Come comunica la politica? Quanto \u00e8 stata contaminata dal marketing? Politici leader o politici follower? Sono queste le domande a cui il libro cerca di dare una risposta tramite la [&hellip;]<\/p>\n","protected":false},"featured_media":24567,"template":"","meta":{"_editorskit_title_hidden":false,"_editorskit_reading_time":0,"_editorskit_is_block_options_detached":false,"_editorskit_block_options_position":"{}","_monsterinsights_skip_tracking":false,"_monsterinsights_sitenote_active":false,"_monsterinsights_sitenote_note":"","_monsterinsights_sitenote_category":0},"product_brand":[],"product_cat":[6527,6528,6617],"product_tag":[8475,7514,7643],"class_list":{"0":"post-24566","1":"product","2":"type-product","3":"status-publish","4":"has-post-thumbnail","6":"product_cat-attualita","7":"product_cat-comunicazione","8":"product_cat-bc","9":"product_tag-attualita","10":"product_tag-marketing","11":"product_tag-politica","12":"pa_guerini_amazon_link-https-www-amazon-it-chi-mi-ama-voti-dp-8862509189","13":"pa_guerini_feltrinelli_link-https-www-lafeltrinelli-it-chi-mi-ama-mi-voti-libro-lorenzo-incantalupo-domenico-petrolo-e-9788862509183","14":"pa_guerini_ibs_link-https-www-ibs-it-chi-mi-ama-mi-voti-libro-lorenzo-incantalupo-domenico-petrolo-e-9788862509183","15":"pa_guerini_libruniver_link-https-www-libreriauniversitaria-it-chi-mi-ama-mi-voti-libro-9788862509183","16":"pa_guerini_mondadori_link-https-www-mondadoristore-it-chi-mi-ama-mi-voti-storie-domenico-petrolo-lorenzo-incantalupo-eai978886250918","18":"first","19":"instock","20":"sale","21":"shipping-taxable","22":"purchasable","23":"product-type-simple"},"yoast_head":"<!-- This site is optimized with the Yoast SEO plugin v25.4 - https:\/\/yoast.com\/wordpress\/plugins\/seo\/ -->\n<title>Incantalupo, Petrolo, Chi Mi Ama Mi Voti, Guerini Editore<\/title>\n<meta name=\"description\" content=\"Cosa si intende per &quot;marketing politico&quot;? Politici leader o follower? Un libro di riflessioni, dialoghi e narrazioni, di brand e di politica.\" \/>\n<meta name=\"robots\" content=\"index, follow, max-snippet:-1, max-image-preview:large, max-video-preview:-1\" \/>\n<link rel=\"canonical\" href=\"https:\/\/www.guerini.it\/index.php\/prodotto\/chi-mi-ama-mi-voti\/\" \/>\n<meta property=\"og:locale\" content=\"it_IT\" \/>\n<meta property=\"og:type\" content=\"article\" \/>\n<meta property=\"og:title\" content=\"Incantalupo, Petrolo, Chi Mi Ama Mi Voti, Guerini Editore\" \/>\n<meta property=\"og:description\" content=\"Cosa si intende per &quot;marketing politico&quot;? Politici leader o follower? Un libro di riflessioni, dialoghi e narrazioni, di brand e di politica.\" \/>\n<meta property=\"og:url\" content=\"https:\/\/www.guerini.it\/index.php\/prodotto\/chi-mi-ama-mi-voti\/\" \/>\n<meta property=\"og:site_name\" content=\"Guerini e Associati\" \/>\n<meta property=\"article:modified_time\" content=\"2024-12-11T15:12:36+00:00\" \/>\n<meta property=\"og:image\" content=\"https:\/\/www.guerini.it\/wp-content\/uploads\/2024\/03\/CHI-MI-AMA-MI-VOTI-9788862509183.webp\" \/>\n\t<meta property=\"og:image:width\" content=\"667\" \/>\n\t<meta property=\"og:image:height\" content=\"1000\" \/>\n\t<meta property=\"og:image:type\" content=\"image\/webp\" \/>\n<meta name=\"twitter:card\" content=\"summary_large_image\" \/>\n<meta name=\"twitter:label1\" content=\"Tempo di lettura stimato\" \/>\n\t<meta name=\"twitter:data1\" content=\"2 minuti\" \/>\n<!-- \/ Yoast SEO plugin. -->","yoast_head_json":{"title":"Incantalupo, Petrolo, Chi Mi Ama Mi Voti, Guerini Editore","description":"Cosa si intende per \"marketing politico\"? Politici leader o follower? Un libro di riflessioni, dialoghi e narrazioni, di brand e di politica.","robots":{"index":"index","follow":"follow","max-snippet":"max-snippet:-1","max-image-preview":"max-image-preview:large","max-video-preview":"max-video-preview:-1"},"canonical":"https:\/\/www.guerini.it\/index.php\/prodotto\/chi-mi-ama-mi-voti\/","og_locale":"it_IT","og_type":"article","og_title":"Incantalupo, Petrolo, Chi Mi Ama Mi Voti, Guerini Editore","og_description":"Cosa si intende per \"marketing politico\"? Politici leader o follower? Un libro di riflessioni, dialoghi e narrazioni, di brand e di politica.","og_url":"https:\/\/www.guerini.it\/index.php\/prodotto\/chi-mi-ama-mi-voti\/","og_site_name":"Guerini e Associati","article_modified_time":"2024-12-11T15:12:36+00:00","og_image":[{"width":667,"height":1000,"url":"https:\/\/www.guerini.it\/wp-content\/uploads\/2024\/03\/CHI-MI-AMA-MI-VOTI-9788862509183.webp","type":"image\/webp"}],"twitter_card":"summary_large_image","twitter_misc":{"Tempo di lettura stimato":"2 minuti"},"schema":{"@context":"https:\/\/schema.org","@graph":[{"@type":"WebPage","@id":"https:\/\/www.guerini.it\/index.php\/prodotto\/chi-mi-ama-mi-voti\/","url":"https:\/\/www.guerini.it\/index.php\/prodotto\/chi-mi-ama-mi-voti\/","name":"Incantalupo, Petrolo, Chi Mi Ama Mi Voti, Guerini Editore","isPartOf":{"@id":"https:\/\/www.guerini.it\/#website"},"primaryImageOfPage":{"@id":"https:\/\/www.guerini.it\/index.php\/prodotto\/chi-mi-ama-mi-voti\/#primaryimage"},"image":{"@id":"https:\/\/www.guerini.it\/index.php\/prodotto\/chi-mi-ama-mi-voti\/#primaryimage"},"thumbnailUrl":"https:\/\/www.guerini.it\/wp-content\/uploads\/2024\/03\/CHI-MI-AMA-MI-VOTI-9788862509183.webp","datePublished":"2024-03-27T13:55:05+00:00","dateModified":"2024-12-11T15:12:36+00:00","description":"Cosa si intende per \"marketing politico\"? Politici leader o follower? Un libro di riflessioni, dialoghi e narrazioni, di brand e di politica.","breadcrumb":{"@id":"https:\/\/www.guerini.it\/index.php\/prodotto\/chi-mi-ama-mi-voti\/#breadcrumb"},"inLanguage":"it-IT","potentialAction":[{"@type":"ReadAction","target":["https:\/\/www.guerini.it\/index.php\/prodotto\/chi-mi-ama-mi-voti\/"]}]},{"@type":"ImageObject","inLanguage":"it-IT","@id":"https:\/\/www.guerini.it\/index.php\/prodotto\/chi-mi-ama-mi-voti\/#primaryimage","url":"https:\/\/www.guerini.it\/wp-content\/uploads\/2024\/03\/CHI-MI-AMA-MI-VOTI-9788862509183.webp","contentUrl":"https:\/\/www.guerini.it\/wp-content\/uploads\/2024\/03\/CHI-MI-AMA-MI-VOTI-9788862509183.webp","width":667,"height":1000,"caption":"Chi mi ama mi voti, di Petrolo Domenico e Incantalupo Lorenzo, Guerini e Associati, 2024"},{"@type":"BreadcrumbList","@id":"https:\/\/www.guerini.it\/index.php\/prodotto\/chi-mi-ama-mi-voti\/#breadcrumb","itemListElement":[{"@type":"ListItem","position":1,"name":"Home","item":"https:\/\/www.guerini.it\/"},{"@type":"ListItem","position":2,"name":"Catalogo","item":"https:\/\/www.guerini.it\/index.php\/negozio\/"},{"@type":"ListItem","position":3,"name":"Chi mi ama mi voti"}]},{"@type":"WebSite","@id":"https:\/\/www.guerini.it\/#website","url":"https:\/\/www.guerini.it\/","name":"Guerini e Associati","description":"30 anni di libri, idee e libert\u00e0","publisher":{"@id":"https:\/\/www.guerini.it\/#organization"},"potentialAction":[{"@type":"SearchAction","target":{"@type":"EntryPoint","urlTemplate":"https:\/\/www.guerini.it\/?s={search_term_string}"},"query-input":{"@type":"PropertyValueSpecification","valueRequired":true,"valueName":"search_term_string"}}],"inLanguage":"it-IT"},{"@type":"Organization","@id":"https:\/\/www.guerini.it\/#organization","name":"Guerini e Associati","url":"https:\/\/www.guerini.it\/","logo":{"@type":"ImageObject","inLanguage":"it-IT","@id":"https:\/\/www.guerini.it\/#\/schema\/logo\/image\/","url":"https:\/\/www.guerini.it\/wp-content\/uploads\/2021\/03\/Logo-Guerini-OK_-e1615831292285.png","contentUrl":"https:\/\/www.guerini.it\/wp-content\/uploads\/2021\/03\/Logo-Guerini-OK_-e1615831292285.png","width":2805,"height":1870,"caption":"Guerini e Associati"},"image":{"@id":"https:\/\/www.guerini.it\/#\/schema\/logo\/image\/"}}]}},"_links":{"self":[{"href":"https:\/\/www.guerini.it\/index.php\/wp-json\/wp\/v2\/product\/24566","targetHints":{"allow":["GET"]}}],"collection":[{"href":"https:\/\/www.guerini.it\/index.php\/wp-json\/wp\/v2\/product"}],"about":[{"href":"https:\/\/www.guerini.it\/index.php\/wp-json\/wp\/v2\/types\/product"}],"wp:featuredmedia":[{"embeddable":true,"href":"https:\/\/www.guerini.it\/index.php\/wp-json\/wp\/v2\/media\/24567"}],"wp:attachment":[{"href":"https:\/\/www.guerini.it\/index.php\/wp-json\/wp\/v2\/media?parent=24566"}],"wp:term":[{"taxonomy":"product_brand","embeddable":true,"href":"https:\/\/www.guerini.it\/index.php\/wp-json\/wp\/v2\/product_brand?post=24566"},{"taxonomy":"product_cat","embeddable":true,"href":"https:\/\/www.guerini.it\/index.php\/wp-json\/wp\/v2\/product_cat?post=24566"},{"taxonomy":"product_tag","embeddable":true,"href":"https:\/\/www.guerini.it\/index.php\/wp-json\/wp\/v2\/product_tag?post=24566"}],"curies":[{"name":"wp","href":"https:\/\/api.w.org\/{rel}","templated":true}]}}