{"id":24581,"date":"2024-04-12T15:06:53","date_gmt":"2024-04-12T13:06:53","guid":{"rendered":"https:\/\/www.guerini.it\/?post_type=product&#038;p=24581"},"modified":"2024-06-09T20:26:20","modified_gmt":"2024-06-09T18:26:20","slug":"come-siamo-diventati-stupidi","status":"publish","type":"product","link":"https:\/\/www.guerini.it\/index.php\/prodotto\/come-siamo-diventati-stupidi\/","title":{"rendered":"Come siamo diventati stupidi"},"content":{"rendered":"<p style=\"text-align: justify;\">Che siamo diventati tutti stupidi non oseremo dirlo. Sarebbe il colmo del politicamente scorretto. Diremo allora che, negli ultimi decenni, il principale vettore dell\u2019intelligenza \u2013 un pensiero critico basato su un sapere solido, aperto e antidogmatico \u2013 \u00e8 diventato merce sempre pi\u00f9 rara tra i cittadini delle nostre societ\u00e0 industrializzate, persino tra coloro che hanno conseguito una laurea. E se fosse proprio il \u00abpoliticamente corretto\u00bb, con i suoi annessi e connessi, ad aver contribuito a offuscare la nostra intelligenza? Insieme a Internet \u00e8 tra i principali sospettati. Dal 2004 si \u00e8 verificata un\u2019inversione di tendenza, dopo un secolo di ascesa, del celebre \u00abeffetto Flynn\u00bb che misura l\u2019intelligenza. Che cosa \u00e8 successo? Mentre in rete si accentuano polarizzazione, tribalismo e esibizionismo morale, nelle universit\u00e0 americane, con riverberi su quelle nostrane, censori di destra e di sinistra si contendono il terreno. A farne le spese \u00e8 ci\u00f2 che di pi\u00f9 prezioso ci ha regalato la civilt\u00e0: il liberalismo politico e la capacit\u00e0 di elaborare un pensiero autonomo.<\/p>\n<hr \/>\n<p style=\"text-align: center;\"><strong><em>&#8220;Noi, cittadini delle moderne societ\u00e0<\/em><\/strong><br \/>\n<strong><em>democratiche, siamo davvero diventati stupidi?<\/em><\/strong><br \/>\n<strong><em>Sono ormai in molti a crederlo<\/em><\/strong><br \/>\n<strong><em>e le evidenze non sembrano mancare.<\/em><\/strong><br \/>\n<strong><em>Il titolo di questo libro sembra addirittura<\/em><\/strong><br \/>\n<strong><em>darlo per scontato, e se lo avete tra le dita<\/em><\/strong><br \/>\n<strong><em>\u00e8 forse perch\u00e9 anche voi condividete questa<\/em><\/strong><br \/>\n<strong><em>(invero iperbolica e volutamente un po\u2019<\/em><\/strong><br \/>\n<strong><em>qualunquistica) affermazione.&#8221;<\/em><\/strong><\/p>\n<hr \/>\n<p style=\"text-align: justify;\"><strong>Armando Massarenti<\/strong>, caporedattore de <a href=\"https:\/\/www.ilsole24ore.com\/\">Il Sole 24 Ore<\/a>, giornalista culturale e filosofo della scienza, ha scritto molti libri e vinto numerosi premi, tra cui il premio filosofico Castiglioncello (nel 2007 con Il lancio del nano) e il premio nazionale per la divulgazione scientifica del <a href=\"https:\/\/www.cnr.it\/\">Cnr<\/a> (nel 2021 con <em>La pandemia dei dati<\/em>, scritto con Antonietta Mira). \u00c8 membro del comitato scientifico per il Museo educativo sulla moneta e l\u2019economia della Banca d\u2019Italia. Il tema del pensiero critico \u00e8 uno dei leitmotiv dei suoi libri, tra cui <em>Il filosofo tascabile<\/em> (2009), <em>Dizionario delle idee non comuni<\/em> (2010), <em>Istruzioni per rendersi felici<\/em> (2014), <em>Metti l\u2019amore sopra ogni cosa. Una filosofia per star bene con gli altri<\/em> (2017). Con Paolo Legrenzi ha scritto <em>La buona logica. Imparare a pensare<\/em> (2015) e <em>L\u2019economia nella mente<\/em> (2016).<\/p>\n","protected":false},"excerpt":{"rendered":"<p>Che siamo diventati tutti stupidi non oseremo dirlo. Sarebbe il colmo del politicamente scorretto. Diremo allora che, negli ultimi decenni, il principale vettore dell\u2019intelligenza \u2013 un pensiero critico basato su [&hellip;]<\/p>\n","protected":false},"featured_media":24583,"template":"","meta":{"_editorskit_title_hidden":false,"_editorskit_reading_time":0,"_editorskit_is_block_options_detached":false,"_editorskit_block_options_position":"{}","_monsterinsights_skip_tracking":false,"_monsterinsights_sitenote_active":false,"_monsterinsights_sitenote_note":"","_monsterinsights_sitenote_category":0},"product_brand":[],"product_cat":[6728,6585],"product_tag":[11599,11600,11602,11601],"class_list":{"0":"post-24581","1":"product","2":"type-product","3":"status-publish","4":"has-post-thumbnail","6":"product_cat-ultime_novita","7":"product_cat-sma","8":"product_tag-cancel-culture","9":"product_tag-censura","10":"product_tag-effetto-flynn","11":"product_tag-politicamente-corretto","12":"pa_guerini_amazon_link-https-www-amazon-it-siamo-diventati-stupidi-armando-massarenti-dp-8862509103","13":"pa_guerini_feltrinelli_link-https-www-lafeltrinelli-it-come-siamo-diventati-stupidi-modesta-libro-armando-massarenti-e-9788862509107","14":"pa_guerini_ibs_link-https-www-ibs-it-come-siamo-diventati-stupidi-modesta-libro-armando-massarenti-e-9788862509107","15":"pa_guerini_libruniver_link-https-www-libreriauniversitaria-it-siamo-diventati-stupidi-modesta-proposta-libro-9788862509107","16":"pa_guerini_mondadori_link-https-www-mondadoristore-it-come-siamo-diventati-stupidi-armando-massarenti-eai978886250910","18":"first","19":"instock","20":"sale","21":"shipping-taxable","22":"purchasable","23":"product-type-simple"},"yoast_head":"<!-- This site is optimized with the Yoast SEO plugin v25.4 - https:\/\/yoast.com\/wordpress\/plugins\/seo\/ -->\n<title>Come siamo diventati stupidi, Armando Massarenti, Guerini Editore<\/title>\n<meta name=\"description\" content=\"E se fosse proprio il \u00abpoliticamente corretto\u00bb, con i suoi annessi e connessi, ad aver contribuito a offuscare la nostra intelligenza?\" \/>\n<meta name=\"robots\" content=\"index, follow, max-snippet:-1, max-image-preview:large, max-video-preview:-1\" \/>\n<link rel=\"canonical\" href=\"https:\/\/www.guerini.it\/index.php\/prodotto\/come-siamo-diventati-stupidi\/\" \/>\n<meta property=\"og:locale\" content=\"it_IT\" \/>\n<meta property=\"og:type\" content=\"article\" \/>\n<meta property=\"og:title\" content=\"Come siamo diventati stupidi, Armando Massarenti, Guerini Editore\" \/>\n<meta property=\"og:description\" content=\"E se fosse proprio il \u00abpoliticamente corretto\u00bb, con i suoi annessi e connessi, ad aver contribuito a offuscare la nostra intelligenza?\" \/>\n<meta property=\"og:url\" content=\"https:\/\/www.guerini.it\/index.php\/prodotto\/come-siamo-diventati-stupidi\/\" \/>\n<meta property=\"og:site_name\" content=\"Guerini e Associati\" \/>\n<meta property=\"article:modified_time\" content=\"2024-06-09T18:26:20+00:00\" \/>\n<meta property=\"og:image\" content=\"https:\/\/www.guerini.it\/wp-content\/uploads\/2024\/04\/COME-SIAMO-DIVENTATI-STUPIDI-9788862509107.webp\" \/>\n\t<meta property=\"og:image:width\" content=\"667\" \/>\n\t<meta property=\"og:image:height\" content=\"1000\" \/>\n\t<meta property=\"og:image:type\" content=\"image\/webp\" \/>\n<meta name=\"twitter:card\" content=\"summary_large_image\" \/>\n<meta name=\"twitter:label1\" content=\"Tempo di lettura stimato\" \/>\n\t<meta name=\"twitter:data1\" content=\"3 minuti\" \/>\n<!-- \/ Yoast SEO plugin. -->","yoast_head_json":{"title":"Come siamo diventati stupidi, Armando Massarenti, Guerini Editore","description":"E se fosse proprio il \u00abpoliticamente corretto\u00bb, con i suoi annessi e connessi, ad aver contribuito a offuscare la nostra intelligenza?","robots":{"index":"index","follow":"follow","max-snippet":"max-snippet:-1","max-image-preview":"max-image-preview:large","max-video-preview":"max-video-preview:-1"},"canonical":"https:\/\/www.guerini.it\/index.php\/prodotto\/come-siamo-diventati-stupidi\/","og_locale":"it_IT","og_type":"article","og_title":"Come siamo diventati stupidi, Armando Massarenti, Guerini Editore","og_description":"E se fosse proprio il \u00abpoliticamente corretto\u00bb, con i suoi annessi e connessi, ad aver contribuito a offuscare la nostra intelligenza?","og_url":"https:\/\/www.guerini.it\/index.php\/prodotto\/come-siamo-diventati-stupidi\/","og_site_name":"Guerini e Associati","article_modified_time":"2024-06-09T18:26:20+00:00","og_image":[{"width":667,"height":1000,"url":"https:\/\/www.guerini.it\/wp-content\/uploads\/2024\/04\/COME-SIAMO-DIVENTATI-STUPIDI-9788862509107.webp","type":"image\/webp"}],"twitter_card":"summary_large_image","twitter_misc":{"Tempo di lettura stimato":"3 minuti"},"schema":{"@context":"https:\/\/schema.org","@graph":[{"@type":"WebPage","@id":"https:\/\/www.guerini.it\/index.php\/prodotto\/come-siamo-diventati-stupidi\/","url":"https:\/\/www.guerini.it\/index.php\/prodotto\/come-siamo-diventati-stupidi\/","name":"Come siamo diventati stupidi, Armando Massarenti, Guerini Editore","isPartOf":{"@id":"https:\/\/www.guerini.it\/#website"},"primaryImageOfPage":{"@id":"https:\/\/www.guerini.it\/index.php\/prodotto\/come-siamo-diventati-stupidi\/#primaryimage"},"image":{"@id":"https:\/\/www.guerini.it\/index.php\/prodotto\/come-siamo-diventati-stupidi\/#primaryimage"},"thumbnailUrl":"https:\/\/www.guerini.it\/wp-content\/uploads\/2024\/04\/COME-SIAMO-DIVENTATI-STUPIDI-9788862509107.webp","datePublished":"2024-04-12T13:06:53+00:00","dateModified":"2024-06-09T18:26:20+00:00","description":"E se fosse proprio il \u00abpoliticamente corretto\u00bb, con i suoi annessi e connessi, ad aver contribuito a offuscare la nostra intelligenza?","breadcrumb":{"@id":"https:\/\/www.guerini.it\/index.php\/prodotto\/come-siamo-diventati-stupidi\/#breadcrumb"},"inLanguage":"it-IT","potentialAction":[{"@type":"ReadAction","target":["https:\/\/www.guerini.it\/index.php\/prodotto\/come-siamo-diventati-stupidi\/"]}]},{"@type":"ImageObject","inLanguage":"it-IT","@id":"https:\/\/www.guerini.it\/index.php\/prodotto\/come-siamo-diventati-stupidi\/#primaryimage","url":"https:\/\/www.guerini.it\/wp-content\/uploads\/2024\/04\/COME-SIAMO-DIVENTATI-STUPIDI-9788862509107.webp","contentUrl":"https:\/\/www.guerini.it\/wp-content\/uploads\/2024\/04\/COME-SIAMO-DIVENTATI-STUPIDI-9788862509107.webp","width":667,"height":1000,"caption":"Cover di: Come siamo diventati stupidi, Massarenti Armando, Guerini e Associati 2024"},{"@type":"BreadcrumbList","@id":"https:\/\/www.guerini.it\/index.php\/prodotto\/come-siamo-diventati-stupidi\/#breadcrumb","itemListElement":[{"@type":"ListItem","position":1,"name":"Home","item":"https:\/\/www.guerini.it\/"},{"@type":"ListItem","position":2,"name":"Catalogo","item":"https:\/\/www.guerini.it\/index.php\/negozio\/"},{"@type":"ListItem","position":3,"name":"Come siamo diventati stupidi"}]},{"@type":"WebSite","@id":"https:\/\/www.guerini.it\/#website","url":"https:\/\/www.guerini.it\/","name":"Guerini e Associati","description":"30 anni di libri, idee e libert\u00e0","publisher":{"@id":"https:\/\/www.guerini.it\/#organization"},"potentialAction":[{"@type":"SearchAction","target":{"@type":"EntryPoint","urlTemplate":"https:\/\/www.guerini.it\/?s={search_term_string}"},"query-input":{"@type":"PropertyValueSpecification","valueRequired":true,"valueName":"search_term_string"}}],"inLanguage":"it-IT"},{"@type":"Organization","@id":"https:\/\/www.guerini.it\/#organization","name":"Guerini e Associati","url":"https:\/\/www.guerini.it\/","logo":{"@type":"ImageObject","inLanguage":"it-IT","@id":"https:\/\/www.guerini.it\/#\/schema\/logo\/image\/","url":"https:\/\/www.guerini.it\/wp-content\/uploads\/2021\/03\/Logo-Guerini-OK_-e1615831292285.png","contentUrl":"https:\/\/www.guerini.it\/wp-content\/uploads\/2021\/03\/Logo-Guerini-OK_-e1615831292285.png","width":2805,"height":1870,"caption":"Guerini e Associati"},"image":{"@id":"https:\/\/www.guerini.it\/#\/schema\/logo\/image\/"}}]}},"_links":{"self":[{"href":"https:\/\/www.guerini.it\/index.php\/wp-json\/wp\/v2\/product\/24581","targetHints":{"allow":["GET"]}}],"collection":[{"href":"https:\/\/www.guerini.it\/index.php\/wp-json\/wp\/v2\/product"}],"about":[{"href":"https:\/\/www.guerini.it\/index.php\/wp-json\/wp\/v2\/types\/product"}],"wp:featuredmedia":[{"embeddable":true,"href":"https:\/\/www.guerini.it\/index.php\/wp-json\/wp\/v2\/media\/24583"}],"wp:attachment":[{"href":"https:\/\/www.guerini.it\/index.php\/wp-json\/wp\/v2\/media?parent=24581"}],"wp:term":[{"taxonomy":"product_brand","embeddable":true,"href":"https:\/\/www.guerini.it\/index.php\/wp-json\/wp\/v2\/product_brand?post=24581"},{"taxonomy":"product_cat","embeddable":true,"href":"https:\/\/www.guerini.it\/index.php\/wp-json\/wp\/v2\/product_cat?post=24581"},{"taxonomy":"product_tag","embeddable":true,"href":"https:\/\/www.guerini.it\/index.php\/wp-json\/wp\/v2\/product_tag?post=24581"}],"curies":[{"name":"wp","href":"https:\/\/api.w.org\/{rel}","templated":true}]}}

<p style="text-align: justify;">Che siamo diventati tutti stupidi non oseremo dirlo. Sarebbe il colmo del politicamente scorretto. Diremo allora che, negli ultimi decenni, il principale vettore dell’intelligenza – un pensiero critico basato su un sapere solido, aperto e antidogmatico – è diventato merce sempre più rara tra i cittadini delle nostre società industrializzate, persino tra coloro che hanno conseguito una laurea. E se fosse proprio il «politicamente corretto», con i suoi annessi e connessi, ad aver contribuito a offuscare la nostra intelligenza? Insieme a Internet è tra i principali sospettati. Dal 2004 si è verificata un’inversione di tendenza, dopo un secolo di ascesa, del celebre «effetto Flynn» che misura l’intelligenza. Che cosa è successo? Mentre in rete si accentuano polarizzazione, tribalismo e esibizionismo morale, nelle università americane, con riverberi su quelle nostrane, censori di destra e di sinistra si contendono il terreno. A farne le spese è ciò che di più prezioso ci ha regalato la civiltà: il liberalismo politico e la capacità di elaborare un pensiero autonomo.</p>
<hr />
<p style="text-align: center;"><strong><em>&#8220;Noi, cittadini delle moderne società</em></strong><br />
<strong><em>democratiche, siamo davvero diventati stupidi?</em></strong><br />
<strong><em>Sono ormai in molti a crederlo</em></strong><br />
<strong><em>e le evidenze non sembrano mancare.</em></strong><br />
<strong><em>Il titolo di questo libro sembra addirittura</em></strong><br />
<strong><em>darlo per scontato, e se lo avete tra le dita</em></strong><br />
<strong><em>è forse perché anche voi condividete questa</em></strong><br />
<strong><em>(invero iperbolica e volutamente un po’</em></strong><br />
<strong><em>qualunquistica) affermazione.&#8221;</em></strong></p>
<hr />
<p style="text-align: justify;"><strong>Armando Massarenti</strong>, caporedattore de <a href="https://www.ilsole24ore.com/">Il Sole 24 Ore</a>, giornalista culturale e filosofo della scienza, ha scritto molti libri e vinto numerosi premi, tra cui il premio filosofico Castiglioncello (nel 2007 con Il lancio del nano) e il premio nazionale per la divulgazione scientifica del <a href="https://www.cnr.it/">Cnr</a> (nel 2021 con <em>La pandemia dei dati</em>, scritto con Antonietta Mira). È membro del comitato scientifico per il Museo educativo sulla moneta e l’economia della Banca d’Italia. Il tema del pensiero critico è uno dei leitmotiv dei suoi libri, tra cui <em>Il filosofo tascabile</em> (2009), <em>Dizionario delle idee non comuni</em> (2010), <em>Istruzioni per rendersi felici</em> (2014), <em>Metti l’amore sopra ogni cosa. Una filosofia per star bene con gli altri</em> (2017). Con Paolo Legrenzi ha scritto <em>La buona logica. Imparare a pensare</em> (2015) e <em>L’economia nella mente</em> (2016).</p>

30 anni di libri, idee e libertà
