{"id":24606,"date":"2024-04-24T17:08:21","date_gmt":"2024-04-24T15:08:21","guid":{"rendered":"https:\/\/www.guerini.it\/?post_type=product&#038;p=24606"},"modified":"2024-06-09T20:26:21","modified_gmt":"2024-06-09T18:26:21","slug":"il-brand-nellera-never-normal","status":"publish","type":"product","link":"https:\/\/www.guerini.it\/index.php\/prodotto\/il-brand-nellera-never-normal\/","title":{"rendered":"Il brand nell&#8217;era never normal"},"content":{"rendered":"<p style=\"text-align: justify;\">In un tempo segnato dal cambiamento incessante e dalla complessit\u00e0 crescente, i brand si trovano di fronte a una sfida straordinaria: trasformare la propria identit\u00e0 in modo profondo e in chiave sostenibile. In palio c\u2019\u00e8 la loro stessa sopravvivenza. In questo senso il brand management tradizionale non \u00e8 pi\u00f9 sufficiente. Bisogna incarnare quello in cui si crede, nei fatti e nelle narrazioni: come farlo al meglio? Quali strade si chiudono, quali prospettive si aprono?<br \/>\nOggi pi\u00f9 che mai \u00e8 necessario un punto di vista strategico e valoriale sul marketing e sulla comunicazione. Per arrivarci bisogna ripensare alla nostra stessa idea di futuro.<\/p>\n<hr \/>\n<p style=\"text-align: justify;\"><strong>Fabrizio Iaconetti<\/strong>, impegnato nel campo dell\u2019innovazione e del cambiamento organizzativo, \u00e8 esperto in marketing e comunicazione ad alto impatto sociale. Ha fondato la societ\u00e0 di brand advisory <a href=\"https:\/\/www.ebadvisory.eu\/societa-benefit\/\">EBA<\/a> ed \u00e8 senior partner presso <a href=\"https:\/\/www.diluccia.com\/it\">Di Luccia &amp; Partners Executive Search<\/a>. Collabora con la SDA Bocconi a vario titolo dal 1990 per l\u2019ideazione e implementazione di numerosi progetti. Ha pubblicato per i nostri tipi <em>Il marketing della politica<\/em> e <em>Tutto ruota<\/em>, con Luciano Canova.<\/p>\n<p style=\"text-align: justify;\"><strong>Daniele Tranchini<\/strong>, laureato in marketing negli Stati Uniti, ha lavorato a lungo nel <a href=\"https:\/\/www.wpp.com\/\">Gruppo WPP<\/a> in Italia e all\u2019estero ed \u00e8 stato amministratore delegato di J. Walter Thompson Italia e Presidente dell\u2019area Mediterranea dell\u2019Agenzia. Dopo un periodo come direttore commerciale WW del <a href=\"https:\/\/www.natuzzi.com\/it\/it\/natuzzi-italia\">Gruppo Natuzzi<\/a>, \u00e8 stato vice presidente <em>international<\/em> di Y&amp;R a Madrid. Ha poi passato un lustro nel Gruppo Publicis, prima come amministratore delegato di Publicis Italia e poi come managing director e <em>global business director<\/em> di Leo Burnett Torino. \u00c8 stato anche CEO del Gruppo La Fabbrica. Con Fabrizio Iaconetti ha fondato <a href=\"https:\/\/www.ebadvisory.eu\/societa-benefit\/\">EBA<\/a>.<\/p>\n<p style=\"text-align: justify;\"><strong>Con i contributi di<\/strong> Remo Lucchi, Giorgio Di Tullio, Marco Giorgino, Nicole Romanelli, Roberto Buizza, Lorenzo Allevi, Giulia Belpoliti, Luciano Pirovano, Rosario Sica, Daniele Demartini, Lucilla Bottecchia, Francesca Benini, Ernesto Ciorra, Jos\u00e8 D\u2019Alessandro, Roberta Cocco, Memo Mormina, Giorgia Ortolani, Alessandro Balossini Volpe, Chiara Occulti, Margherita Ferrario, Nicolas Bargi, Filippo Colnaghi e Francesco Gemelli.<\/p>\n","protected":false},"excerpt":{"rendered":"<p>In un tempo segnato dal cambiamento incessante e dalla complessit\u00e0 crescente, i brand si trovano di fronte a una sfida straordinaria: trasformare la propria identit\u00e0 in modo profondo e in [&hellip;]<\/p>\n","protected":false},"featured_media":24601,"template":"","meta":{"_editorskit_title_hidden":false,"_editorskit_reading_time":0,"_editorskit_is_block_options_detached":false,"_editorskit_block_options_position":"{}","_monsterinsights_skip_tracking":false,"_monsterinsights_sitenote_active":false,"_monsterinsights_sitenote_note":"","_monsterinsights_sitenote_category":0},"product_brand":[],"product_cat":[6805],"product_tag":[11636,11634,6745,7514,11635,6754],"class_list":{"0":"post-24606","1":"product","2":"type-product","3":"status-publish","4":"has-post-thumbnail","6":"product_cat-guerini-next","7":"product_tag-brand-activism","8":"product_tag-employer-branding","9":"product_tag-innovazione","10":"product_tag-marketing","11":"product_tag-societa-benefit","12":"product_tag-sostenibilita","13":"pa_guerini_amazon_link-https-www-amazon-it-brand-nellera-never-normal-dp-8868965232","14":"pa_guerini_feltrinelli_link-https-www-lafeltrinelli-it-brand-nell-era-never-normal-libro-vari-e-9788868965235","15":"pa_guerini_ibs_link-https-www-ibs-it-brand-nell-era-never-normal-libro-vari-e-9788868965235","16":"pa_guerini_libruniver_link-https-www-libreriauniversitaria-it-brand-era-never-normal-raccolta-libro-9788868965235","17":"pa_guerini_mondadori_link-https-www-mondadoristore-it-brand-nell-era-never-normal-na-eai978886896523","19":"first","20":"instock","21":"sale","22":"shipping-taxable","23":"purchasable","24":"product-type-simple"},"yoast_head":"<!-- This site is optimized with the Yoast SEO plugin v25.4 - https:\/\/yoast.com\/wordpress\/plugins\/seo\/ -->\n<title>Iaconetti, Tranchini, Il brand nell&#039;era never normal - Guerini Editore<\/title>\n<meta name=\"description\" content=\"I brand si trovano di fronte a una sfida per la loro stessa sopravvivenza: trasformare la propria identit\u00e0 in modo profondo e in chiave sostenibile.\" \/>\n<meta name=\"robots\" content=\"index, follow, max-snippet:-1, max-image-preview:large, max-video-preview:-1\" \/>\n<link rel=\"canonical\" href=\"https:\/\/www.guerini.it\/index.php\/prodotto\/il-brand-nellera-never-normal\/\" \/>\n<meta property=\"og:locale\" content=\"it_IT\" \/>\n<meta property=\"og:type\" content=\"article\" \/>\n<meta property=\"og:title\" content=\"Iaconetti, Tranchini, Il brand nell&#039;era never normal - Guerini Editore\" \/>\n<meta property=\"og:description\" content=\"I brand si trovano di fronte a una sfida per la loro stessa sopravvivenza: trasformare la propria identit\u00e0 in modo profondo e in chiave sostenibile.\" \/>\n<meta property=\"og:url\" content=\"https:\/\/www.guerini.it\/index.php\/prodotto\/il-brand-nellera-never-normal\/\" \/>\n<meta property=\"og:site_name\" content=\"Guerini e Associati\" \/>\n<meta property=\"article:modified_time\" content=\"2024-06-09T18:26:21+00:00\" \/>\n<meta property=\"og:image\" content=\"https:\/\/www.guerini.it\/wp-content\/uploads\/2024\/04\/IL-BRAND-NELLERA-DEL-NEVER-NORMAL-9788868965235.webp\" \/>\n\t<meta property=\"og:image:width\" content=\"643\" \/>\n\t<meta property=\"og:image:height\" content=\"1000\" \/>\n\t<meta property=\"og:image:type\" content=\"image\/webp\" \/>\n<meta name=\"twitter:card\" content=\"summary_large_image\" \/>\n<meta name=\"twitter:label1\" content=\"Tempo di lettura stimato\" \/>\n\t<meta name=\"twitter:data1\" content=\"2 minuti\" \/>\n<!-- \/ Yoast SEO plugin. -->","yoast_head_json":{"title":"Iaconetti, Tranchini, Il brand nell'era never normal - Guerini Editore","description":"I brand si trovano di fronte a una sfida per la loro stessa sopravvivenza: trasformare la propria identit\u00e0 in modo profondo e in chiave sostenibile.","robots":{"index":"index","follow":"follow","max-snippet":"max-snippet:-1","max-image-preview":"max-image-preview:large","max-video-preview":"max-video-preview:-1"},"canonical":"https:\/\/www.guerini.it\/index.php\/prodotto\/il-brand-nellera-never-normal\/","og_locale":"it_IT","og_type":"article","og_title":"Iaconetti, Tranchini, Il brand nell'era never normal - Guerini Editore","og_description":"I brand si trovano di fronte a una sfida per la loro stessa sopravvivenza: trasformare la propria identit\u00e0 in modo profondo e in chiave sostenibile.","og_url":"https:\/\/www.guerini.it\/index.php\/prodotto\/il-brand-nellera-never-normal\/","og_site_name":"Guerini e Associati","article_modified_time":"2024-06-09T18:26:21+00:00","og_image":[{"width":643,"height":1000,"url":"https:\/\/www.guerini.it\/wp-content\/uploads\/2024\/04\/IL-BRAND-NELLERA-DEL-NEVER-NORMAL-9788868965235.webp","type":"image\/webp"}],"twitter_card":"summary_large_image","twitter_misc":{"Tempo di lettura stimato":"2 minuti"},"schema":{"@context":"https:\/\/schema.org","@graph":[{"@type":"WebPage","@id":"https:\/\/www.guerini.it\/index.php\/prodotto\/il-brand-nellera-never-normal\/","url":"https:\/\/www.guerini.it\/index.php\/prodotto\/il-brand-nellera-never-normal\/","name":"Iaconetti, Tranchini, Il brand nell'era never normal - Guerini Editore","isPartOf":{"@id":"https:\/\/www.guerini.it\/#website"},"primaryImageOfPage":{"@id":"https:\/\/www.guerini.it\/index.php\/prodotto\/il-brand-nellera-never-normal\/#primaryimage"},"image":{"@id":"https:\/\/www.guerini.it\/index.php\/prodotto\/il-brand-nellera-never-normal\/#primaryimage"},"thumbnailUrl":"https:\/\/www.guerini.it\/wp-content\/uploads\/2024\/04\/IL-BRAND-NELLERA-DEL-NEVER-NORMAL-9788868965235.webp","datePublished":"2024-04-24T15:08:21+00:00","dateModified":"2024-06-09T18:26:21+00:00","description":"I brand si trovano di fronte a una sfida per la loro stessa sopravvivenza: trasformare la propria identit\u00e0 in modo profondo e in chiave sostenibile.","breadcrumb":{"@id":"https:\/\/www.guerini.it\/index.php\/prodotto\/il-brand-nellera-never-normal\/#breadcrumb"},"inLanguage":"it-IT","potentialAction":[{"@type":"ReadAction","target":["https:\/\/www.guerini.it\/index.php\/prodotto\/il-brand-nellera-never-normal\/"]}]},{"@type":"ImageObject","inLanguage":"it-IT","@id":"https:\/\/www.guerini.it\/index.php\/prodotto\/il-brand-nellera-never-normal\/#primaryimage","url":"https:\/\/www.guerini.it\/wp-content\/uploads\/2024\/04\/IL-BRAND-NELLERA-DEL-NEVER-NORMAL-9788868965235.webp","contentUrl":"https:\/\/www.guerini.it\/wp-content\/uploads\/2024\/04\/IL-BRAND-NELLERA-DEL-NEVER-NORMAL-9788868965235.webp","width":643,"height":1000,"caption":"Front cover di: A cura di Fabrizio Iaconetti e Daniele Tranchini, Il brand nell'era never normal, GueriniNext, 2024"},{"@type":"BreadcrumbList","@id":"https:\/\/www.guerini.it\/index.php\/prodotto\/il-brand-nellera-never-normal\/#breadcrumb","itemListElement":[{"@type":"ListItem","position":1,"name":"Home","item":"https:\/\/www.guerini.it\/"},{"@type":"ListItem","position":2,"name":"Catalogo","item":"https:\/\/www.guerini.it\/index.php\/negozio\/"},{"@type":"ListItem","position":3,"name":"Il brand nell&#8217;era never normal"}]},{"@type":"WebSite","@id":"https:\/\/www.guerini.it\/#website","url":"https:\/\/www.guerini.it\/","name":"Guerini e Associati","description":"30 anni di libri, idee e libert\u00e0","publisher":{"@id":"https:\/\/www.guerini.it\/#organization"},"potentialAction":[{"@type":"SearchAction","target":{"@type":"EntryPoint","urlTemplate":"https:\/\/www.guerini.it\/?s={search_term_string}"},"query-input":{"@type":"PropertyValueSpecification","valueRequired":true,"valueName":"search_term_string"}}],"inLanguage":"it-IT"},{"@type":"Organization","@id":"https:\/\/www.guerini.it\/#organization","name":"Guerini e Associati","url":"https:\/\/www.guerini.it\/","logo":{"@type":"ImageObject","inLanguage":"it-IT","@id":"https:\/\/www.guerini.it\/#\/schema\/logo\/image\/","url":"https:\/\/www.guerini.it\/wp-content\/uploads\/2021\/03\/Logo-Guerini-OK_-e1615831292285.png","contentUrl":"https:\/\/www.guerini.it\/wp-content\/uploads\/2021\/03\/Logo-Guerini-OK_-e1615831292285.png","width":2805,"height":1870,"caption":"Guerini e Associati"},"image":{"@id":"https:\/\/www.guerini.it\/#\/schema\/logo\/image\/"}}]}},"_links":{"self":[{"href":"https:\/\/www.guerini.it\/index.php\/wp-json\/wp\/v2\/product\/24606","targetHints":{"allow":["GET"]}}],"collection":[{"href":"https:\/\/www.guerini.it\/index.php\/wp-json\/wp\/v2\/product"}],"about":[{"href":"https:\/\/www.guerini.it\/index.php\/wp-json\/wp\/v2\/types\/product"}],"wp:featuredmedia":[{"embeddable":true,"href":"https:\/\/www.guerini.it\/index.php\/wp-json\/wp\/v2\/media\/24601"}],"wp:attachment":[{"href":"https:\/\/www.guerini.it\/index.php\/wp-json\/wp\/v2\/media?parent=24606"}],"wp:term":[{"taxonomy":"product_brand","embeddable":true,"href":"https:\/\/www.guerini.it\/index.php\/wp-json\/wp\/v2\/product_brand?post=24606"},{"taxonomy":"product_cat","embeddable":true,"href":"https:\/\/www.guerini.it\/index.php\/wp-json\/wp\/v2\/product_cat?post=24606"},{"taxonomy":"product_tag","embeddable":true,"href":"https:\/\/www.guerini.it\/index.php\/wp-json\/wp\/v2\/product_tag?post=24606"}],"curies":[{"name":"wp","href":"https:\/\/api.w.org\/{rel}","templated":true}]}}

<p style="text-align: justify;">In un tempo segnato dal cambiamento incessante e dalla complessità crescente, i brand si trovano di fronte a una sfida straordinaria: trasformare la propria identità in modo profondo e in chiave sostenibile. In palio c’è la loro stessa sopravvivenza. In questo senso il brand management tradizionale non è più sufficiente. Bisogna incarnare quello in cui si crede, nei fatti e nelle narrazioni: come farlo al meglio? Quali strade si chiudono, quali prospettive si aprono?<br />
Oggi più che mai è necessario un punto di vista strategico e valoriale sul marketing e sulla comunicazione. Per arrivarci bisogna ripensare alla nostra stessa idea di futuro.</p>
<hr />
<p style="text-align: justify;"><strong>Fabrizio Iaconetti</strong>, impegnato nel campo dell’innovazione e del cambiamento organizzativo, è esperto in marketing e comunicazione ad alto impatto sociale. Ha fondato la società di brand advisory <a href="https://www.ebadvisory.eu/societa-benefit/">EBA</a> ed è senior partner presso <a href="https://www.diluccia.com/it">Di Luccia &amp; Partners Executive Search</a>. Collabora con la SDA Bocconi a vario titolo dal 1990 per l’ideazione e implementazione di numerosi progetti. Ha pubblicato per i nostri tipi <em>Il marketing della politica</em> e <em>Tutto ruota</em>, con Luciano Canova.</p>
<p style="text-align: justify;"><strong>Daniele Tranchini</strong>, laureato in marketing negli Stati Uniti, ha lavorato a lungo nel <a href="https://www.wpp.com/">Gruppo WPP</a> in Italia e all’estero ed è stato amministratore delegato di J. Walter Thompson Italia e Presidente dell’area Mediterranea dell’Agenzia. Dopo un periodo come direttore commerciale WW del <a href="https://www.natuzzi.com/it/it/natuzzi-italia">Gruppo Natuzzi</a>, è stato vice presidente <em>international</em> di Y&amp;R a Madrid. Ha poi passato un lustro nel Gruppo Publicis, prima come amministratore delegato di Publicis Italia e poi come managing director e <em>global business director</em> di Leo Burnett Torino. È stato anche CEO del Gruppo La Fabbrica. Con Fabrizio Iaconetti ha fondato <a href="https://www.ebadvisory.eu/societa-benefit/">EBA</a>.</p>
<p style="text-align: justify;"><strong>Con i contributi di</strong> Remo Lucchi, Giorgio Di Tullio, Marco Giorgino, Nicole Romanelli, Roberto Buizza, Lorenzo Allevi, Giulia Belpoliti, Luciano Pirovano, Rosario Sica, Daniele Demartini, Lucilla Bottecchia, Francesca Benini, Ernesto Ciorra, Josè D’Alessandro, Roberta Cocco, Memo Mormina, Giorgia Ortolani, Alessandro Balossini Volpe, Chiara Occulti, Margherita Ferrario, Nicolas Bargi, Filippo Colnaghi e Francesco Gemelli.</p>

<p>In un tempo segnato dal cambiamento incessante e dalla complessità crescente, i brand si trovano di fronte a una sfida straordinaria: trasformare la propria identità in modo profondo e in [&hellip;]</p>

<!-- This site is optimized with the Yoast SEO plugin v25.4 - https://yoast.com/wordpress/plugins/seo/ -->
<title>Iaconetti, Tranchini, Il brand nell&#039;era never normal - Guerini Editore</title>
<meta name="description" content="I brand si trovano di fronte a una sfida per la loro stessa sopravvivenza: trasformare la propria identità in modo profondo e in chiave sostenibile." />
<meta name="robots" content="index, follow, max-snippet:-1, max-image-preview:large, max-video-preview:-1" />
<link rel="canonical" href="https://www.guerini.it/index.php/prodotto/il-brand-nellera-never-normal/" />
<meta property="og:locale" content="it_IT" />
<meta property="og:type" content="article" />
<meta property="og:title" content="Iaconetti, Tranchini, Il brand nell&#039;era never normal - Guerini Editore" />
<meta property="og:description" content="I brand si trovano di fronte a una sfida per la loro stessa sopravvivenza: trasformare la propria identità in modo profondo e in chiave sostenibile." />
<meta property="og:url" content="https://www.guerini.it/index.php/prodotto/il-brand-nellera-never-normal/" />
<meta property="og:site_name" content="Guerini e Associati" />
<meta property="article:modified_time" content="2024-06-09T18:26:21+00:00" />
<meta property="og:image" content="https://www.guerini.it/wp-content/uploads/2024/04/IL-BRAND-NELLERA-DEL-NEVER-NORMAL-9788868965235.webp" />
	<meta property="og:image:width" content="643" />
	<meta property="og:image:height" content="1000" />
	<meta property="og:image:type" content="image/webp" />
<meta name="twitter:card" content="summary_large_image" />
<meta name="twitter:label1" content="Tempo di lettura stimato" />
	<meta name="twitter:data1" content="2 minuti" />
<!-- / Yoast SEO plugin. -->

I brand si trovano di fronte a una sfida per la loro stessa sopravvivenza: trasformare la propria identità in modo profondo e in chiave sostenibile.

30 anni di libri, idee e libertà
