{"id":24639,"date":"2024-05-13T16:03:45","date_gmt":"2024-05-13T14:03:45","guid":{"rendered":"https:\/\/www.guerini.it\/?post_type=product&#038;p=24639"},"modified":"2024-07-26T09:13:47","modified_gmt":"2024-07-26T07:13:47","slug":"il-lavoro-vivente","status":"publish","type":"product","link":"https:\/\/www.guerini.it\/index.php\/prodotto\/il-lavoro-vivente\/","title":{"rendered":"Il lavoro vivente"},"content":{"rendered":"<p style=\"text-align: justify;\">\u00c8 in corso una grande rivoluzione: la richiesta di vita in ambito lavorativo e organizzativo. Questo libro presenta un modo radicalmente alternativo di pensare e vivere il tempo di lavoro. \u00c8 una guida che sa toccare la mente e lo spirito di chi, libero da dogmatismi o preconcetti, vuole dare rinnovata energia alla sua vita e un senso alla sua impresa. Con oltre 100 riflessioni ed esercitazioni che chiamano in causa direttamente la vita e il lavoro del lettore, \u00e8 un percorso trasformativo in quattro tappe: comprendere il grande errore del lavoro devitalizzato ed evitare le trappole che impediscono il cambiamento; immergersi nel lavoro della vita e interiorizzare le sue dinamiche; applicare i principi della vita al proprio modo di lavorare; lasciarsi ispirare da chi si \u00e8 gi\u00e0 incamminato sulla strada del lavoro riconciliato con la vita.<br \/>\nUn percorso tutto da scoprire, accompagnato dai casi <a href=\"https:\/\/palm.it\/\">PALM<\/a>, <a href=\"https:\/\/www.suncityitalia.com\/\">SunCity<\/a>, <a href=\"https:\/\/www.a2a.it\/casa\/a2a-easy?fnt=gadwords&amp;dfnt=brandtolp&amp;utm_medium=cpc&amp;utm_source=google&amp;utm_campaign=01012024_a2aeasy_31122024&amp;utm_content=AO&amp;gad_source=1&amp;gclid=CjwKCAjw9IayBhBJEiwAVuc3fmXiN_WrhVMx1eovhmExg0L5WtJd-Dv3XUu9yZLd6qA5jvFo4CdGMRoCnRwQAvD_BwE&amp;gclsrc=aw.ds\">A2A<\/a>, <a href=\"https:\/\/www.tec-eurolab.com\/\">TEC Eurolab<\/a>, Netcity e <a href=\"https:\/\/www.fasternet.it\/\">Fasternet<\/a>.<\/p>\n<hr \/>\n<p style=\"text-align: justify;\"><strong>Alberto Peretti<\/strong> \u00e8 filosofo del lavoro, formatore, ricercatore e counselor filosofico. Ha alle spalle una lunga esperienza come docente e consulente, in particolare sulle questioni dell\u2019etica del lavoro, dell\u2019impresa e del lavoro a matrice italiana, della riconciliazione di lavoro e vita. Ha fondato la societ\u00e0 di consulenza Genius Faber. Dirige la Scuola di Spiritualit\u00e0 Attiva e conduce i Corsi di Alta Formazione in Spiritualit\u00e0 del Lavoro e in Biolavoro\u00ae e Bioimpresa\u00ae. \u00c8 autore di numerose pubblicazioni sui temi di una nuova cultura del lavoro e d\u2019impresa.<\/p>\n","protected":false},"excerpt":{"rendered":"<p>\u00c8 in corso una grande rivoluzione: la richiesta di vita in ambito lavorativo e organizzativo. Questo libro presenta un modo radicalmente alternativo di pensare e vivere il tempo di lavoro. [&hellip;]<\/p>\n","protected":false},"featured_media":24641,"template":"","meta":{"_editorskit_title_hidden":false,"_editorskit_reading_time":0,"_editorskit_is_block_options_detached":false,"_editorskit_block_options_position":"{}","_monsterinsights_skip_tracking":false,"_monsterinsights_sitenote_active":false,"_monsterinsights_sitenote_note":"","_monsterinsights_sitenote_category":0},"product_brand":[],"product_cat":[6805],"product_tag":[7341,6803,6817,11671],"class_list":{"0":"post-24639","1":"product","2":"type-product","3":"status-publish","4":"has-post-thumbnail","6":"product_cat-guerini-next","7":"product_tag-lavoro","8":"product_tag-management","9":"product_tag-organizzazioni","10":"product_tag-rivoluzione-aziendale","11":"pa_guerini_amazon_link-https-www-amazon-it-lavoro-vivente-alberto-peretti-dp-8868965429","12":"pa_guerini_feltrinelli_link-https-www-lafeltrinelli-it-lavoro-vivente-dare-vita-al-libro-alberto-peretti-e-9788868965426","13":"pa_guerini_ibs_link-https-www-ibs-it-lavoro-vivente-dare-vita-al-libro-alberto-peretti-e-9788868965426","14":"pa_guerini_libruniver_link-https-www-libreriauniversitaria-it-lavoro-vivente-dare-vita-lavoro-libro-9788868965426","15":"pa_guerini_mondadori_link-https-www-mondadoristore-it-il-lavoro-vivente-alberto-peretti-eai978886896542-_gl1qhoj2j_upmq-gclideaiaiqobchmi5qro8pwnhgmvdgutbh1lew4eeaayasaaegkg7fd_bwegclsrcaw-ds","17":"first","18":"instock","19":"sale","20":"shipping-taxable","21":"purchasable","22":"product-type-simple"},"yoast_head":"<!-- This site is optimized with the Yoast SEO plugin v25.4 - https:\/\/yoast.com\/wordpress\/plugins\/seo\/ -->\n<title>Il lavoro vivente, Alberto Peretti, Guerini Editore<\/title>\n<meta name=\"description\" content=\"\u00c8 in corso una rivoluzione: la richiesta di vita in ambito lavorativo e organizzativo. Come pensare a un modo alternativo di vivere il tempo di lavoro?\" \/>\n<meta name=\"robots\" content=\"index, follow, max-snippet:-1, max-image-preview:large, max-video-preview:-1\" \/>\n<link rel=\"canonical\" href=\"https:\/\/www.guerini.it\/index.php\/prodotto\/il-lavoro-vivente\/\" \/>\n<meta property=\"og:locale\" content=\"it_IT\" \/>\n<meta property=\"og:type\" content=\"article\" \/>\n<meta property=\"og:title\" content=\"Il lavoro vivente, Alberto Peretti, Guerini Editore\" \/>\n<meta property=\"og:description\" content=\"\u00c8 in corso una rivoluzione: la richiesta di vita in ambito lavorativo e organizzativo. Come pensare a un modo alternativo di vivere il tempo di lavoro?\" \/>\n<meta property=\"og:url\" content=\"https:\/\/www.guerini.it\/index.php\/prodotto\/il-lavoro-vivente\/\" \/>\n<meta property=\"og:site_name\" content=\"Guerini e Associati\" \/>\n<meta property=\"article:modified_time\" content=\"2024-07-26T07:13:47+00:00\" \/>\n<meta property=\"og:image\" content=\"https:\/\/www.guerini.it\/wp-content\/uploads\/2024\/05\/LAVORO-VIVENTE-9788868965426.webp\" \/>\n\t<meta property=\"og:image:width\" content=\"643\" \/>\n\t<meta property=\"og:image:height\" content=\"1000\" \/>\n\t<meta property=\"og:image:type\" content=\"image\/webp\" \/>\n<meta name=\"twitter:card\" content=\"summary_large_image\" \/>\n<meta name=\"twitter:label1\" content=\"Tempo di lettura stimato\" \/>\n\t<meta name=\"twitter:data1\" content=\"2 minuti\" \/>\n<!-- \/ Yoast SEO plugin. -->","yoast_head_json":{"title":"Il lavoro vivente, Alberto Peretti, Guerini Editore","description":"\u00c8 in corso una rivoluzione: la richiesta di vita in ambito lavorativo e organizzativo. Come pensare a un modo alternativo di vivere il tempo di lavoro?","robots":{"index":"index","follow":"follow","max-snippet":"max-snippet:-1","max-image-preview":"max-image-preview:large","max-video-preview":"max-video-preview:-1"},"canonical":"https:\/\/www.guerini.it\/index.php\/prodotto\/il-lavoro-vivente\/","og_locale":"it_IT","og_type":"article","og_title":"Il lavoro vivente, Alberto Peretti, Guerini Editore","og_description":"\u00c8 in corso una rivoluzione: la richiesta di vita in ambito lavorativo e organizzativo. Come pensare a un modo alternativo di vivere il tempo di lavoro?","og_url":"https:\/\/www.guerini.it\/index.php\/prodotto\/il-lavoro-vivente\/","og_site_name":"Guerini e Associati","article_modified_time":"2024-07-26T07:13:47+00:00","og_image":[{"width":643,"height":1000,"url":"https:\/\/www.guerini.it\/wp-content\/uploads\/2024\/05\/LAVORO-VIVENTE-9788868965426.webp","type":"image\/webp"}],"twitter_card":"summary_large_image","twitter_misc":{"Tempo di lettura stimato":"2 minuti"},"schema":{"@context":"https:\/\/schema.org","@graph":[{"@type":"WebPage","@id":"https:\/\/www.guerini.it\/index.php\/prodotto\/il-lavoro-vivente\/","url":"https:\/\/www.guerini.it\/index.php\/prodotto\/il-lavoro-vivente\/","name":"Il lavoro vivente, Alberto Peretti, Guerini Editore","isPartOf":{"@id":"https:\/\/www.guerini.it\/#website"},"primaryImageOfPage":{"@id":"https:\/\/www.guerini.it\/index.php\/prodotto\/il-lavoro-vivente\/#primaryimage"},"image":{"@id":"https:\/\/www.guerini.it\/index.php\/prodotto\/il-lavoro-vivente\/#primaryimage"},"thumbnailUrl":"https:\/\/www.guerini.it\/wp-content\/uploads\/2024\/05\/LAVORO-VIVENTE-9788868965426.webp","datePublished":"2024-05-13T14:03:45+00:00","dateModified":"2024-07-26T07:13:47+00:00","description":"\u00c8 in corso una rivoluzione: la richiesta di vita in ambito lavorativo e organizzativo. Come pensare a un modo alternativo di vivere il tempo di lavoro?","breadcrumb":{"@id":"https:\/\/www.guerini.it\/index.php\/prodotto\/il-lavoro-vivente\/#breadcrumb"},"inLanguage":"it-IT","potentialAction":[{"@type":"ReadAction","target":["https:\/\/www.guerini.it\/index.php\/prodotto\/il-lavoro-vivente\/"]}]},{"@type":"ImageObject","inLanguage":"it-IT","@id":"https:\/\/www.guerini.it\/index.php\/prodotto\/il-lavoro-vivente\/#primaryimage","url":"https:\/\/www.guerini.it\/wp-content\/uploads\/2024\/05\/LAVORO-VIVENTE-9788868965426.webp","contentUrl":"https:\/\/www.guerini.it\/wp-content\/uploads\/2024\/05\/LAVORO-VIVENTE-9788868965426.webp","width":643,"height":1000,"caption":"Il lavoro vivente, Alberto Peretti, Guerini Next 2024"},{"@type":"BreadcrumbList","@id":"https:\/\/www.guerini.it\/index.php\/prodotto\/il-lavoro-vivente\/#breadcrumb","itemListElement":[{"@type":"ListItem","position":1,"name":"Home","item":"https:\/\/www.guerini.it\/"},{"@type":"ListItem","position":2,"name":"Catalogo","item":"https:\/\/www.guerini.it\/index.php\/negozio\/"},{"@type":"ListItem","position":3,"name":"Il lavoro vivente"}]},{"@type":"WebSite","@id":"https:\/\/www.guerini.it\/#website","url":"https:\/\/www.guerini.it\/","name":"Guerini e Associati","description":"30 anni di libri, idee e libert\u00e0","publisher":{"@id":"https:\/\/www.guerini.it\/#organization"},"potentialAction":[{"@type":"SearchAction","target":{"@type":"EntryPoint","urlTemplate":"https:\/\/www.guerini.it\/?s={search_term_string}"},"query-input":{"@type":"PropertyValueSpecification","valueRequired":true,"valueName":"search_term_string"}}],"inLanguage":"it-IT"},{"@type":"Organization","@id":"https:\/\/www.guerini.it\/#organization","name":"Guerini e Associati","url":"https:\/\/www.guerini.it\/","logo":{"@type":"ImageObject","inLanguage":"it-IT","@id":"https:\/\/www.guerini.it\/#\/schema\/logo\/image\/","url":"https:\/\/www.guerini.it\/wp-content\/uploads\/2021\/03\/Logo-Guerini-OK_-e1615831292285.png","contentUrl":"https:\/\/www.guerini.it\/wp-content\/uploads\/2021\/03\/Logo-Guerini-OK_-e1615831292285.png","width":2805,"height":1870,"caption":"Guerini e Associati"},"image":{"@id":"https:\/\/www.guerini.it\/#\/schema\/logo\/image\/"}}]}},"_links":{"self":[{"href":"https:\/\/www.guerini.it\/index.php\/wp-json\/wp\/v2\/product\/24639","targetHints":{"allow":["GET"]}}],"collection":[{"href":"https:\/\/www.guerini.it\/index.php\/wp-json\/wp\/v2\/product"}],"about":[{"href":"https:\/\/www.guerini.it\/index.php\/wp-json\/wp\/v2\/types\/product"}],"wp:featuredmedia":[{"embeddable":true,"href":"https:\/\/www.guerini.it\/index.php\/wp-json\/wp\/v2\/media\/24641"}],"wp:attachment":[{"href":"https:\/\/www.guerini.it\/index.php\/wp-json\/wp\/v2\/media?parent=24639"}],"wp:term":[{"taxonomy":"product_brand","embeddable":true,"href":"https:\/\/www.guerini.it\/index.php\/wp-json\/wp\/v2\/product_brand?post=24639"},{"taxonomy":"product_cat","embeddable":true,"href":"https:\/\/www.guerini.it\/index.php\/wp-json\/wp\/v2\/product_cat?post=24639"},{"taxonomy":"product_tag","embeddable":true,"href":"https:\/\/www.guerini.it\/index.php\/wp-json\/wp\/v2\/product_tag?post=24639"}],"curies":[{"name":"wp","href":"https:\/\/api.w.org\/{rel}","templated":true}]}}

<p style="text-align: justify;">È in corso una grande rivoluzione: la richiesta di vita in ambito lavorativo e organizzativo. Questo libro presenta un modo radicalmente alternativo di pensare e vivere il tempo di lavoro. È una guida che sa toccare la mente e lo spirito di chi, libero da dogmatismi o preconcetti, vuole dare rinnovata energia alla sua vita e un senso alla sua impresa. Con oltre 100 riflessioni ed esercitazioni che chiamano in causa direttamente la vita e il lavoro del lettore, è un percorso trasformativo in quattro tappe: comprendere il grande errore del lavoro devitalizzato ed evitare le trappole che impediscono il cambiamento; immergersi nel lavoro della vita e interiorizzare le sue dinamiche; applicare i principi della vita al proprio modo di lavorare; lasciarsi ispirare da chi si è già incamminato sulla strada del lavoro riconciliato con la vita.<br />
Un percorso tutto da scoprire, accompagnato dai casi <a href="https://palm.it/">PALM</a>, <a href="https://www.suncityitalia.com/">SunCity</a>, <a href="https://www.a2a.it/casa/a2a-easy?fnt=gadwords&amp;dfnt=brandtolp&amp;utm_medium=cpc&amp;utm_source=google&amp;utm_campaign=01012024_a2aeasy_31122024&amp;utm_content=AO&amp;gad_source=1&amp;gclid=CjwKCAjw9IayBhBJEiwAVuc3fmXiN_WrhVMx1eovhmExg0L5WtJd-Dv3XUu9yZLd6qA5jvFo4CdGMRoCnRwQAvD_BwE&amp;gclsrc=aw.ds">A2A</a>, <a href="https://www.tec-eurolab.com/">TEC Eurolab</a>, Netcity e <a href="https://www.fasternet.it/">Fasternet</a>.</p>
<hr />
<p style="text-align: justify;"><strong>Alberto Peretti</strong> è filosofo del lavoro, formatore, ricercatore e counselor filosofico. Ha alle spalle una lunga esperienza come docente e consulente, in particolare sulle questioni dell’etica del lavoro, dell’impresa e del lavoro a matrice italiana, della riconciliazione di lavoro e vita. Ha fondato la società di consulenza Genius Faber. Dirige la Scuola di Spiritualità Attiva e conduce i Corsi di Alta Formazione in Spiritualità del Lavoro e in Biolavoro® e Bioimpresa®. È autore di numerose pubblicazioni sui temi di una nuova cultura del lavoro e d’impresa.</p>

<p>È in corso una grande rivoluzione: la richiesta di vita in ambito lavorativo e organizzativo. Questo libro presenta un modo radicalmente alternativo di pensare e vivere il tempo di lavoro. [&hellip;]</p>

<!-- This site is optimized with the Yoast SEO plugin v25.4 - https://yoast.com/wordpress/plugins/seo/ -->
<title>Il lavoro vivente, Alberto Peretti, Guerini Editore</title>
<meta name="description" content="È in corso una rivoluzione: la richiesta di vita in ambito lavorativo e organizzativo. Come pensare a un modo alternativo di vivere il tempo di lavoro?" />
<meta name="robots" content="index, follow, max-snippet:-1, max-image-preview:large, max-video-preview:-1" />
<link rel="canonical" href="https://www.guerini.it/index.php/prodotto/il-lavoro-vivente/" />
<meta property="og:locale" content="it_IT" />
<meta property="og:type" content="article" />
<meta property="og:title" content="Il lavoro vivente, Alberto Peretti, Guerini Editore" />
<meta property="og:description" content="È in corso una rivoluzione: la richiesta di vita in ambito lavorativo e organizzativo. Come pensare a un modo alternativo di vivere il tempo di lavoro?" />
<meta property="og:url" content="https://www.guerini.it/index.php/prodotto/il-lavoro-vivente/" />
<meta property="og:site_name" content="Guerini e Associati" />
<meta property="article:modified_time" content="2024-07-26T07:13:47+00:00" />
<meta property="og:image" content="https://www.guerini.it/wp-content/uploads/2024/05/LAVORO-VIVENTE-9788868965426.webp" />
	<meta property="og:image:width" content="643" />
	<meta property="og:image:height" content="1000" />
	<meta property="og:image:type" content="image/webp" />
<meta name="twitter:card" content="summary_large_image" />
<meta name="twitter:label1" content="Tempo di lettura stimato" />
	<meta name="twitter:data1" content="2 minuti" />
<!-- / Yoast SEO plugin. -->

È in corso una rivoluzione: la richiesta di vita in ambito lavorativo e organizzativo. Come pensare a un modo alternativo di vivere il tempo di lavoro?

30 anni di libri, idee e libertà
