{"id":24643,"date":"2024-05-14T14:58:17","date_gmt":"2024-05-14T12:58:17","guid":{"rendered":"https:\/\/www.guerini.it\/?post_type=product&#038;p=24643"},"modified":"2025-03-27T10:16:20","modified_gmt":"2025-03-27T09:16:20","slug":"il-mondo-ha-perso-la-bussola","status":"publish","type":"product","link":"https:\/\/www.guerini.it\/index.php\/prodotto\/il-mondo-ha-perso-la-bussola\/","title":{"rendered":"Il mondo ha perso la bussola"},"content":{"rendered":"<p style=\"text-align: justify;\">L\u2019antifragilit\u00e0 \u00e8 una caratteristica che dovremmo riscoprire, a livello non solo personale ma anche politico.<br \/>\n\u00c8 la caratteristica per cui un sistema complesso come l\u2019economia \u2013 a fronte di squilibri inattesi, caotici, tipici di quando \u00absi perde la bussola\u00bb \u2013 riesce ad apportare adattamenti, a individuare le cause delle crisi e a volgere in positivo ci\u00f2 che sta accadendo. Un sistema antifragile migliora quando \u00e8 esposto a sfide: \u00e8 la scommessa del nostro mondo postglobale.<\/p>\n<hr \/>\n<p style=\"text-align: justify;\"><strong>Mario Deaglio<\/strong>, professore emerito di Economia internazionale presso l\u2019Universit\u00e0 di Torino, \u00e8 opinionista de <a href=\"https:\/\/www.lastampa.it\/\">La Stampa<\/a>.<br \/>\n<strong>Giorgio Arfaras<\/strong>, direttore della Lettera Economica del Centro Einaudi dal 2009 al 2020, collabora a numerose testate di economia e finanza.<br \/>\n<strong>Angela De Martiis<\/strong>, ricercatrice post-doc all\u2019<a href=\"https:\/\/www.ifm.unibe.ch\/\">Institute for Financial Management dell\u2019Universit\u00e0 di Berna<\/a> dal 2019 al 2021 ed economista\/policy advisor all\u2019<a href=\"https:\/\/www.dt.mef.gov.it\/it\/attivita_istituzionali\/rapporti_finanziari_internazionali\/organismi_internazionali\/ocse\/\">OCSE<\/a> di Parigi dal 2022 al 2023, collabora con il Centro Einaudi dal 2012.<br \/>\n<strong>Giuseppina De Santis<\/strong>, direttore del <a href=\"https:\/\/www.centroeinaudi.it\/\">Centro Einaudi<\/a> dal 2001 al 2014 e assessore alle Attivit\u00e0 Produttive, Ricerca e Innovazione della Regione Piemonte dal 2014 al 2019, si occupa di analisi della pubblica opinione e di politica italiana.<br \/>\n<strong>Ivan Lagrosa<\/strong>, PHD student in Economics presso il CEMFI di Madrid, collabora con il Centro Einaudi dal 2016.<br \/>\n<strong>Paolo Migliavacca<\/strong>, giornalista, ha collaborato a varie testate. \u00c8 stato caposervizio e curatore della pagina Esteri, edizione del luned\u00ec, de <a href=\"https:\/\/www.ilsole24ore.com\/\">Il Sole 24 Ore<\/a>.<br \/>\n<strong>Giuseppe Russo<\/strong>, economista professionista, \u00e8 direttore del Centro Einaudi dal 2014.<\/p>\n","protected":false},"excerpt":{"rendered":"<p>L\u2019antifragilit\u00e0 \u00e8 una caratteristica che dovremmo riscoprire, a livello non solo personale ma anche politico. \u00c8 la caratteristica per cui un sistema complesso come l\u2019economia \u2013 a fronte di squilibri [&hellip;]<\/p>\n","protected":false},"featured_media":24645,"template":"","meta":{"_editorskit_title_hidden":false,"_editorskit_reading_time":0,"_editorskit_is_block_options_detached":false,"_editorskit_block_options_position":"{}","_monsterinsights_skip_tracking":false,"_monsterinsights_sitenote_active":false,"_monsterinsights_sitenote_note":"","_monsterinsights_sitenote_category":0},"product_brand":[],"product_cat":[6728,6527,6539,6680],"product_tag":[7049,7325,7396,8223,11672,7643],"class_list":{"0":"post-24643","1":"product","2":"type-product","3":"status-publish","4":"has-post-thumbnail","6":"product_cat-ultime_novita","7":"product_cat-attualita","8":"product_cat-storia-e-geografia","9":"product_cat-ce","10":"product_tag-capitalismo","11":"product_tag-geopolitica","12":"product_tag-globalizzazione","13":"product_tag-guerra","14":"product_tag-mercati","15":"product_tag-politica","16":"pa_guerini_amazon_link-https-www-amazon-it-mondo-ha-perso-bussola-dp-8862509162","17":"pa_guerini_feltrinelli_link-https-www-lafeltrinelli-it-mondo-ha-perso-bussola-libro-vari-e-9788862509169","18":"pa_guerini_ibs_link-https-www-ibs-it-mondo-ha-perso-bussola-libro-vari-e-9788862509169","19":"pa_guerini_libruniver_link-https-www-libreriauniversitaria-it-mondo-ha-perso-bussola-guerini-libro-9788862509169","20":"pa_guerini_mondadori_link-https-www-mondadoristore-it-il-mondo-ha-perso-la-bussola-na-eai978886250916","22":"first","23":"instock","24":"sale","25":"shipping-taxable","26":"purchasable","27":"product-type-simple"},"yoast_head":"<!-- This site is optimized with the Yoast SEO plugin v25.4 - https:\/\/yoast.com\/wordpress\/plugins\/seo\/ -->\n<title>Il mondo ha perso la bussola, Mario Deaglio, Guerini Editore, 2024<\/title>\n<meta name=\"description\" content=\"Come un sistema complesso come l\u2019economia riesce ad apportare adattamenti, e a volgere in positivo ci\u00f2 che sta accadendo, quando si perde la bussola?\" \/>\n<meta name=\"robots\" content=\"index, follow, max-snippet:-1, max-image-preview:large, max-video-preview:-1\" \/>\n<link rel=\"canonical\" href=\"https:\/\/www.guerini.it\/index.php\/prodotto\/il-mondo-ha-perso-la-bussola\/\" \/>\n<meta property=\"og:locale\" content=\"it_IT\" \/>\n<meta property=\"og:type\" content=\"article\" \/>\n<meta property=\"og:title\" content=\"Il mondo ha perso la bussola, Mario Deaglio, Guerini Editore, 2024\" \/>\n<meta property=\"og:description\" content=\"Come un sistema complesso come l\u2019economia riesce ad apportare adattamenti, e a volgere in positivo ci\u00f2 che sta accadendo, quando si perde la bussola?\" \/>\n<meta property=\"og:url\" content=\"https:\/\/www.guerini.it\/index.php\/prodotto\/il-mondo-ha-perso-la-bussola\/\" \/>\n<meta property=\"og:site_name\" content=\"Guerini e Associati\" \/>\n<meta property=\"article:modified_time\" content=\"2025-03-27T09:16:20+00:00\" \/>\n<meta property=\"og:image\" content=\"https:\/\/www.guerini.it\/wp-content\/uploads\/2024\/05\/MONDO-HA-PERSO-LA-BUSSOA-9788862509169.webp\" \/>\n\t<meta property=\"og:image:width\" content=\"643\" \/>\n\t<meta property=\"og:image:height\" content=\"1000\" \/>\n\t<meta property=\"og:image:type\" content=\"image\/webp\" \/>\n<meta name=\"twitter:card\" content=\"summary_large_image\" \/>\n<meta name=\"twitter:label1\" content=\"Tempo di lettura stimato\" \/>\n\t<meta name=\"twitter:data1\" content=\"2 minuti\" \/>\n<!-- \/ Yoast SEO plugin. -->","yoast_head_json":{"title":"Il mondo ha perso la bussola, Mario Deaglio, Guerini Editore, 2024","description":"Come un sistema complesso come l\u2019economia riesce ad apportare adattamenti, e a volgere in positivo ci\u00f2 che sta accadendo, quando si perde la bussola?","robots":{"index":"index","follow":"follow","max-snippet":"max-snippet:-1","max-image-preview":"max-image-preview:large","max-video-preview":"max-video-preview:-1"},"canonical":"https:\/\/www.guerini.it\/index.php\/prodotto\/il-mondo-ha-perso-la-bussola\/","og_locale":"it_IT","og_type":"article","og_title":"Il mondo ha perso la bussola, Mario Deaglio, Guerini Editore, 2024","og_description":"Come un sistema complesso come l\u2019economia riesce ad apportare adattamenti, e a volgere in positivo ci\u00f2 che sta accadendo, quando si perde la bussola?","og_url":"https:\/\/www.guerini.it\/index.php\/prodotto\/il-mondo-ha-perso-la-bussola\/","og_site_name":"Guerini e Associati","article_modified_time":"2025-03-27T09:16:20+00:00","og_image":[{"width":643,"height":1000,"url":"https:\/\/www.guerini.it\/wp-content\/uploads\/2024\/05\/MONDO-HA-PERSO-LA-BUSSOA-9788862509169.webp","type":"image\/webp"}],"twitter_card":"summary_large_image","twitter_misc":{"Tempo di lettura stimato":"2 minuti"},"schema":{"@context":"https:\/\/schema.org","@graph":[{"@type":"WebPage","@id":"https:\/\/www.guerini.it\/index.php\/prodotto\/il-mondo-ha-perso-la-bussola\/","url":"https:\/\/www.guerini.it\/index.php\/prodotto\/il-mondo-ha-perso-la-bussola\/","name":"Il mondo ha perso la bussola, Mario Deaglio, Guerini Editore, 2024","isPartOf":{"@id":"https:\/\/www.guerini.it\/#website"},"primaryImageOfPage":{"@id":"https:\/\/www.guerini.it\/index.php\/prodotto\/il-mondo-ha-perso-la-bussola\/#primaryimage"},"image":{"@id":"https:\/\/www.guerini.it\/index.php\/prodotto\/il-mondo-ha-perso-la-bussola\/#primaryimage"},"thumbnailUrl":"https:\/\/www.guerini.it\/wp-content\/uploads\/2024\/05\/MONDO-HA-PERSO-LA-BUSSOA-9788862509169.webp","datePublished":"2024-05-14T12:58:17+00:00","dateModified":"2025-03-27T09:16:20+00:00","description":"Come un sistema complesso come l\u2019economia riesce ad apportare adattamenti, e a volgere in positivo ci\u00f2 che sta accadendo, quando si perde la bussola?","breadcrumb":{"@id":"https:\/\/www.guerini.it\/index.php\/prodotto\/il-mondo-ha-perso-la-bussola\/#breadcrumb"},"inLanguage":"it-IT","potentialAction":[{"@type":"ReadAction","target":["https:\/\/www.guerini.it\/index.php\/prodotto\/il-mondo-ha-perso-la-bussola\/"]}]},{"@type":"ImageObject","inLanguage":"it-IT","@id":"https:\/\/www.guerini.it\/index.php\/prodotto\/il-mondo-ha-perso-la-bussola\/#primaryimage","url":"https:\/\/www.guerini.it\/wp-content\/uploads\/2024\/05\/MONDO-HA-PERSO-LA-BUSSOA-9788862509169.webp","contentUrl":"https:\/\/www.guerini.it\/wp-content\/uploads\/2024\/05\/MONDO-HA-PERSO-LA-BUSSOA-9788862509169.webp","width":643,"height":1000,"caption":"Il mondo ha perso la bussola, a cura Mario Deaglio, Guerini e Associati 2024"},{"@type":"BreadcrumbList","@id":"https:\/\/www.guerini.it\/index.php\/prodotto\/il-mondo-ha-perso-la-bussola\/#breadcrumb","itemListElement":[{"@type":"ListItem","position":1,"name":"Home","item":"https:\/\/www.guerini.it\/"},{"@type":"ListItem","position":2,"name":"Catalogo","item":"https:\/\/www.guerini.it\/index.php\/negozio\/"},{"@type":"ListItem","position":3,"name":"Il mondo ha perso la bussola"}]},{"@type":"WebSite","@id":"https:\/\/www.guerini.it\/#website","url":"https:\/\/www.guerini.it\/","name":"Guerini e Associati","description":"30 anni di libri, idee e libert\u00e0","publisher":{"@id":"https:\/\/www.guerini.it\/#organization"},"potentialAction":[{"@type":"SearchAction","target":{"@type":"EntryPoint","urlTemplate":"https:\/\/www.guerini.it\/?s={search_term_string}"},"query-input":{"@type":"PropertyValueSpecification","valueRequired":true,"valueName":"search_term_string"}}],"inLanguage":"it-IT"},{"@type":"Organization","@id":"https:\/\/www.guerini.it\/#organization","name":"Guerini e Associati","url":"https:\/\/www.guerini.it\/","logo":{"@type":"ImageObject","inLanguage":"it-IT","@id":"https:\/\/www.guerini.it\/#\/schema\/logo\/image\/","url":"https:\/\/www.guerini.it\/wp-content\/uploads\/2021\/03\/Logo-Guerini-OK_-e1615831292285.png","contentUrl":"https:\/\/www.guerini.it\/wp-content\/uploads\/2021\/03\/Logo-Guerini-OK_-e1615831292285.png","width":2805,"height":1870,"caption":"Guerini e Associati"},"image":{"@id":"https:\/\/www.guerini.it\/#\/schema\/logo\/image\/"}}]}},"_links":{"self":[{"href":"https:\/\/www.guerini.it\/index.php\/wp-json\/wp\/v2\/product\/24643","targetHints":{"allow":["GET"]}}],"collection":[{"href":"https:\/\/www.guerini.it\/index.php\/wp-json\/wp\/v2\/product"}],"about":[{"href":"https:\/\/www.guerini.it\/index.php\/wp-json\/wp\/v2\/types\/product"}],"wp:featuredmedia":[{"embeddable":true,"href":"https:\/\/www.guerini.it\/index.php\/wp-json\/wp\/v2\/media\/24645"}],"wp:attachment":[{"href":"https:\/\/www.guerini.it\/index.php\/wp-json\/wp\/v2\/media?parent=24643"}],"wp:term":[{"taxonomy":"product_brand","embeddable":true,"href":"https:\/\/www.guerini.it\/index.php\/wp-json\/wp\/v2\/product_brand?post=24643"},{"taxonomy":"product_cat","embeddable":true,"href":"https:\/\/www.guerini.it\/index.php\/wp-json\/wp\/v2\/product_cat?post=24643"},{"taxonomy":"product_tag","embeddable":true,"href":"https:\/\/www.guerini.it\/index.php\/wp-json\/wp\/v2\/product_tag?post=24643"}],"curies":[{"name":"wp","href":"https:\/\/api.w.org\/{rel}","templated":true}]}}

<p style="text-align: justify;">L’antifragilità è una caratteristica che dovremmo riscoprire, a livello non solo personale ma anche politico.<br />
È la caratteristica per cui un sistema complesso come l’economia – a fronte di squilibri inattesi, caotici, tipici di quando «si perde la bussola» – riesce ad apportare adattamenti, a individuare le cause delle crisi e a volgere in positivo ciò che sta accadendo. Un sistema antifragile migliora quando è esposto a sfide: è la scommessa del nostro mondo postglobale.</p>
<hr />
<p style="text-align: justify;"><strong>Mario Deaglio</strong>, professore emerito di Economia internazionale presso l’Università di Torino, è opinionista de <a href="https://www.lastampa.it/">La Stampa</a>.<br />
<strong>Giorgio Arfaras</strong>, direttore della Lettera Economica del Centro Einaudi dal 2009 al 2020, collabora a numerose testate di economia e finanza.<br />
<strong>Angela De Martiis</strong>, ricercatrice post-doc all’<a href="https://www.ifm.unibe.ch/">Institute for Financial Management dell’Università di Berna</a> dal 2019 al 2021 ed economista/policy advisor all’<a href="https://www.dt.mef.gov.it/it/attivita_istituzionali/rapporti_finanziari_internazionali/organismi_internazionali/ocse/">OCSE</a> di Parigi dal 2022 al 2023, collabora con il Centro Einaudi dal 2012.<br />
<strong>Giuseppina De Santis</strong>, direttore del <a href="https://www.centroeinaudi.it/">Centro Einaudi</a> dal 2001 al 2014 e assessore alle Attività Produttive, Ricerca e Innovazione della Regione Piemonte dal 2014 al 2019, si occupa di analisi della pubblica opinione e di politica italiana.<br />
<strong>Ivan Lagrosa</strong>, PHD student in Economics presso il CEMFI di Madrid, collabora con il Centro Einaudi dal 2016.<br />
<strong>Paolo Migliavacca</strong>, giornalista, ha collaborato a varie testate. È stato caposervizio e curatore della pagina Esteri, edizione del lunedì, de <a href="https://www.ilsole24ore.com/">Il Sole 24 Ore</a>.<br />
<strong>Giuseppe Russo</strong>, economista professionista, è direttore del Centro Einaudi dal 2014.</p>

<p>L’antifragilità è una caratteristica che dovremmo riscoprire, a livello non solo personale ma anche politico. È la caratteristica per cui un sistema complesso come l’economia – a fronte di squilibri [&hellip;]</p>

<!-- This site is optimized with the Yoast SEO plugin v25.4 - https://yoast.com/wordpress/plugins/seo/ -->
<title>Il mondo ha perso la bussola, Mario Deaglio, Guerini Editore, 2024</title>
<meta name="description" content="Come un sistema complesso come l’economia riesce ad apportare adattamenti, e a volgere in positivo ciò che sta accadendo, quando si perde la bussola?" />
<meta name="robots" content="index, follow, max-snippet:-1, max-image-preview:large, max-video-preview:-1" />
<link rel="canonical" href="https://www.guerini.it/index.php/prodotto/il-mondo-ha-perso-la-bussola/" />
<meta property="og:locale" content="it_IT" />
<meta property="og:type" content="article" />
<meta property="og:title" content="Il mondo ha perso la bussola, Mario Deaglio, Guerini Editore, 2024" />
<meta property="og:description" content="Come un sistema complesso come l’economia riesce ad apportare adattamenti, e a volgere in positivo ciò che sta accadendo, quando si perde la bussola?" />
<meta property="og:url" content="https://www.guerini.it/index.php/prodotto/il-mondo-ha-perso-la-bussola/" />
<meta property="og:site_name" content="Guerini e Associati" />
<meta property="article:modified_time" content="2025-03-27T09:16:20+00:00" />
<meta property="og:image" content="https://www.guerini.it/wp-content/uploads/2024/05/MONDO-HA-PERSO-LA-BUSSOA-9788862509169.webp" />
	<meta property="og:image:width" content="643" />
	<meta property="og:image:height" content="1000" />
	<meta property="og:image:type" content="image/webp" />
<meta name="twitter:card" content="summary_large_image" />
<meta name="twitter:label1" content="Tempo di lettura stimato" />
	<meta name="twitter:data1" content="2 minuti" />
<!-- / Yoast SEO plugin. -->

Come un sistema complesso come l’economia riesce ad apportare adattamenti, e a volgere in positivo ciò che sta accadendo, quando si perde la bussola?

30 anni di libri, idee e libertà
