{"id":24756,"date":"2024-07-09T17:27:40","date_gmt":"2024-07-09T15:27:40","guid":{"rendered":"https:\/\/www.guerini.it\/?post_type=product&#038;p=24756"},"modified":"2024-10-10T12:17:35","modified_gmt":"2024-10-10T10:17:35","slug":"atlante-della-tecnologia-invisibile","status":"publish","type":"product","link":"https:\/\/www.guerini.it\/index.php\/prodotto\/atlante-della-tecnologia-invisibile\/","title":{"rendered":"Atlante della tecnologia invisibile"},"content":{"rendered":"<p style=\"text-align: justify;\">Il rapporto tra persone e tecnologie digitali \u00e8 sempre pi\u00f9 pervasivo e complesso, e gli oggetti della nostra quotidianit\u00e0 sono portali che ci fanno accedere a una dimensione di comunit\u00e0 invisibile che non sempre siamo in grado di contestualizzare e di decifrare. A partire da questo rapporto sublime, cio\u00e8 attraente e problematico insieme, il libro offre un nuovo codice illustrato per stimolare l\u2019immaginazione e abbattere bias e pregiudizi per rendere autentico, consapevole e vantaggioso il nostro utilizzo degli strumenti tecnologici attuali e futuri. <em>Atlante della tecnologia invisibile<\/em>, libro illustrato per adulti e giovani, si pone come collante tra le generazioni e oltre qualunque divario digitale, per offrire strumenti di senso e di decodifica che possano aumentare la conoscenza, stimolare il pensiero critico e l\u2019autonomia decisionale nell\u2019abitare la virtualit\u00e0.<\/p>\n<hr \/>\n<p style=\"text-align: justify;\"><strong>Federica Spampinato<\/strong>, designer della comunicazione e giornalista di brand, specializzata in linguaggi multimediali, comunicazione della sostenibilit\u00e0 e della tecnologia. \u00c8 autrice di prodotti editoriali e multimediali di divulgazione, informazione e intrattenimento. Dirige uno studio di design della comunicazione dal 2015 ed \u00e8 consulente di riferimento per organizzazioni per cui progetta soluzioni innovative di governance della comunicazione, di comunicazione del valore e di responsabilit\u00e0 sociale d\u2019impresa. Attraverso il gioco \u00abMappe per l\u2019Invisibile\u00bb porta nelle scuole, nelle aziende e nelle organizzazioni una pratica etica e un pensiero critico su approcci e utilizzi della tecnologia digitale. Per le nostre edizioni ha pubblicato <em>La nuova scienza del rischio<\/em> (2020).<\/p>\n","protected":false},"excerpt":{"rendered":"<p>Il rapporto tra persone e tecnologie digitali \u00e8 sempre pi\u00f9 pervasivo e complesso, e gli oggetti della nostra quotidianit\u00e0 sono portali che ci fanno accedere a una dimensione di comunit\u00e0 [&hellip;]<\/p>\n","protected":false},"featured_media":24757,"template":"","meta":{"_editorskit_title_hidden":false,"_editorskit_reading_time":0,"_editorskit_is_block_options_detached":false,"_editorskit_block_options_position":"{}","_monsterinsights_skip_tracking":false,"_monsterinsights_sitenote_active":false,"_monsterinsights_sitenote_note":"","_monsterinsights_sitenote_category":0},"product_brand":[],"product_cat":[11784,6617],"product_tag":[11785,11786,6745,11787,6750],"class_list":{"0":"post-24756","1":"product","2":"type-product","3":"status-publish","4":"has-post-thumbnail","6":"product_cat-biblioteca-contemporanea","7":"product_cat-bc","8":"product_tag-alfabetizzazione-digitale","9":"product_tag-gaming","10":"product_tag-innovazione","11":"product_tag-tech-literacy","12":"product_tag-tecnologia","13":"pa_guerini_amazon_link-https-www-amazon-it-tecnologia-invisibile-stimolante-orientarsi-interconnesso-dp-8862509243","14":"pa_guerini_feltrinelli_link-https-www-lafeltrinelli-it-atlante-della-tecnologia-invisibile-approccio-libro-federica-spampinato-e-9788862509244","15":"pa_guerini_ibs_link-https-www-ibs-it-atlante-della-tecnologia-invisibile-approccio-libro-federica-spampinato-e-9788862509244","16":"pa_guerini_libruniver_link-https-www-libreriauniversitaria-it-atlante-tecnologia-invisibile-approccio-unico-libro-9788862509244","17":"pa_guerini_mondadori_link-https-www-mondadoristore-it-atlante-della-tecnologia-invisibile-un-approccio-unico-e-stimolante-per-orientarsi-nel-mondo-interconnesso-federica-spampinato-eai978886250924","19":"first","20":"instock","21":"sale","22":"shipping-taxable","23":"purchasable","24":"product-type-simple"},"yoast_head":"<!-- This site is optimized with the Yoast SEO plugin v25.4 - https:\/\/yoast.com\/wordpress\/plugins\/seo\/ -->\n<title>Spampinato Federica, Atlante della tecnologia invisibile - Guerini Editore<\/title>\n<meta name=\"description\" content=\"Libro illustrato per adulti e giovani che offre strumenti di decodifica per stimolare il pensiero critico e l\u2019autonomia nell\u2019abitare la virtualit\u00e0.\" \/>\n<meta name=\"robots\" content=\"index, follow, max-snippet:-1, max-image-preview:large, max-video-preview:-1\" \/>\n<link rel=\"canonical\" href=\"https:\/\/www.guerini.it\/index.php\/prodotto\/atlante-della-tecnologia-invisibile\/\" \/>\n<meta property=\"og:locale\" content=\"it_IT\" \/>\n<meta property=\"og:type\" content=\"article\" \/>\n<meta property=\"og:title\" content=\"Spampinato Federica, Atlante della tecnologia invisibile - Guerini Editore\" \/>\n<meta property=\"og:description\" content=\"Libro illustrato per adulti e giovani che offre strumenti di decodifica per stimolare il pensiero critico e l\u2019autonomia nell\u2019abitare la virtualit\u00e0.\" \/>\n<meta property=\"og:url\" content=\"https:\/\/www.guerini.it\/index.php\/prodotto\/atlante-della-tecnologia-invisibile\/\" \/>\n<meta property=\"og:site_name\" content=\"Guerini e Associati\" \/>\n<meta property=\"article:modified_time\" content=\"2024-10-10T10:17:35+00:00\" \/>\n<meta property=\"og:image\" content=\"https:\/\/www.guerini.it\/wp-content\/uploads\/2024\/07\/ATLANTE-DELLA-TECNOLOGIA-INVISIBILE-9788862509244.webp\" \/>\n\t<meta property=\"og:image:width\" content=\"643\" \/>\n\t<meta property=\"og:image:height\" content=\"1000\" \/>\n\t<meta property=\"og:image:type\" content=\"image\/webp\" \/>\n<meta name=\"twitter:card\" content=\"summary_large_image\" \/>\n<meta name=\"twitter:label1\" content=\"Tempo di lettura stimato\" \/>\n\t<meta name=\"twitter:data1\" content=\"2 minuti\" \/>\n<!-- \/ Yoast SEO plugin. -->","yoast_head_json":{"title":"Spampinato Federica, Atlante della tecnologia invisibile - Guerini Editore","description":"Libro illustrato per adulti e giovani che offre strumenti di decodifica per stimolare il pensiero critico e l\u2019autonomia nell\u2019abitare la virtualit\u00e0.","robots":{"index":"index","follow":"follow","max-snippet":"max-snippet:-1","max-image-preview":"max-image-preview:large","max-video-preview":"max-video-preview:-1"},"canonical":"https:\/\/www.guerini.it\/index.php\/prodotto\/atlante-della-tecnologia-invisibile\/","og_locale":"it_IT","og_type":"article","og_title":"Spampinato Federica, Atlante della tecnologia invisibile - Guerini Editore","og_description":"Libro illustrato per adulti e giovani che offre strumenti di decodifica per stimolare il pensiero critico e l\u2019autonomia nell\u2019abitare la virtualit\u00e0.","og_url":"https:\/\/www.guerini.it\/index.php\/prodotto\/atlante-della-tecnologia-invisibile\/","og_site_name":"Guerini e Associati","article_modified_time":"2024-10-10T10:17:35+00:00","og_image":[{"width":643,"height":1000,"url":"https:\/\/www.guerini.it\/wp-content\/uploads\/2024\/07\/ATLANTE-DELLA-TECNOLOGIA-INVISIBILE-9788862509244.webp","type":"image\/webp"}],"twitter_card":"summary_large_image","twitter_misc":{"Tempo di lettura stimato":"2 minuti"},"schema":{"@context":"https:\/\/schema.org","@graph":[{"@type":"WebPage","@id":"https:\/\/www.guerini.it\/index.php\/prodotto\/atlante-della-tecnologia-invisibile\/","url":"https:\/\/www.guerini.it\/index.php\/prodotto\/atlante-della-tecnologia-invisibile\/","name":"Spampinato Federica, Atlante della tecnologia invisibile - Guerini Editore","isPartOf":{"@id":"https:\/\/www.guerini.it\/#website"},"primaryImageOfPage":{"@id":"https:\/\/www.guerini.it\/index.php\/prodotto\/atlante-della-tecnologia-invisibile\/#primaryimage"},"image":{"@id":"https:\/\/www.guerini.it\/index.php\/prodotto\/atlante-della-tecnologia-invisibile\/#primaryimage"},"thumbnailUrl":"https:\/\/www.guerini.it\/wp-content\/uploads\/2024\/07\/ATLANTE-DELLA-TECNOLOGIA-INVISIBILE-9788862509244.webp","datePublished":"2024-07-09T15:27:40+00:00","dateModified":"2024-10-10T10:17:35+00:00","description":"Libro illustrato per adulti e giovani che offre strumenti di decodifica per stimolare il pensiero critico e l\u2019autonomia nell\u2019abitare la virtualit\u00e0.","breadcrumb":{"@id":"https:\/\/www.guerini.it\/index.php\/prodotto\/atlante-della-tecnologia-invisibile\/#breadcrumb"},"inLanguage":"it-IT","potentialAction":[{"@type":"ReadAction","target":["https:\/\/www.guerini.it\/index.php\/prodotto\/atlante-della-tecnologia-invisibile\/"]}]},{"@type":"ImageObject","inLanguage":"it-IT","@id":"https:\/\/www.guerini.it\/index.php\/prodotto\/atlante-della-tecnologia-invisibile\/#primaryimage","url":"https:\/\/www.guerini.it\/wp-content\/uploads\/2024\/07\/ATLANTE-DELLA-TECNOLOGIA-INVISIBILE-9788862509244.webp","contentUrl":"https:\/\/www.guerini.it\/wp-content\/uploads\/2024\/07\/ATLANTE-DELLA-TECNOLOGIA-INVISIBILE-9788862509244.webp","width":643,"height":1000,"caption":"Front Cover di: Federica Spampinato, Atlante della tecnologia invisibile, Guerini e Associati, 2024"},{"@type":"BreadcrumbList","@id":"https:\/\/www.guerini.it\/index.php\/prodotto\/atlante-della-tecnologia-invisibile\/#breadcrumb","itemListElement":[{"@type":"ListItem","position":1,"name":"Home","item":"https:\/\/www.guerini.it\/"},{"@type":"ListItem","position":2,"name":"Catalogo","item":"https:\/\/www.guerini.it\/index.php\/negozio\/"},{"@type":"ListItem","position":3,"name":"Atlante della tecnologia invisibile"}]},{"@type":"WebSite","@id":"https:\/\/www.guerini.it\/#website","url":"https:\/\/www.guerini.it\/","name":"Guerini e Associati","description":"30 anni di libri, idee e libert\u00e0","publisher":{"@id":"https:\/\/www.guerini.it\/#organization"},"potentialAction":[{"@type":"SearchAction","target":{"@type":"EntryPoint","urlTemplate":"https:\/\/www.guerini.it\/?s={search_term_string}"},"query-input":{"@type":"PropertyValueSpecification","valueRequired":true,"valueName":"search_term_string"}}],"inLanguage":"it-IT"},{"@type":"Organization","@id":"https:\/\/www.guerini.it\/#organization","name":"Guerini e Associati","url":"https:\/\/www.guerini.it\/","logo":{"@type":"ImageObject","inLanguage":"it-IT","@id":"https:\/\/www.guerini.it\/#\/schema\/logo\/image\/","url":"https:\/\/www.guerini.it\/wp-content\/uploads\/2021\/03\/Logo-Guerini-OK_-e1615831292285.png","contentUrl":"https:\/\/www.guerini.it\/wp-content\/uploads\/2021\/03\/Logo-Guerini-OK_-e1615831292285.png","width":2805,"height":1870,"caption":"Guerini e Associati"},"image":{"@id":"https:\/\/www.guerini.it\/#\/schema\/logo\/image\/"}}]}},"_links":{"self":[{"href":"https:\/\/www.guerini.it\/index.php\/wp-json\/wp\/v2\/product\/24756","targetHints":{"allow":["GET"]}}],"collection":[{"href":"https:\/\/www.guerini.it\/index.php\/wp-json\/wp\/v2\/product"}],"about":[{"href":"https:\/\/www.guerini.it\/index.php\/wp-json\/wp\/v2\/types\/product"}],"wp:featuredmedia":[{"embeddable":true,"href":"https:\/\/www.guerini.it\/index.php\/wp-json\/wp\/v2\/media\/24757"}],"wp:attachment":[{"href":"https:\/\/www.guerini.it\/index.php\/wp-json\/wp\/v2\/media?parent=24756"}],"wp:term":[{"taxonomy":"product_brand","embeddable":true,"href":"https:\/\/www.guerini.it\/index.php\/wp-json\/wp\/v2\/product_brand?post=24756"},{"taxonomy":"product_cat","embeddable":true,"href":"https:\/\/www.guerini.it\/index.php\/wp-json\/wp\/v2\/product_cat?post=24756"},{"taxonomy":"product_tag","embeddable":true,"href":"https:\/\/www.guerini.it\/index.php\/wp-json\/wp\/v2\/product_tag?post=24756"}],"curies":[{"name":"wp","href":"https:\/\/api.w.org\/{rel}","templated":true}]}}

<p style="text-align: justify;">Il rapporto tra persone e tecnologie digitali è sempre più pervasivo e complesso, e gli oggetti della nostra quotidianità sono portali che ci fanno accedere a una dimensione di comunità invisibile che non sempre siamo in grado di contestualizzare e di decifrare. A partire da questo rapporto sublime, cioè attraente e problematico insieme, il libro offre un nuovo codice illustrato per stimolare l’immaginazione e abbattere bias e pregiudizi per rendere autentico, consapevole e vantaggioso il nostro utilizzo degli strumenti tecnologici attuali e futuri. <em>Atlante della tecnologia invisibile</em>, libro illustrato per adulti e giovani, si pone come collante tra le generazioni e oltre qualunque divario digitale, per offrire strumenti di senso e di decodifica che possano aumentare la conoscenza, stimolare il pensiero critico e l’autonomia decisionale nell’abitare la virtualità.</p>
<hr />
<p style="text-align: justify;"><strong>Federica Spampinato</strong>, designer della comunicazione e giornalista di brand, specializzata in linguaggi multimediali, comunicazione della sostenibilità e della tecnologia. È autrice di prodotti editoriali e multimediali di divulgazione, informazione e intrattenimento. Dirige uno studio di design della comunicazione dal 2015 ed è consulente di riferimento per organizzazioni per cui progetta soluzioni innovative di governance della comunicazione, di comunicazione del valore e di responsabilità sociale d’impresa. Attraverso il gioco «Mappe per l’Invisibile» porta nelle scuole, nelle aziende e nelle organizzazioni una pratica etica e un pensiero critico su approcci e utilizzi della tecnologia digitale. Per le nostre edizioni ha pubblicato <em>La nuova scienza del rischio</em> (2020).</p>

<p>Il rapporto tra persone e tecnologie digitali è sempre più pervasivo e complesso, e gli oggetti della nostra quotidianità sono portali che ci fanno accedere a una dimensione di comunità [&hellip;]</p>

<!-- This site is optimized with the Yoast SEO plugin v25.4 - https://yoast.com/wordpress/plugins/seo/ -->
<title>Spampinato Federica, Atlante della tecnologia invisibile - Guerini Editore</title>
<meta name="description" content="Libro illustrato per adulti e giovani che offre strumenti di decodifica per stimolare il pensiero critico e l’autonomia nell’abitare la virtualità." />
<meta name="robots" content="index, follow, max-snippet:-1, max-image-preview:large, max-video-preview:-1" />
<link rel="canonical" href="https://www.guerini.it/index.php/prodotto/atlante-della-tecnologia-invisibile/" />
<meta property="og:locale" content="it_IT" />
<meta property="og:type" content="article" />
<meta property="og:title" content="Spampinato Federica, Atlante della tecnologia invisibile - Guerini Editore" />
<meta property="og:description" content="Libro illustrato per adulti e giovani che offre strumenti di decodifica per stimolare il pensiero critico e l’autonomia nell’abitare la virtualità." />
<meta property="og:url" content="https://www.guerini.it/index.php/prodotto/atlante-della-tecnologia-invisibile/" />
<meta property="og:site_name" content="Guerini e Associati" />
<meta property="article:modified_time" content="2024-10-10T10:17:35+00:00" />
<meta property="og:image" content="https://www.guerini.it/wp-content/uploads/2024/07/ATLANTE-DELLA-TECNOLOGIA-INVISIBILE-9788862509244.webp" />
	<meta property="og:image:width" content="643" />
	<meta property="og:image:height" content="1000" />
	<meta property="og:image:type" content="image/webp" />
<meta name="twitter:card" content="summary_large_image" />
<meta name="twitter:label1" content="Tempo di lettura stimato" />
	<meta name="twitter:data1" content="2 minuti" />
<!-- / Yoast SEO plugin. -->

Libro illustrato per adulti e giovani che offre strumenti di decodifica per stimolare il pensiero critico e l’autonomia nell’abitare la virtualità.

30 anni di libri, idee e libertà
