{"id":24816,"date":"2024-08-02T16:18:06","date_gmt":"2024-08-02T14:18:06","guid":{"rendered":"https:\/\/www.guerini.it\/?post_type=product&#038;p=24816"},"modified":"2024-09-06T08:50:45","modified_gmt":"2024-09-06T06:50:45","slug":"il-lavoro-di-domani-oggi","status":"publish","type":"product","link":"https:\/\/www.guerini.it\/index.php\/prodotto\/il-lavoro-di-domani-oggi\/","title":{"rendered":"Il lavoro di domani, oggi"},"content":{"rendered":"<p style=\"text-align: justify;\">Come sta cambiando il mercato del lavoro? Quali sono le tensioni e le novit\u00e0 che lo attraversano e come vengono vissute da lavoratori e lavoratrici? Quali sono le sfide a cui dovranno rispondere le politiche pubbliche e aziendali nei prossimi dieci anni? Sono solo alcune delle domande cui questo libro vuole dare risposta, grazie agli interventi di docenti universitari, sociologi ed esperti.<br \/>\nQueste pagine esplorano le tendenze economiche, tecnologiche e sociali che stanno trasformando il mercato del lavoro italiano, con l\u2019obiettivo di guidare lettori e lettrici nel comprendere e affrontare le trasformazioni in atto attraverso esempi e strumenti utili per costruire un mercato e un ambiente di lavoro pi\u00f9 equo, inclusivo e sostenibile. Spiegano infatti le modalit\u00e0 con cui potr\u00e0 essere utilizzato lo smart working per modernizzare l\u2019organizzazione aziendale, analizzano gli interventi legislativi per incentivare la partecipazione dei giovani al mercato del lavoro e le politiche che promuoveranno l\u2019inclusione e la diversit\u00e0, ma raccontano anche come verr\u00e0 utilizzata (e normata) l\u2019intelligenza artificiale in azienda, che impatto avr\u00e0 sulle competenze e sulla formazione della forza lavoro e molto altro. Per farsi trovare pronti di fronte ai cambiamenti che ancora avverranno e per lasciare spazio a un lavoro davvero sostenibile.<\/p>\n<hr \/>\n<p style=\"text-align: justify;\"><strong>Maria Laura Fornaci<\/strong> \u00e8 coordinatrice di Future of Workers, l\u2019Osservatorio per il Lavoro Sostenibile della <a href=\"https:\/\/www.fondazionebrodolini.it\/\">Fondazione Giacomo Brodolini<\/a>, e componente della Faculty di <a href=\"https:\/\/www.istud.it\/\">ISTUD Business School<\/a>. \u00c8 stata direttrice esecutiva della Triple Helix Association, un network internazionale che promuove la collaborazione tra universit\u00e0, industria e governo per favorire ricerca, innovazione e sviluppo sostenibile. Ha maturato una significativa esperienza di ricerca e consulenza su progetti, nazionali e internazionali, nelle aree delle competenze digitali e imprenditoriali, delle politiche e dei processi di innovazione sociale.<\/p>\n","protected":false},"excerpt":{"rendered":"<p>Come sta cambiando il mercato del lavoro? Quali sono le tensioni e le novit\u00e0 che lo attraversano e come vengono vissute da lavoratori e lavoratrici? Quali sono le sfide a [&hellip;]<\/p>\n","protected":false},"featured_media":24817,"template":"","meta":{"_editorskit_title_hidden":false,"_editorskit_reading_time":0,"_editorskit_is_block_options_detached":false,"_editorskit_block_options_position":"{}","_monsterinsights_skip_tracking":false,"_monsterinsights_sitenote_active":false,"_monsterinsights_sitenote_note":"","_monsterinsights_sitenote_category":0},"product_brand":[],"product_cat":[6805,6728],"product_tag":[7717,7020,6745,7412,11808,11809,6802],"class_list":{"0":"post-24816","1":"product","2":"type-product","3":"status-publish","4":"has-post-thumbnail","6":"product_cat-guerini-next","7":"product_cat-ultime_novita","8":"product_tag-benessere","9":"product_tag-formazione","10":"product_tag-innovazione","11":"product_tag-organizzazione","12":"product_tag-rapporti-aziendali","13":"product_tag-rapporti-sindacali","14":"product_tag-risorse-umane","15":"pa_guerini_amazon_link-https-www-amazon-it-pratiche-inclusive-affrontare-transizione-ecologica-dp-8868965607","16":"pa_guerini_feltrinelli_link-https-www-lafeltrinelli-it-lavoro-di-domani-oggi-sfide-libro-vari-e-9788868965600","17":"pa_guerini_ibs_link-https-www-ibs-it-lavoro-di-domani-oggi-sfide-libro-vari-e-9788868965600queryid8eb179911f71a00a9cc7fb7504080358","18":"pa_guerini_libruniver_link-https-www-libreriauniversitaria-it-lavoro-domani-oggi-sfide-pratiche-libro-9788868965600","19":"pa_guerini_mondadori_link-https-www-mondadoristore-it-il-lavoro-di-domani-oggi-sfide-e-pratiche-inclusive-per-affrontare-la-transizione-digitale-ecologica-e-sociale-na-eai978886896560","21":"first","22":"instock","23":"sale","24":"shipping-taxable","25":"purchasable","26":"product-type-simple"},"yoast_head":"<!-- This site is optimized with the Yoast SEO plugin v25.4 - https:\/\/yoast.com\/wordpress\/plugins\/seo\/ -->\n<title>Il lavoro di domani, oggi, a cura di Maria Laura Fornaci - Guerini Editore<\/title>\n<meta name=\"description\" content=\"Come sta cambiando il mercato del lavoro? Quali tensioni e novit\u00e0 lo attraversano? Quali sono le regole che governeranno le aziende nei prossimi anni?\" \/>\n<meta name=\"robots\" content=\"index, follow, max-snippet:-1, max-image-preview:large, max-video-preview:-1\" \/>\n<link rel=\"canonical\" href=\"https:\/\/www.guerini.it\/index.php\/prodotto\/il-lavoro-di-domani-oggi\/\" \/>\n<meta property=\"og:locale\" content=\"it_IT\" \/>\n<meta property=\"og:type\" content=\"article\" \/>\n<meta property=\"og:title\" content=\"Il lavoro di domani, oggi, a cura di Maria Laura Fornaci - Guerini Editore\" \/>\n<meta property=\"og:description\" content=\"Come sta cambiando il mercato del lavoro? Quali tensioni e novit\u00e0 lo attraversano? Quali sono le regole che governeranno le aziende nei prossimi anni?\" \/>\n<meta property=\"og:url\" content=\"https:\/\/www.guerini.it\/index.php\/prodotto\/il-lavoro-di-domani-oggi\/\" \/>\n<meta property=\"og:site_name\" content=\"Guerini e Associati\" \/>\n<meta property=\"article:modified_time\" content=\"2024-09-06T06:50:45+00:00\" \/>\n<meta property=\"og:image\" content=\"https:\/\/www.guerini.it\/wp-content\/uploads\/2024\/08\/IL-LAVORO-DI-DOMANI-OGGI-9788868965600.webp\" \/>\n\t<meta property=\"og:image:width\" content=\"658\" \/>\n\t<meta property=\"og:image:height\" content=\"1000\" \/>\n\t<meta property=\"og:image:type\" content=\"image\/webp\" \/>\n<meta name=\"twitter:card\" content=\"summary_large_image\" \/>\n<meta name=\"twitter:label1\" content=\"Tempo di lettura stimato\" \/>\n\t<meta name=\"twitter:data1\" content=\"2 minuti\" \/>\n<!-- \/ Yoast SEO plugin. -->","yoast_head_json":{"title":"Il lavoro di domani, oggi, a cura di Maria Laura Fornaci - Guerini Editore","description":"Come sta cambiando il mercato del lavoro? Quali tensioni e novit\u00e0 lo attraversano? Quali sono le regole che governeranno le aziende nei prossimi anni?","robots":{"index":"index","follow":"follow","max-snippet":"max-snippet:-1","max-image-preview":"max-image-preview:large","max-video-preview":"max-video-preview:-1"},"canonical":"https:\/\/www.guerini.it\/index.php\/prodotto\/il-lavoro-di-domani-oggi\/","og_locale":"it_IT","og_type":"article","og_title":"Il lavoro di domani, oggi, a cura di Maria Laura Fornaci - Guerini Editore","og_description":"Come sta cambiando il mercato del lavoro? Quali tensioni e novit\u00e0 lo attraversano? Quali sono le regole che governeranno le aziende nei prossimi anni?","og_url":"https:\/\/www.guerini.it\/index.php\/prodotto\/il-lavoro-di-domani-oggi\/","og_site_name":"Guerini e Associati","article_modified_time":"2024-09-06T06:50:45+00:00","og_image":[{"width":658,"height":1000,"url":"https:\/\/www.guerini.it\/wp-content\/uploads\/2024\/08\/IL-LAVORO-DI-DOMANI-OGGI-9788868965600.webp","type":"image\/webp"}],"twitter_card":"summary_large_image","twitter_misc":{"Tempo di lettura stimato":"2 minuti"},"schema":{"@context":"https:\/\/schema.org","@graph":[{"@type":"WebPage","@id":"https:\/\/www.guerini.it\/index.php\/prodotto\/il-lavoro-di-domani-oggi\/","url":"https:\/\/www.guerini.it\/index.php\/prodotto\/il-lavoro-di-domani-oggi\/","name":"Il lavoro di domani, oggi, a cura di Maria Laura Fornaci - Guerini Editore","isPartOf":{"@id":"https:\/\/www.guerini.it\/#website"},"primaryImageOfPage":{"@id":"https:\/\/www.guerini.it\/index.php\/prodotto\/il-lavoro-di-domani-oggi\/#primaryimage"},"image":{"@id":"https:\/\/www.guerini.it\/index.php\/prodotto\/il-lavoro-di-domani-oggi\/#primaryimage"},"thumbnailUrl":"https:\/\/www.guerini.it\/wp-content\/uploads\/2024\/08\/IL-LAVORO-DI-DOMANI-OGGI-9788868965600.webp","datePublished":"2024-08-02T14:18:06+00:00","dateModified":"2024-09-06T06:50:45+00:00","description":"Come sta cambiando il mercato del lavoro? Quali tensioni e novit\u00e0 lo attraversano? Quali sono le regole che governeranno le aziende nei prossimi anni?","breadcrumb":{"@id":"https:\/\/www.guerini.it\/index.php\/prodotto\/il-lavoro-di-domani-oggi\/#breadcrumb"},"inLanguage":"it-IT","potentialAction":[{"@type":"ReadAction","target":["https:\/\/www.guerini.it\/index.php\/prodotto\/il-lavoro-di-domani-oggi\/"]}]},{"@type":"ImageObject","inLanguage":"it-IT","@id":"https:\/\/www.guerini.it\/index.php\/prodotto\/il-lavoro-di-domani-oggi\/#primaryimage","url":"https:\/\/www.guerini.it\/wp-content\/uploads\/2024\/08\/IL-LAVORO-DI-DOMANI-OGGI-9788868965600.webp","contentUrl":"https:\/\/www.guerini.it\/wp-content\/uploads\/2024\/08\/IL-LAVORO-DI-DOMANI-OGGI-9788868965600.webp","width":658,"height":1000,"caption":"Front cover di: Maria Laura Fornaci (a cura di), Il lavoro di domani, oggi, Guerini Next, 2024"},{"@type":"BreadcrumbList","@id":"https:\/\/www.guerini.it\/index.php\/prodotto\/il-lavoro-di-domani-oggi\/#breadcrumb","itemListElement":[{"@type":"ListItem","position":1,"name":"Home","item":"https:\/\/www.guerini.it\/"},{"@type":"ListItem","position":2,"name":"Catalogo","item":"https:\/\/www.guerini.it\/index.php\/negozio\/"},{"@type":"ListItem","position":3,"name":"Il lavoro di domani, oggi"}]},{"@type":"WebSite","@id":"https:\/\/www.guerini.it\/#website","url":"https:\/\/www.guerini.it\/","name":"Guerini e Associati","description":"30 anni di libri, idee e libert\u00e0","publisher":{"@id":"https:\/\/www.guerini.it\/#organization"},"potentialAction":[{"@type":"SearchAction","target":{"@type":"EntryPoint","urlTemplate":"https:\/\/www.guerini.it\/?s={search_term_string}"},"query-input":{"@type":"PropertyValueSpecification","valueRequired":true,"valueName":"search_term_string"}}],"inLanguage":"it-IT"},{"@type":"Organization","@id":"https:\/\/www.guerini.it\/#organization","name":"Guerini e Associati","url":"https:\/\/www.guerini.it\/","logo":{"@type":"ImageObject","inLanguage":"it-IT","@id":"https:\/\/www.guerini.it\/#\/schema\/logo\/image\/","url":"https:\/\/www.guerini.it\/wp-content\/uploads\/2021\/03\/Logo-Guerini-OK_-e1615831292285.png","contentUrl":"https:\/\/www.guerini.it\/wp-content\/uploads\/2021\/03\/Logo-Guerini-OK_-e1615831292285.png","width":2805,"height":1870,"caption":"Guerini e Associati"},"image":{"@id":"https:\/\/www.guerini.it\/#\/schema\/logo\/image\/"}}]}},"_links":{"self":[{"href":"https:\/\/www.guerini.it\/index.php\/wp-json\/wp\/v2\/product\/24816","targetHints":{"allow":["GET"]}}],"collection":[{"href":"https:\/\/www.guerini.it\/index.php\/wp-json\/wp\/v2\/product"}],"about":[{"href":"https:\/\/www.guerini.it\/index.php\/wp-json\/wp\/v2\/types\/product"}],"wp:featuredmedia":[{"embeddable":true,"href":"https:\/\/www.guerini.it\/index.php\/wp-json\/wp\/v2\/media\/24817"}],"wp:attachment":[{"href":"https:\/\/www.guerini.it\/index.php\/wp-json\/wp\/v2\/media?parent=24816"}],"wp:term":[{"taxonomy":"product_brand","embeddable":true,"href":"https:\/\/www.guerini.it\/index.php\/wp-json\/wp\/v2\/product_brand?post=24816"},{"taxonomy":"product_cat","embeddable":true,"href":"https:\/\/www.guerini.it\/index.php\/wp-json\/wp\/v2\/product_cat?post=24816"},{"taxonomy":"product_tag","embeddable":true,"href":"https:\/\/www.guerini.it\/index.php\/wp-json\/wp\/v2\/product_tag?post=24816"}],"curies":[{"name":"wp","href":"https:\/\/api.w.org\/{rel}","templated":true}]}}

<p style="text-align: justify;">Come sta cambiando il mercato del lavoro? Quali sono le tensioni e le novità che lo attraversano e come vengono vissute da lavoratori e lavoratrici? Quali sono le sfide a cui dovranno rispondere le politiche pubbliche e aziendali nei prossimi dieci anni? Sono solo alcune delle domande cui questo libro vuole dare risposta, grazie agli interventi di docenti universitari, sociologi ed esperti.<br />
Queste pagine esplorano le tendenze economiche, tecnologiche e sociali che stanno trasformando il mercato del lavoro italiano, con l’obiettivo di guidare lettori e lettrici nel comprendere e affrontare le trasformazioni in atto attraverso esempi e strumenti utili per costruire un mercato e un ambiente di lavoro più equo, inclusivo e sostenibile. Spiegano infatti le modalità con cui potrà essere utilizzato lo smart working per modernizzare l’organizzazione aziendale, analizzano gli interventi legislativi per incentivare la partecipazione dei giovani al mercato del lavoro e le politiche che promuoveranno l’inclusione e la diversità, ma raccontano anche come verrà utilizzata (e normata) l’intelligenza artificiale in azienda, che impatto avrà sulle competenze e sulla formazione della forza lavoro e molto altro. Per farsi trovare pronti di fronte ai cambiamenti che ancora avverranno e per lasciare spazio a un lavoro davvero sostenibile.</p>
<hr />
<p style="text-align: justify;"><strong>Maria Laura Fornaci</strong> è coordinatrice di Future of Workers, l’Osservatorio per il Lavoro Sostenibile della <a href="https://www.fondazionebrodolini.it/">Fondazione Giacomo Brodolini</a>, e componente della Faculty di <a href="https://www.istud.it/">ISTUD Business School</a>. È stata direttrice esecutiva della Triple Helix Association, un network internazionale che promuove la collaborazione tra università, industria e governo per favorire ricerca, innovazione e sviluppo sostenibile. Ha maturato una significativa esperienza di ricerca e consulenza su progetti, nazionali e internazionali, nelle aree delle competenze digitali e imprenditoriali, delle politiche e dei processi di innovazione sociale.</p>

<p>Come sta cambiando il mercato del lavoro? Quali sono le tensioni e le novità che lo attraversano e come vengono vissute da lavoratori e lavoratrici? Quali sono le sfide a [&hellip;]</p>

<!-- This site is optimized with the Yoast SEO plugin v25.4 - https://yoast.com/wordpress/plugins/seo/ -->
<title>Il lavoro di domani, oggi, a cura di Maria Laura Fornaci - Guerini Editore</title>
<meta name="description" content="Come sta cambiando il mercato del lavoro? Quali tensioni e novità lo attraversano? Quali sono le regole che governeranno le aziende nei prossimi anni?" />
<meta name="robots" content="index, follow, max-snippet:-1, max-image-preview:large, max-video-preview:-1" />
<link rel="canonical" href="https://www.guerini.it/index.php/prodotto/il-lavoro-di-domani-oggi/" />
<meta property="og:locale" content="it_IT" />
<meta property="og:type" content="article" />
<meta property="og:title" content="Il lavoro di domani, oggi, a cura di Maria Laura Fornaci - Guerini Editore" />
<meta property="og:description" content="Come sta cambiando il mercato del lavoro? Quali tensioni e novità lo attraversano? Quali sono le regole che governeranno le aziende nei prossimi anni?" />
<meta property="og:url" content="https://www.guerini.it/index.php/prodotto/il-lavoro-di-domani-oggi/" />
<meta property="og:site_name" content="Guerini e Associati" />
<meta property="article:modified_time" content="2024-09-06T06:50:45+00:00" />
<meta property="og:image" content="https://www.guerini.it/wp-content/uploads/2024/08/IL-LAVORO-DI-DOMANI-OGGI-9788868965600.webp" />
	<meta property="og:image:width" content="658" />
	<meta property="og:image:height" content="1000" />
	<meta property="og:image:type" content="image/webp" />
<meta name="twitter:card" content="summary_large_image" />
<meta name="twitter:label1" content="Tempo di lettura stimato" />
	<meta name="twitter:data1" content="2 minuti" />
<!-- / Yoast SEO plugin. -->

Come sta cambiando il mercato del lavoro? Quali tensioni e novità lo attraversano? Quali sono le regole che governeranno le aziende nei prossimi anni?

30 anni di libri, idee e libertà
