{"id":24964,"date":"2024-09-24T16:02:10","date_gmt":"2024-09-24T14:02:10","guid":{"rendered":"https:\/\/www.guerini.it\/?post_type=product&#038;p=24964"},"modified":"2024-09-24T16:19:17","modified_gmt":"2024-09-24T14:19:17","slug":"international-business","status":"publish","type":"product","link":"https:\/\/www.guerini.it\/index.php\/prodotto\/international-business\/","title":{"rendered":"International business"},"content":{"rendered":"<p style=\"text-align: justify;\">Il continuo mutare dell\u2019ambiente globale ha reso le decisioni manageriali nel contesto degli affari internazionali molto pi\u00f9 complesse che in passato. I dirigenti aziendali devono compiere scelte gestionali e strategiche, bilanciando le esigenze dei dipendenti, dei fornitori e della propriet\u00e0 delle imprese, mantenendosi entro i limiti imposti dai governi nazionali e dagli organismi sovranazionali. Questo sforzo \u00e8 sempre pi\u00f9 arduo e le variabili in gioco, soprattutto nel business a livello internazionale, sempre pi\u00f9 numerose, complesse e di difficile interpretazione anche per le imprese pi\u00f9 consolidate.<br \/>\nL\u2019edizione italiana del libro si inserisce nel dibattito sulle trasformazioni in atto nello scenario competitivo, cercando di aggiornare e di rendere attuale la riflessione rispetto ai fenomeni che hanno cambiato le logiche, le regole e i rapporti di forza nella competizione internazionale. Pi\u00f9 in particolare, approfondisce le implicazioni per la gestione aziendale alla luce di aspetti relativi, oltre che alle teorie dell\u2019internazionalizzazione, alle questioni di economia, di finanza, di logistica, di marketing, di produzione e di strategia. Queste pagine, infatti, analizzano in profondit\u00e0 le implicazioni relative ai rapporti con i poteri pubblici, alla costruzione e alla gestione delle alleanze e delle coalizioni tra imprese.<\/p>\n<hr \/>\n<p style=\"text-align: justify;\"><strong>Oded Shenkar<\/strong> \u00e8 Professore di Gestione e Risorse umane presso il Fisher College of Business della Ohio State University. \u00c8 membro ed ex vicepresidente dell\u2019Academy of International Business.<br \/>\n<strong>Yadong Luo<\/strong> \u00e8 Professore di Management presso l\u2019Universit\u00e0 di Miami, membro dell\u2019Academy of Management e dell\u2019Academy of International Business.<br \/>\n<strong>Tailan Chi<\/strong> \u00e8 Professore di International Business &amp; Global Studies presso l\u2019Universit\u00e0 del Wisconsin-Milwaukee. \u00c8 membro dell\u2019Academy of International Business e redattore del <em>Journal of International Business Studies<\/em>.<br \/>\n<strong>Alessandro Baroncelli<\/strong> \u00e8 Professore Ordinario di Economia e Gestione delle Imprese e docente di International Business Management presso l\u2019Universit\u00e0 Cattolica, dove ha fondato e dirige il Master in International Business.<br \/>\n<strong>Gabriele Deana<\/strong> \u00e8 Lecturer presso l\u2019Universit\u00e0 Luigi Bocconi, dove insegna Econometria ed Economia Internazionale, e consulente in Italia e all\u2019estero.<br \/>\n<strong>Luigi Serio<\/strong> \u00e8 Professore Aggiunto di Economia e Gestione delle Imprese presso l\u2019Universit\u00e0 Cattolica. Dirige il Master in Risorse Umane e Organizzazione della Fondazione Istud ed \u00e8 membro del CdA di <a href=\"https:\/\/www.coopi.org\/it\">Coopi<\/a>.<\/p>\n","protected":false},"excerpt":{"rendered":"<p>Il continuo mutare dell\u2019ambiente globale ha reso le decisioni manageriali nel contesto degli affari internazionali molto pi\u00f9 complesse che in passato. I dirigenti aziendali devono compiere scelte gestionali e strategiche, [&hellip;]<\/p>\n","protected":false},"featured_media":24965,"template":"","meta":{"_editorskit_title_hidden":false,"_editorskit_reading_time":0,"_editorskit_is_block_options_detached":false,"_editorskit_block_options_position":"{}","_monsterinsights_skip_tracking":false,"_monsterinsights_sitenote_active":false,"_monsterinsights_sitenote_note":"","_monsterinsights_sitenote_category":0},"product_brand":[],"product_cat":[6805,6529],"product_tag":[7317,11369,6815,11639,6968],"class_list":{"0":"post-24964","1":"product","2":"type-product","3":"status-publish","4":"has-post-thumbnail","6":"product_cat-guerini-next","7":"product_cat-economia-e-management","8":"product_tag-business","9":"product_tag-cultura-manageriale","10":"product_tag-economia","11":"product_tag-gestione-aziendale","12":"product_tag-impresa","13":"pa_guerini_amazon_link-https-www-amazon-it-international-business-affrontare-transizione-delleconomia-dp-8868964597","14":"pa_guerini_feltrinelli_link-https-www-lafeltrinelli-it-international-business-strumenti-per-affrontare-libro-vari-e-9788868964597","15":"pa_guerini_ibs_link-https-www-ibs-it-international-business-strumenti-per-affrontare-libro-vari-e-9788868964597","16":"pa_guerini_libruniver_link-https-www-libreriauniversitaria-it-international-business-strumenti-affrontare-transizione-libro-9788868964597","17":"pa_guerini_mondadori_link-https-www-mondadoristore-it-international-business-strumenti-per-affrontare-la-transizione-dell-economia-globale-eai978886896459","19":"first","20":"instock","21":"sale","22":"shipping-taxable","23":"purchasable","24":"product-type-simple"},"yoast_head":"<!-- This site is optimized with the Yoast SEO plugin v25.4 - https:\/\/yoast.com\/wordpress\/plugins\/seo\/ -->\n<title>International business - Guerini Editore<\/title>\n<meta name=\"description\" content=\"L\u2019edizione italiana del libro approfondisce le implicazioni per la gestione aziendale circa questioni di economia, finanza, logistica e marketing.\" \/>\n<meta name=\"robots\" content=\"index, follow, max-snippet:-1, max-image-preview:large, max-video-preview:-1\" \/>\n<link rel=\"canonical\" href=\"https:\/\/www.guerini.it\/index.php\/prodotto\/international-business\/\" \/>\n<meta property=\"og:locale\" content=\"it_IT\" \/>\n<meta property=\"og:type\" content=\"article\" \/>\n<meta property=\"og:title\" content=\"International business - Guerini Editore\" \/>\n<meta property=\"og:description\" content=\"L\u2019edizione italiana del libro approfondisce le implicazioni per la gestione aziendale circa questioni di economia, finanza, logistica e marketing.\" \/>\n<meta property=\"og:url\" content=\"https:\/\/www.guerini.it\/index.php\/prodotto\/international-business\/\" \/>\n<meta property=\"og:site_name\" content=\"Guerini e Associati\" \/>\n<meta property=\"article:modified_time\" content=\"2024-09-24T14:19:17+00:00\" \/>\n<meta property=\"og:image\" content=\"https:\/\/www.guerini.it\/wp-content\/uploads\/2024\/09\/INTERNATIONAL-BUSINESS-9788868964597.webp\" \/>\n\t<meta property=\"og:image:width\" content=\"708\" \/>\n\t<meta property=\"og:image:height\" content=\"1000\" \/>\n\t<meta property=\"og:image:type\" content=\"image\/webp\" \/>\n<meta name=\"twitter:card\" content=\"summary_large_image\" \/>\n<meta name=\"twitter:label1\" content=\"Tempo di lettura stimato\" \/>\n\t<meta name=\"twitter:data1\" content=\"3 minuti\" \/>\n<!-- \/ Yoast SEO plugin. -->","yoast_head_json":{"title":"International business - Guerini Editore","description":"L\u2019edizione italiana del libro approfondisce le implicazioni per la gestione aziendale circa questioni di economia, finanza, logistica e marketing.","robots":{"index":"index","follow":"follow","max-snippet":"max-snippet:-1","max-image-preview":"max-image-preview:large","max-video-preview":"max-video-preview:-1"},"canonical":"https:\/\/www.guerini.it\/index.php\/prodotto\/international-business\/","og_locale":"it_IT","og_type":"article","og_title":"International business - Guerini Editore","og_description":"L\u2019edizione italiana del libro approfondisce le implicazioni per la gestione aziendale circa questioni di economia, finanza, logistica e marketing.","og_url":"https:\/\/www.guerini.it\/index.php\/prodotto\/international-business\/","og_site_name":"Guerini e Associati","article_modified_time":"2024-09-24T14:19:17+00:00","og_image":[{"width":708,"height":1000,"url":"https:\/\/www.guerini.it\/wp-content\/uploads\/2024\/09\/INTERNATIONAL-BUSINESS-9788868964597.webp","type":"image\/webp"}],"twitter_card":"summary_large_image","twitter_misc":{"Tempo di lettura stimato":"3 minuti"},"schema":{"@context":"https:\/\/schema.org","@graph":[{"@type":"WebPage","@id":"https:\/\/www.guerini.it\/index.php\/prodotto\/international-business\/","url":"https:\/\/www.guerini.it\/index.php\/prodotto\/international-business\/","name":"International business - Guerini Editore","isPartOf":{"@id":"https:\/\/www.guerini.it\/#website"},"primaryImageOfPage":{"@id":"https:\/\/www.guerini.it\/index.php\/prodotto\/international-business\/#primaryimage"},"image":{"@id":"https:\/\/www.guerini.it\/index.php\/prodotto\/international-business\/#primaryimage"},"thumbnailUrl":"https:\/\/www.guerini.it\/wp-content\/uploads\/2024\/09\/INTERNATIONAL-BUSINESS-9788868964597.webp","datePublished":"2024-09-24T14:02:10+00:00","dateModified":"2024-09-24T14:19:17+00:00","description":"L\u2019edizione italiana del libro approfondisce le implicazioni per la gestione aziendale circa questioni di economia, finanza, logistica e marketing.","breadcrumb":{"@id":"https:\/\/www.guerini.it\/index.php\/prodotto\/international-business\/#breadcrumb"},"inLanguage":"it-IT","potentialAction":[{"@type":"ReadAction","target":["https:\/\/www.guerini.it\/index.php\/prodotto\/international-business\/"]}]},{"@type":"ImageObject","inLanguage":"it-IT","@id":"https:\/\/www.guerini.it\/index.php\/prodotto\/international-business\/#primaryimage","url":"https:\/\/www.guerini.it\/wp-content\/uploads\/2024\/09\/INTERNATIONAL-BUSINESS-9788868964597.webp","contentUrl":"https:\/\/www.guerini.it\/wp-content\/uploads\/2024\/09\/INTERNATIONAL-BUSINESS-9788868964597.webp","width":708,"height":1000,"caption":"Front cover di: A.A.V.V., International business, Guerini Next, 2024"},{"@type":"BreadcrumbList","@id":"https:\/\/www.guerini.it\/index.php\/prodotto\/international-business\/#breadcrumb","itemListElement":[{"@type":"ListItem","position":1,"name":"Home","item":"https:\/\/www.guerini.it\/"},{"@type":"ListItem","position":2,"name":"Catalogo","item":"https:\/\/www.guerini.it\/index.php\/negozio\/"},{"@type":"ListItem","position":3,"name":"International business"}]},{"@type":"WebSite","@id":"https:\/\/www.guerini.it\/#website","url":"https:\/\/www.guerini.it\/","name":"Guerini e Associati","description":"30 anni di libri, idee e libert\u00e0","publisher":{"@id":"https:\/\/www.guerini.it\/#organization"},"potentialAction":[{"@type":"SearchAction","target":{"@type":"EntryPoint","urlTemplate":"https:\/\/www.guerini.it\/?s={search_term_string}"},"query-input":{"@type":"PropertyValueSpecification","valueRequired":true,"valueName":"search_term_string"}}],"inLanguage":"it-IT"},{"@type":"Organization","@id":"https:\/\/www.guerini.it\/#organization","name":"Guerini e Associati","url":"https:\/\/www.guerini.it\/","logo":{"@type":"ImageObject","inLanguage":"it-IT","@id":"https:\/\/www.guerini.it\/#\/schema\/logo\/image\/","url":"https:\/\/www.guerini.it\/wp-content\/uploads\/2021\/03\/Logo-Guerini-OK_-e1615831292285.png","contentUrl":"https:\/\/www.guerini.it\/wp-content\/uploads\/2021\/03\/Logo-Guerini-OK_-e1615831292285.png","width":2805,"height":1870,"caption":"Guerini e Associati"},"image":{"@id":"https:\/\/www.guerini.it\/#\/schema\/logo\/image\/"}}]}},"_links":{"self":[{"href":"https:\/\/www.guerini.it\/index.php\/wp-json\/wp\/v2\/product\/24964","targetHints":{"allow":["GET"]}}],"collection":[{"href":"https:\/\/www.guerini.it\/index.php\/wp-json\/wp\/v2\/product"}],"about":[{"href":"https:\/\/www.guerini.it\/index.php\/wp-json\/wp\/v2\/types\/product"}],"wp:featuredmedia":[{"embeddable":true,"href":"https:\/\/www.guerini.it\/index.php\/wp-json\/wp\/v2\/media\/24965"}],"wp:attachment":[{"href":"https:\/\/www.guerini.it\/index.php\/wp-json\/wp\/v2\/media?parent=24964"}],"wp:term":[{"taxonomy":"product_brand","embeddable":true,"href":"https:\/\/www.guerini.it\/index.php\/wp-json\/wp\/v2\/product_brand?post=24964"},{"taxonomy":"product_cat","embeddable":true,"href":"https:\/\/www.guerini.it\/index.php\/wp-json\/wp\/v2\/product_cat?post=24964"},{"taxonomy":"product_tag","embeddable":true,"href":"https:\/\/www.guerini.it\/index.php\/wp-json\/wp\/v2\/product_tag?post=24964"}],"curies":[{"name":"wp","href":"https:\/\/api.w.org\/{rel}","templated":true}]}}