{"id":24970,"date":"2024-09-24T17:12:28","date_gmt":"2024-09-24T15:12:28","guid":{"rendered":"https:\/\/www.guerini.it\/?post_type=product&#038;p=24970"},"modified":"2025-02-07T14:33:25","modified_gmt":"2025-02-07T13:33:25","slug":"la-societa-fra-memoria-e-speranza","status":"publish","type":"product","link":"https:\/\/www.guerini.it\/index.php\/prodotto\/la-societa-fra-memoria-e-speranza\/","title":{"rendered":"La societ\u00e0 fra memoria e speranza"},"content":{"rendered":"<p style=\"text-align: justify;\">Il tema della memoria pu\u00f2 essere la risposta all\u2019urgenza di un nichilismo esistenziale che sta privando le nuove generazioni di consapevolezza storica e civile, al di l\u00e0 di spettacolari protagonismi \u00abpolitici\u00bb sui social, talvolta frutto di pregiudizi e disinformazione. Nel dilagare dell\u2019ideologia e della mercificazione di corpi e identit\u00e0, la memoria \u00e8 in grado di ridare vigore alla meraviglia della differenza, intesa non come inciampo conflittuale e presupposto di sopraffazione dell\u2019altro, bens\u00ec in quanto ideale postura esistenziale per accostarsi all\u2019alterit\u00e0 rispettosamente, proprio perch\u00e9 in dialogo consapevole con le proprie radici.<br \/>\nQuesto libro \u00e8 un auspicio a considerare la memoria come categoria umana foriera di pace e civilt\u00e0, quando il suo uso non \u00e8 indiscriminato. In risposta al recente dilagare dell\u2019antisemitismo, \u00e8 importante ripartire dalla memoria del popolo ebraico, nella convinzione che la pace non sar\u00e0 realizzabile finch\u00e9 non sar\u00e0 possibile estendere il tentativo di riflessione alla dignit\u00e0 di tutti i popoli e di tutte le memorie.<\/p>\n<hr \/>\n<p style=\"text-align: justify;\"><strong>Clelia Castellano<\/strong> \u00e8 professore Associato di Sociologia presso l\u2019Universit\u00e0 degli Studi di Napoli Suor Orsola Benincasa. Da anni insegna Sociologia dell\u2019Educazione e lavora sui temi della memoria, dell\u2019autobiografia e della costruzione e decostruzione identitaria, fra storia, societ\u00e0 e meccanismi regolativi.<\/p>\n","protected":false},"excerpt":{"rendered":"<p>Il tema della memoria pu\u00f2 essere la risposta all\u2019urgenza di un nichilismo esistenziale che sta privando le nuove generazioni di consapevolezza storica e civile, al di l\u00e0 di spettacolari protagonismi [&hellip;]<\/p>\n","protected":false},"featured_media":24972,"template":"","meta":{"_editorskit_title_hidden":false,"_editorskit_reading_time":0,"_editorskit_is_block_options_detached":false,"_editorskit_block_options_position":"{}","_monsterinsights_skip_tracking":false,"_monsterinsights_sitenote_active":false,"_monsterinsights_sitenote_note":"","_monsterinsights_sitenote_category":0},"product_brand":[],"product_cat":[11784,6728],"product_tag":[11915,7998],"class_list":{"0":"post-24970","1":"product","2":"type-product","3":"status-publish","4":"has-post-thumbnail","6":"product_cat-biblioteca-contemporanea","7":"product_cat-ultime_novita","8":"product_tag-antisemitismo","9":"product_tag-memoria","10":"pa_guerini_amazon_link-https-www-amazon-it-societ-tra-memoria-speranza-dp-888107494x","11":"pa_guerini_feltrinelli_link-https-www-lafeltrinelli-it-societa-fra-memoria-speranza-hatikvah-libro-clelia-castellano-e-9788881074945","12":"pa_guerini_ibs_link-https-www-ibs-it-societa-fra-memoria-speranza-hatikvah-libro-clelia-castellano-e-9788881074945","13":"pa_guerini_libruniver_link-https-www-libreriauniversitaria-it-societa-memoria-speranza-hatikvah-umanesimo-libro-9788881074945","14":"pa_guerini_mondadori_link-https-www-mondadoristore-it-la-societa-fra-memoria-e-speranza-hatikvah-per-un-umanesimo-possibile-clelia-castellano-eai978888107494","16":"first","17":"instock","18":"sale","19":"shipping-taxable","20":"purchasable","21":"product-type-simple"},"yoast_head":"<!-- This site is optimized with the Yoast SEO plugin v25.4 - https:\/\/yoast.com\/wordpress\/plugins\/seo\/ -->\n<title>Clelia Castellano, La societ\u00e0 fra memoria e speranza - Guerini e Associati<\/title>\n<meta name=\"description\" content=\"Questo libro \u00e8 un auspicio a considerare la memoria come categoria umana foriera di pace e civilt\u00e0, quando il suo uso non \u00e8 indiscriminato.\" \/>\n<meta name=\"robots\" content=\"index, follow, max-snippet:-1, max-image-preview:large, max-video-preview:-1\" \/>\n<link rel=\"canonical\" href=\"https:\/\/www.guerini.it\/index.php\/prodotto\/la-societa-fra-memoria-e-speranza\/\" \/>\n<meta property=\"og:locale\" content=\"it_IT\" \/>\n<meta property=\"og:type\" content=\"article\" \/>\n<meta property=\"og:title\" content=\"Clelia Castellano, La societ\u00e0 fra memoria e speranza - Guerini e Associati\" \/>\n<meta property=\"og:description\" content=\"Questo libro \u00e8 un auspicio a considerare la memoria come categoria umana foriera di pace e civilt\u00e0, quando il suo uso non \u00e8 indiscriminato.\" \/>\n<meta property=\"og:url\" content=\"https:\/\/www.guerini.it\/index.php\/prodotto\/la-societa-fra-memoria-e-speranza\/\" \/>\n<meta property=\"og:site_name\" content=\"Guerini e Associati\" \/>\n<meta property=\"article:modified_time\" content=\"2025-02-07T13:33:25+00:00\" \/>\n<meta property=\"og:image\" content=\"https:\/\/www.guerini.it\/wp-content\/uploads\/2024\/09\/LA-SOCIETA-FRA-MEMORIA-E-SPERANZA-9788881074945.webp\" \/>\n\t<meta property=\"og:image:width\" content=\"667\" \/>\n\t<meta property=\"og:image:height\" content=\"1000\" \/>\n\t<meta property=\"og:image:type\" content=\"image\/webp\" \/>\n<meta name=\"twitter:card\" content=\"summary_large_image\" \/>\n<meta name=\"twitter:label1\" content=\"Tempo di lettura stimato\" \/>\n\t<meta name=\"twitter:data1\" content=\"2 minuti\" \/>\n<!-- \/ Yoast SEO plugin. -->","yoast_head_json":{"title":"Clelia Castellano, La societ\u00e0 fra memoria e speranza - Guerini e Associati","description":"Questo libro \u00e8 un auspicio a considerare la memoria come categoria umana foriera di pace e civilt\u00e0, quando il suo uso non \u00e8 indiscriminato.","robots":{"index":"index","follow":"follow","max-snippet":"max-snippet:-1","max-image-preview":"max-image-preview:large","max-video-preview":"max-video-preview:-1"},"canonical":"https:\/\/www.guerini.it\/index.php\/prodotto\/la-societa-fra-memoria-e-speranza\/","og_locale":"it_IT","og_type":"article","og_title":"Clelia Castellano, La societ\u00e0 fra memoria e speranza - Guerini e Associati","og_description":"Questo libro \u00e8 un auspicio a considerare la memoria come categoria umana foriera di pace e civilt\u00e0, quando il suo uso non \u00e8 indiscriminato.","og_url":"https:\/\/www.guerini.it\/index.php\/prodotto\/la-societa-fra-memoria-e-speranza\/","og_site_name":"Guerini e Associati","article_modified_time":"2025-02-07T13:33:25+00:00","og_image":[{"width":667,"height":1000,"url":"https:\/\/www.guerini.it\/wp-content\/uploads\/2024\/09\/LA-SOCIETA-FRA-MEMORIA-E-SPERANZA-9788881074945.webp","type":"image\/webp"}],"twitter_card":"summary_large_image","twitter_misc":{"Tempo di lettura stimato":"2 minuti"},"schema":{"@context":"https:\/\/schema.org","@graph":[{"@type":"WebPage","@id":"https:\/\/www.guerini.it\/index.php\/prodotto\/la-societa-fra-memoria-e-speranza\/","url":"https:\/\/www.guerini.it\/index.php\/prodotto\/la-societa-fra-memoria-e-speranza\/","name":"Clelia Castellano, La societ\u00e0 fra memoria e speranza - Guerini e Associati","isPartOf":{"@id":"https:\/\/www.guerini.it\/#website"},"primaryImageOfPage":{"@id":"https:\/\/www.guerini.it\/index.php\/prodotto\/la-societa-fra-memoria-e-speranza\/#primaryimage"},"image":{"@id":"https:\/\/www.guerini.it\/index.php\/prodotto\/la-societa-fra-memoria-e-speranza\/#primaryimage"},"thumbnailUrl":"https:\/\/www.guerini.it\/wp-content\/uploads\/2024\/09\/LA-SOCIETA-FRA-MEMORIA-E-SPERANZA-9788881074945.webp","datePublished":"2024-09-24T15:12:28+00:00","dateModified":"2025-02-07T13:33:25+00:00","description":"Questo libro \u00e8 un auspicio a considerare la memoria come categoria umana foriera di pace e civilt\u00e0, quando il suo uso non \u00e8 indiscriminato.","breadcrumb":{"@id":"https:\/\/www.guerini.it\/index.php\/prodotto\/la-societa-fra-memoria-e-speranza\/#breadcrumb"},"inLanguage":"it-IT","potentialAction":[{"@type":"ReadAction","target":["https:\/\/www.guerini.it\/index.php\/prodotto\/la-societa-fra-memoria-e-speranza\/"]}]},{"@type":"ImageObject","inLanguage":"it-IT","@id":"https:\/\/www.guerini.it\/index.php\/prodotto\/la-societa-fra-memoria-e-speranza\/#primaryimage","url":"https:\/\/www.guerini.it\/wp-content\/uploads\/2024\/09\/LA-SOCIETA-FRA-MEMORIA-E-SPERANZA-9788881074945.webp","contentUrl":"https:\/\/www.guerini.it\/wp-content\/uploads\/2024\/09\/LA-SOCIETA-FRA-MEMORIA-E-SPERANZA-9788881074945.webp","width":667,"height":1000,"caption":"Front cover di C. Castellano, La societ\u00e0 fra memoria e speranza, Guerini Scientifica, 2024"},{"@type":"BreadcrumbList","@id":"https:\/\/www.guerini.it\/index.php\/prodotto\/la-societa-fra-memoria-e-speranza\/#breadcrumb","itemListElement":[{"@type":"ListItem","position":1,"name":"Home","item":"https:\/\/www.guerini.it\/"},{"@type":"ListItem","position":2,"name":"Catalogo","item":"https:\/\/www.guerini.it\/index.php\/negozio\/"},{"@type":"ListItem","position":3,"name":"La societ\u00e0 fra memoria e speranza"}]},{"@type":"WebSite","@id":"https:\/\/www.guerini.it\/#website","url":"https:\/\/www.guerini.it\/","name":"Guerini e Associati","description":"30 anni di libri, idee e libert\u00e0","publisher":{"@id":"https:\/\/www.guerini.it\/#organization"},"potentialAction":[{"@type":"SearchAction","target":{"@type":"EntryPoint","urlTemplate":"https:\/\/www.guerini.it\/?s={search_term_string}"},"query-input":{"@type":"PropertyValueSpecification","valueRequired":true,"valueName":"search_term_string"}}],"inLanguage":"it-IT"},{"@type":"Organization","@id":"https:\/\/www.guerini.it\/#organization","name":"Guerini e Associati","url":"https:\/\/www.guerini.it\/","logo":{"@type":"ImageObject","inLanguage":"it-IT","@id":"https:\/\/www.guerini.it\/#\/schema\/logo\/image\/","url":"https:\/\/www.guerini.it\/wp-content\/uploads\/2021\/03\/Logo-Guerini-OK_-e1615831292285.png","contentUrl":"https:\/\/www.guerini.it\/wp-content\/uploads\/2021\/03\/Logo-Guerini-OK_-e1615831292285.png","width":2805,"height":1870,"caption":"Guerini e Associati"},"image":{"@id":"https:\/\/www.guerini.it\/#\/schema\/logo\/image\/"}}]}},"_links":{"self":[{"href":"https:\/\/www.guerini.it\/index.php\/wp-json\/wp\/v2\/product\/24970","targetHints":{"allow":["GET"]}}],"collection":[{"href":"https:\/\/www.guerini.it\/index.php\/wp-json\/wp\/v2\/product"}],"about":[{"href":"https:\/\/www.guerini.it\/index.php\/wp-json\/wp\/v2\/types\/product"}],"wp:featuredmedia":[{"embeddable":true,"href":"https:\/\/www.guerini.it\/index.php\/wp-json\/wp\/v2\/media\/24972"}],"wp:attachment":[{"href":"https:\/\/www.guerini.it\/index.php\/wp-json\/wp\/v2\/media?parent=24970"}],"wp:term":[{"taxonomy":"product_brand","embeddable":true,"href":"https:\/\/www.guerini.it\/index.php\/wp-json\/wp\/v2\/product_brand?post=24970"},{"taxonomy":"product_cat","embeddable":true,"href":"https:\/\/www.guerini.it\/index.php\/wp-json\/wp\/v2\/product_cat?post=24970"},{"taxonomy":"product_tag","embeddable":true,"href":"https:\/\/www.guerini.it\/index.php\/wp-json\/wp\/v2\/product_tag?post=24970"}],"curies":[{"name":"wp","href":"https:\/\/api.w.org\/{rel}","templated":true}]}}

La società fra memoria e speranza

<p style="text-align: justify;">Il tema della memoria può essere la risposta all’urgenza di un nichilismo esistenziale che sta privando le nuove generazioni di consapevolezza storica e civile, al di là di spettacolari protagonismi «politici» sui social, talvolta frutto di pregiudizi e disinformazione. Nel dilagare dell’ideologia e della mercificazione di corpi e identità, la memoria è in grado di ridare vigore alla meraviglia della differenza, intesa non come inciampo conflittuale e presupposto di sopraffazione dell’altro, bensì in quanto ideale postura esistenziale per accostarsi all’alterità rispettosamente, proprio perché in dialogo consapevole con le proprie radici.<br />
Questo libro è un auspicio a considerare la memoria come categoria umana foriera di pace e civiltà, quando il suo uso non è indiscriminato. In risposta al recente dilagare dell’antisemitismo, è importante ripartire dalla memoria del popolo ebraico, nella convinzione che la pace non sarà realizzabile finché non sarà possibile estendere il tentativo di riflessione alla dignità di tutti i popoli e di tutte le memorie.</p>
<hr />
<p style="text-align: justify;"><strong>Clelia Castellano</strong> è professore Associato di Sociologia presso l’Università degli Studi di Napoli Suor Orsola Benincasa. Da anni insegna Sociologia dell’Educazione e lavora sui temi della memoria, dell’autobiografia e della costruzione e decostruzione identitaria, fra storia, società e meccanismi regolativi.</p>

<p>Il tema della memoria può essere la risposta all’urgenza di un nichilismo esistenziale che sta privando le nuove generazioni di consapevolezza storica e civile, al di là di spettacolari protagonismi [&hellip;]</p>

<!-- This site is optimized with the Yoast SEO plugin v25.4 - https://yoast.com/wordpress/plugins/seo/ -->
<title>Clelia Castellano, La società fra memoria e speranza - Guerini e Associati</title>
<meta name="description" content="Questo libro è un auspicio a considerare la memoria come categoria umana foriera di pace e civiltà, quando il suo uso non è indiscriminato." />
<meta name="robots" content="index, follow, max-snippet:-1, max-image-preview:large, max-video-preview:-1" />
<link rel="canonical" href="https://www.guerini.it/index.php/prodotto/la-societa-fra-memoria-e-speranza/" />
<meta property="og:locale" content="it_IT" />
<meta property="og:type" content="article" />
<meta property="og:title" content="Clelia Castellano, La società fra memoria e speranza - Guerini e Associati" />
<meta property="og:description" content="Questo libro è un auspicio a considerare la memoria come categoria umana foriera di pace e civiltà, quando il suo uso non è indiscriminato." />
<meta property="og:url" content="https://www.guerini.it/index.php/prodotto/la-societa-fra-memoria-e-speranza/" />
<meta property="og:site_name" content="Guerini e Associati" />
<meta property="article:modified_time" content="2025-02-07T13:33:25+00:00" />
<meta property="og:image" content="https://www.guerini.it/wp-content/uploads/2024/09/LA-SOCIETA-FRA-MEMORIA-E-SPERANZA-9788881074945.webp" />
	<meta property="og:image:width" content="667" />
	<meta property="og:image:height" content="1000" />
	<meta property="og:image:type" content="image/webp" />
<meta name="twitter:card" content="summary_large_image" />
<meta name="twitter:label1" content="Tempo di lettura stimato" />
	<meta name="twitter:data1" content="2 minuti" />
<!-- / Yoast SEO plugin. -->

Clelia Castellano, La società fra memoria e speranza - Guerini e Associati

Questo libro è un auspicio a considerare la memoria come categoria umana foriera di pace e civiltà, quando il suo uso non è indiscriminato.

Front cover di C. Castellano, La società fra memoria e speranza, Guerini Scientifica, 2024

30 anni di libri, idee e libertà
