{"id":25038,"date":"2024-10-01T14:31:05","date_gmt":"2024-10-01T12:31:05","guid":{"rendered":"https:\/\/www.guerini.it\/?post_type=product&#038;p=25038"},"modified":"2026-01-15T16:46:05","modified_gmt":"2026-01-15T15:46:05","slug":"il-centro-tedesco","status":"publish","type":"product","link":"https:\/\/www.guerini.it\/index.php\/prodotto\/il-centro-tedesco\/","title":{"rendered":"Il centro tedesco"},"content":{"rendered":"<p style=\"font-weight: 400; text-align: justify;\">Il Centro tedesco \u00e8 stato un partito politico formato da cattolici per difendere la Chiesa minacciata dal liberalismo e dal <em>Kulturkampf<\/em> di Bismarck. Non \u00e8 stato per\u00f2 un partito confessionale e ha saputo unire la difesa della Chiesa e l\u2019integrazione del Milieu cattolico nello Stato nazionale a un programma di innovazione politica e sociale. Questo volume, sulla base della documentazione vaticana e tedesca, ne ricostruisce la storia complessiva facendo luce in modo particolare sulle relazioni tra il Centro e il Vaticano. Ne emerge un rapporto che nel tempo ha presentato periodi di vicinanza ma anche di disaffezione o contrasto. Solo durante la Repubblica di Weimar la Santa Sede giunse a valorizzare in modo significativo la vocazione democratica del Centro: un\u2019intuizione profetica di Eugenio Pacelli che trov\u00f2 scarsa condivisione nella curia dell\u2019epoca ma che spiega il sostegno significativo del Vaticano alla democrazia cristiana europea nel secondo dopoguerra.<br \/>\nIl Centro \u00e8 stato un laboratorio e una scuola di integrazione politica e sociale, la cui storia \u00e8 fondamentale per capire l\u2019apertura del cattolicesimo tedesco alla societ\u00e0 odierna e la parabola di tutti gli altri partiti di ispirazione cattolica di cui il Centro ha costituito il modello.<\/p>\n<hr \/>\n<p style=\"font-weight: 400;\"><strong>Alessandro Bellino<\/strong> \u00e8 dottore di ricerca in Storia contemporanea all&#8217;Universit\u00e0 Cattolica del Sacro Cuore di Milano. Ha svolto ricerche negli archivi vaticani e tedeschi ed \u00e8 stato ricercatore all&#8217;Universit\u00e0 di W\u00fcrzburg. Per le nostre edizioni ha pubblicato <a href=\"https:\/\/www.guerini.it\/index.php\/prodotto\/il-vaticano-e-hitler\/\"><em>Il Vaticano e Hitler. Santa Sede, Chiesa tedesca e nazismo (1922-1939)<\/em><\/a>, 2018.<\/p>\n","protected":false},"excerpt":{"rendered":"<p>Il Centro tedesco \u00e8 stato un partito politico formato da cattolici per difendere la Chiesa minacciata dal liberalismo e dal Kulturkampf di Bismarck. Non \u00e8 stato per\u00f2 un partito confessionale [&hellip;]<\/p>\n","protected":false},"featured_media":25039,"template":"","meta":{"_editorskit_title_hidden":false,"_editorskit_reading_time":0,"_editorskit_is_block_options_detached":false,"_editorskit_block_options_position":"{}","_monsterinsights_skip_tracking":false,"_monsterinsights_sitenote_active":false,"_monsterinsights_sitenote_note":"","_monsterinsights_sitenote_category":0},"product_brand":[],"product_cat":[6543],"product_tag":[11232,10851,7643],"class_list":{"0":"post-25038","1":"product","2":"type-product","3":"status-publish","4":"has-post-thumbnail","6":"product_cat-co","7":"product_tag-chiesa","8":"product_tag-germania","9":"product_tag-politica","11":"first","12":"instock","13":"sale","14":"shipping-taxable","15":"purchasable","16":"product-type-simple"},"yoast_head":"<!-- This site is optimized with the Yoast SEO plugin v25.4 - https:\/\/yoast.com\/wordpress\/plugins\/seo\/ -->\n<title>Alessandro Bellino, Il centro tedesco - Guerini e Associati<\/title>\n<meta name=\"description\" content=\"Questo volume ricostruisce la storia del partito cattolico tedesco facendo luce in modo particolare sulle relazioni tra il Centro e il Vaticano.\" \/>\n<meta name=\"robots\" content=\"index, follow, max-snippet:-1, max-image-preview:large, max-video-preview:-1\" \/>\n<link rel=\"canonical\" href=\"https:\/\/www.guerini.it\/index.php\/prodotto\/il-centro-tedesco\/\" \/>\n<meta property=\"og:locale\" content=\"it_IT\" \/>\n<meta property=\"og:type\" content=\"article\" \/>\n<meta property=\"og:title\" content=\"Alessandro Bellino, Il centro tedesco - Guerini e Associati\" \/>\n<meta property=\"og:description\" content=\"Questo volume ricostruisce la storia del partito cattolico tedesco facendo luce in modo particolare sulle relazioni tra il Centro e il Vaticano.\" \/>\n<meta property=\"og:url\" content=\"https:\/\/www.guerini.it\/index.php\/prodotto\/il-centro-tedesco\/\" \/>\n<meta property=\"og:site_name\" content=\"Guerini e Associati\" \/>\n<meta property=\"article:modified_time\" content=\"2026-01-15T15:46:05+00:00\" \/>\n<meta property=\"og:image\" content=\"https:\/\/www.guerini.it\/wp-content\/uploads\/2024\/10\/IL-CENTRO-TEDESCO-9788881074884.webp\" \/>\n\t<meta property=\"og:image:width\" content=\"643\" \/>\n\t<meta property=\"og:image:height\" content=\"1000\" \/>\n\t<meta property=\"og:image:type\" content=\"image\/webp\" \/>\n<meta name=\"twitter:card\" content=\"summary_large_image\" \/>\n<meta name=\"twitter:label1\" content=\"Tempo di lettura stimato\" \/>\n\t<meta name=\"twitter:data1\" content=\"2 minuti\" \/>\n<!-- \/ Yoast SEO plugin. -->","yoast_head_json":{"title":"Alessandro Bellino, Il centro tedesco - Guerini e Associati","description":"Questo volume ricostruisce la storia del partito cattolico tedesco facendo luce in modo particolare sulle relazioni tra il Centro e il Vaticano.","robots":{"index":"index","follow":"follow","max-snippet":"max-snippet:-1","max-image-preview":"max-image-preview:large","max-video-preview":"max-video-preview:-1"},"canonical":"https:\/\/www.guerini.it\/index.php\/prodotto\/il-centro-tedesco\/","og_locale":"it_IT","og_type":"article","og_title":"Alessandro Bellino, Il centro tedesco - Guerini e Associati","og_description":"Questo volume ricostruisce la storia del partito cattolico tedesco facendo luce in modo particolare sulle relazioni tra il Centro e il Vaticano.","og_url":"https:\/\/www.guerini.it\/index.php\/prodotto\/il-centro-tedesco\/","og_site_name":"Guerini e Associati","article_modified_time":"2026-01-15T15:46:05+00:00","og_image":[{"width":643,"height":1000,"url":"https:\/\/www.guerini.it\/wp-content\/uploads\/2024\/10\/IL-CENTRO-TEDESCO-9788881074884.webp","type":"image\/webp"}],"twitter_card":"summary_large_image","twitter_misc":{"Tempo di lettura stimato":"2 minuti"},"schema":{"@context":"https:\/\/schema.org","@graph":[{"@type":"WebPage","@id":"https:\/\/www.guerini.it\/index.php\/prodotto\/il-centro-tedesco\/","url":"https:\/\/www.guerini.it\/index.php\/prodotto\/il-centro-tedesco\/","name":"Alessandro Bellino, Il centro tedesco - Guerini e Associati","isPartOf":{"@id":"https:\/\/www.guerini.it\/#website"},"primaryImageOfPage":{"@id":"https:\/\/www.guerini.it\/index.php\/prodotto\/il-centro-tedesco\/#primaryimage"},"image":{"@id":"https:\/\/www.guerini.it\/index.php\/prodotto\/il-centro-tedesco\/#primaryimage"},"thumbnailUrl":"https:\/\/www.guerini.it\/wp-content\/uploads\/2024\/10\/IL-CENTRO-TEDESCO-9788881074884.webp","datePublished":"2024-10-01T12:31:05+00:00","dateModified":"2026-01-15T15:46:05+00:00","description":"Questo volume ricostruisce la storia del partito cattolico tedesco facendo luce in modo particolare sulle relazioni tra il Centro e il Vaticano.","breadcrumb":{"@id":"https:\/\/www.guerini.it\/index.php\/prodotto\/il-centro-tedesco\/#breadcrumb"},"inLanguage":"it-IT","potentialAction":[{"@type":"ReadAction","target":["https:\/\/www.guerini.it\/index.php\/prodotto\/il-centro-tedesco\/"]}]},{"@type":"ImageObject","inLanguage":"it-IT","@id":"https:\/\/www.guerini.it\/index.php\/prodotto\/il-centro-tedesco\/#primaryimage","url":"https:\/\/www.guerini.it\/wp-content\/uploads\/2024\/10\/IL-CENTRO-TEDESCO-9788881074884.webp","contentUrl":"https:\/\/www.guerini.it\/wp-content\/uploads\/2024\/10\/IL-CENTRO-TEDESCO-9788881074884.webp","width":643,"height":1000,"caption":"Front Cover di A. Bellino, Il centro tedesco, Guerini scientifica, 2024."},{"@type":"BreadcrumbList","@id":"https:\/\/www.guerini.it\/index.php\/prodotto\/il-centro-tedesco\/#breadcrumb","itemListElement":[{"@type":"ListItem","position":1,"name":"Home","item":"https:\/\/www.guerini.it\/"},{"@type":"ListItem","position":2,"name":"Catalogo","item":"https:\/\/www.guerini.it\/index.php\/negozio\/"},{"@type":"ListItem","position":3,"name":"Il centro tedesco"}]},{"@type":"WebSite","@id":"https:\/\/www.guerini.it\/#website","url":"https:\/\/www.guerini.it\/","name":"Guerini e Associati","description":"30 anni di libri, idee e libert\u00e0","publisher":{"@id":"https:\/\/www.guerini.it\/#organization"},"potentialAction":[{"@type":"SearchAction","target":{"@type":"EntryPoint","urlTemplate":"https:\/\/www.guerini.it\/?s={search_term_string}"},"query-input":{"@type":"PropertyValueSpecification","valueRequired":true,"valueName":"search_term_string"}}],"inLanguage":"it-IT"},{"@type":"Organization","@id":"https:\/\/www.guerini.it\/#organization","name":"Guerini e Associati","url":"https:\/\/www.guerini.it\/","logo":{"@type":"ImageObject","inLanguage":"it-IT","@id":"https:\/\/www.guerini.it\/#\/schema\/logo\/image\/","url":"https:\/\/www.guerini.it\/wp-content\/uploads\/2021\/03\/Logo-Guerini-OK_-e1615831292285.png","contentUrl":"https:\/\/www.guerini.it\/wp-content\/uploads\/2021\/03\/Logo-Guerini-OK_-e1615831292285.png","width":2805,"height":1870,"caption":"Guerini e Associati"},"image":{"@id":"https:\/\/www.guerini.it\/#\/schema\/logo\/image\/"}}]}},"_links":{"self":[{"href":"https:\/\/www.guerini.it\/index.php\/wp-json\/wp\/v2\/product\/25038","targetHints":{"allow":["GET"]}}],"collection":[{"href":"https:\/\/www.guerini.it\/index.php\/wp-json\/wp\/v2\/product"}],"about":[{"href":"https:\/\/www.guerini.it\/index.php\/wp-json\/wp\/v2\/types\/product"}],"wp:featuredmedia":[{"embeddable":true,"href":"https:\/\/www.guerini.it\/index.php\/wp-json\/wp\/v2\/media\/25039"}],"wp:attachment":[{"href":"https:\/\/www.guerini.it\/index.php\/wp-json\/wp\/v2\/media?parent=25038"}],"wp:term":[{"taxonomy":"product_brand","embeddable":true,"href":"https:\/\/www.guerini.it\/index.php\/wp-json\/wp\/v2\/product_brand?post=25038"},{"taxonomy":"product_cat","embeddable":true,"href":"https:\/\/www.guerini.it\/index.php\/wp-json\/wp\/v2\/product_cat?post=25038"},{"taxonomy":"product_tag","embeddable":true,"href":"https:\/\/www.guerini.it\/index.php\/wp-json\/wp\/v2\/product_tag?post=25038"}],"curies":[{"name":"wp","href":"https:\/\/api.w.org\/{rel}","templated":true}]}}

<p style="font-weight: 400; text-align: justify;">Il Centro tedesco è stato un partito politico formato da cattolici per difendere la Chiesa minacciata dal liberalismo e dal <em>Kulturkampf</em> di Bismarck. Non è stato però un partito confessionale e ha saputo unire la difesa della Chiesa e l’integrazione del Milieu cattolico nello Stato nazionale a un programma di innovazione politica e sociale. Questo volume, sulla base della documentazione vaticana e tedesca, ne ricostruisce la storia complessiva facendo luce in modo particolare sulle relazioni tra il Centro e il Vaticano. Ne emerge un rapporto che nel tempo ha presentato periodi di vicinanza ma anche di disaffezione o contrasto. Solo durante la Repubblica di Weimar la Santa Sede giunse a valorizzare in modo significativo la vocazione democratica del Centro: un’intuizione profetica di Eugenio Pacelli che trovò scarsa condivisione nella curia dell’epoca ma che spiega il sostegno significativo del Vaticano alla democrazia cristiana europea nel secondo dopoguerra.<br />
Il Centro è stato un laboratorio e una scuola di integrazione politica e sociale, la cui storia è fondamentale per capire l’apertura del cattolicesimo tedesco alla società odierna e la parabola di tutti gli altri partiti di ispirazione cattolica di cui il Centro ha costituito il modello.</p>
<hr />
<p style="font-weight: 400;"><strong>Alessandro Bellino</strong> è dottore di ricerca in Storia contemporanea all&#8217;Università Cattolica del Sacro Cuore di Milano. Ha svolto ricerche negli archivi vaticani e tedeschi ed è stato ricercatore all&#8217;Università di Würzburg. Per le nostre edizioni ha pubblicato <a href="https://www.guerini.it/index.php/prodotto/il-vaticano-e-hitler/"><em>Il Vaticano e Hitler. Santa Sede, Chiesa tedesca e nazismo (1922-1939)</em></a>, 2018.</p>

<p>Il Centro tedesco è stato un partito politico formato da cattolici per difendere la Chiesa minacciata dal liberalismo e dal Kulturkampf di Bismarck. Non è stato però un partito confessionale [&hellip;]</p>

30 anni di libri, idee e libertà
