{"id":25081,"date":"2024-10-09T11:08:46","date_gmt":"2024-10-09T09:08:46","guid":{"rendered":"https:\/\/www.guerini.it\/?post_type=product&#038;p=25081"},"modified":"2025-01-13T09:29:47","modified_gmt":"2025-01-13T08:29:47","slug":"la-mia-vita-nel-gulag","status":"publish","type":"product","link":"https:\/\/www.guerini.it\/index.php\/prodotto\/la-mia-vita-nel-gulag\/","title":{"rendered":"La mia vita nel Gulag"},"content":{"rendered":"<p style=\"text-align: justify;\">Una testimonianza al femminile sull\u2019universo del Gulag e sugli orrori del totalitarismo sovietico.<br \/>\nArrestata nel 1945 a 22 anni per la sua attivit\u00e0 nell\u2019AK (Armia Krajowa), l\u2019organizzazione militare clandestina polacca, Anna Szyszko-Grzywacz viene internata nel lager di Vorkuta, nell\u2019Estremo Nord della Siberia, dove trascorre 11 anni. Nella ricostruzione dell\u2019esperienza concentrazionaria, attraverso una descrizione vivida ed empatica delle dinamiche interpersonali tra le recluse e della drammatica quotidianit\u00e0 da loro vissuta, narra con semplicit\u00e0 e immediatezza la realt\u00e0 estrema e disumanizzante del Gulag. Una realt\u00e0 dove dominano brutalit\u00e0 e sopraffazione e dove la sopravvivenza per le donne, esposte di continuo alla minaccia della violenza maschile, \u00e8 particolarmente difficile. Nell\u2019orrore quotidiano raccontato da Anna Szyszko-Grzywacz trovano per\u00f2 spazio anche storie di amicizia e solidariet\u00e0 femminile, istanti di spensieratezza ed emozioni condivise in una narrazione in cui alla paura e alla dolorosa consapevolezza della detenzione si alternano le aspettative e gli slanci di una giovane donna che non rinuncia a sperare, malgrado tutto, nel futuro.<\/p>\n<hr \/>\n<p style=\"text-align: justify;\"><strong>Anna Szyszko-Grzywacz <\/strong>nasce il 10 marzo 1923 nella parte orientale della Polonia, nella regione di Vilna (Vilnius). Entra nella resistenza nel settembre 1939 come staffetta di collegamento. Nel giugno 1941 subisce il primo arresto da parte dell\u2019NKVD e viene rinchiusa nella prigione di Stara Wilejka. Nel luglio 1944 prende parte all\u2019operazione \u00abBurza\u00bb a Vilna come infermiera da campo. Dopo la presa di Vilna da parte dei sovietici i membri dell\u2019AK, che rifiutano di arruolarsi nell\u2019Armata Rossa, vengono arrestati e internati a Kaluga. Rilasciata, Anna Szyszko cambia identit\u00e0, diventando Anna Norska, e si unisce a un\u2019unit\u00e0 partigiana della foresta come tiratrice a cavallo in un gruppo di ricognizione. Arrestata dai servizi segreti sovietici nel febbraio 1945, viene reclusa dapprima a Vilna nel carcere di \u0141ukiszki, e poi a Mosca alla Lubjanka e a Butyrka. In seguito alla condanna del tribunale militare a 20 anni di lavori forzati, trascorre 11 anni nei lager di Vorkuta. Fa ritorno in patria il 24 novembre 1956 e nel 1957 sposa Bernard Grzywacz, come lei membro della Resistenza polacca ed ex internato a Vorkuta, con cui aveva intrattenuto per anni all\u2019interno del lager una corrispondenza clandestina. Muore a Varsavia il 2 agosto 2023, all\u2019et\u00e0 di 100 anni.<\/p>\n","protected":false},"excerpt":{"rendered":"<p>Una testimonianza al femminile sull\u2019universo del Gulag e sugli orrori del totalitarismo sovietico. Arrestata nel 1945 a 22 anni per la sua attivit\u00e0 nell\u2019AK (Armia Krajowa), l\u2019organizzazione militare clandestina polacca, [&hellip;]<\/p>\n","protected":false},"featured_media":25082,"template":"","meta":{"_editorskit_title_hidden":false,"_editorskit_reading_time":0,"_editorskit_is_block_options_detached":false,"_editorskit_block_options_position":"{}","_monsterinsights_skip_tracking":false,"_monsterinsights_sitenote_active":false,"_monsterinsights_sitenote_note":"","_monsterinsights_sitenote_category":0},"product_brand":[],"product_cat":[6608],"product_tag":[],"class_list":{"0":"post-25081","1":"product","2":"type-product","3":"status-publish","4":"has-post-thumbnail","6":"product_cat-narrare-la-memoria","7":"pa_guerini_amazon_link-https-www-amazon-it-vita-gulag-diario-vorkuta-1945-1956-dp-8862508824","8":"pa_guerini_feltrinelli_link-https-www-lafeltrinelli-it-mia-vita-nel-gulag-diario-libro-anna-szyszko-grzywacz-e-9788862508827","9":"pa_guerini_ibs_link-https-www-ibs-it-mia-vita-nel-gulag-diario-libro-anna-szyszko-grzywacz-e-9788862508827","10":"pa_guerini_libruniver_link-https-www-libreriauniversitaria-it-mia-vita-gulag-diario-vorkuta-libro-9788862508827","11":"pa_guerini_mondadori_link-https-www-mondadoristore-it-la-mia-vita-nel-gulag-diario-da-vorkuta-1945-1956-anna-szyszko-grzywacz-eai978886250882","13":"first","14":"instock","15":"sale","16":"shipping-taxable","17":"purchasable","18":"product-type-simple"},"yoast_head":"<!-- This site is optimized with the Yoast SEO plugin v25.4 - https:\/\/yoast.com\/wordpress\/plugins\/seo\/ -->\n<title>Anna Szyszko-Grzywacz, La mia vita nel Gulag, a cura di Luca Bernardini - Guerini e Associati<\/title>\n<meta name=\"description\" content=\"Anna Szyszko-Grzywacz riporta una preziosa testimonianza al femminile sull\u2019universo del Gulag e sugli orrori del totalitarismo sovietico.\" \/>\n<meta name=\"robots\" content=\"index, follow, max-snippet:-1, max-image-preview:large, max-video-preview:-1\" \/>\n<link rel=\"canonical\" href=\"https:\/\/www.guerini.it\/index.php\/prodotto\/la-mia-vita-nel-gulag\/\" \/>\n<meta property=\"og:locale\" content=\"it_IT\" \/>\n<meta property=\"og:type\" content=\"article\" \/>\n<meta property=\"og:title\" content=\"Anna Szyszko-Grzywacz, La mia vita nel Gulag, a cura di Luca Bernardini - Guerini e Associati\" \/>\n<meta property=\"og:description\" content=\"Anna Szyszko-Grzywacz riporta una preziosa testimonianza al femminile sull\u2019universo del Gulag e sugli orrori del totalitarismo sovietico.\" \/>\n<meta property=\"og:url\" content=\"https:\/\/www.guerini.it\/index.php\/prodotto\/la-mia-vita-nel-gulag\/\" \/>\n<meta property=\"og:site_name\" content=\"Guerini e Associati\" \/>\n<meta property=\"article:modified_time\" content=\"2025-01-13T08:29:47+00:00\" \/>\n<meta property=\"og:image\" content=\"https:\/\/www.guerini.it\/wp-content\/uploads\/2024\/10\/LA-MIA-VITA-NEL-GULAG-9788862508827.webp\" \/>\n\t<meta property=\"og:image:width\" content=\"643\" \/>\n\t<meta property=\"og:image:height\" content=\"1000\" \/>\n\t<meta property=\"og:image:type\" content=\"image\/webp\" \/>\n<meta name=\"twitter:card\" content=\"summary_large_image\" \/>\n<meta name=\"twitter:label1\" content=\"Tempo di lettura stimato\" \/>\n\t<meta name=\"twitter:data1\" content=\"3 minuti\" \/>\n<!-- \/ Yoast SEO plugin. -->","yoast_head_json":{"title":"Anna Szyszko-Grzywacz, La mia vita nel Gulag, a cura di Luca Bernardini - Guerini e Associati","description":"Anna Szyszko-Grzywacz riporta una preziosa testimonianza al femminile sull\u2019universo del Gulag e sugli orrori del totalitarismo sovietico.","robots":{"index":"index","follow":"follow","max-snippet":"max-snippet:-1","max-image-preview":"max-image-preview:large","max-video-preview":"max-video-preview:-1"},"canonical":"https:\/\/www.guerini.it\/index.php\/prodotto\/la-mia-vita-nel-gulag\/","og_locale":"it_IT","og_type":"article","og_title":"Anna Szyszko-Grzywacz, La mia vita nel Gulag, a cura di Luca Bernardini - Guerini e Associati","og_description":"Anna Szyszko-Grzywacz riporta una preziosa testimonianza al femminile sull\u2019universo del Gulag e sugli orrori del totalitarismo sovietico.","og_url":"https:\/\/www.guerini.it\/index.php\/prodotto\/la-mia-vita-nel-gulag\/","og_site_name":"Guerini e Associati","article_modified_time":"2025-01-13T08:29:47+00:00","og_image":[{"width":643,"height":1000,"url":"https:\/\/www.guerini.it\/wp-content\/uploads\/2024\/10\/LA-MIA-VITA-NEL-GULAG-9788862508827.webp","type":"image\/webp"}],"twitter_card":"summary_large_image","twitter_misc":{"Tempo di lettura stimato":"3 minuti"},"schema":{"@context":"https:\/\/schema.org","@graph":[{"@type":"WebPage","@id":"https:\/\/www.guerini.it\/index.php\/prodotto\/la-mia-vita-nel-gulag\/","url":"https:\/\/www.guerini.it\/index.php\/prodotto\/la-mia-vita-nel-gulag\/","name":"Anna Szyszko-Grzywacz, La mia vita nel Gulag, a cura di Luca Bernardini - Guerini e Associati","isPartOf":{"@id":"https:\/\/www.guerini.it\/#website"},"primaryImageOfPage":{"@id":"https:\/\/www.guerini.it\/index.php\/prodotto\/la-mia-vita-nel-gulag\/#primaryimage"},"image":{"@id":"https:\/\/www.guerini.it\/index.php\/prodotto\/la-mia-vita-nel-gulag\/#primaryimage"},"thumbnailUrl":"https:\/\/www.guerini.it\/wp-content\/uploads\/2024\/10\/LA-MIA-VITA-NEL-GULAG-9788862508827.webp","datePublished":"2024-10-09T09:08:46+00:00","dateModified":"2025-01-13T08:29:47+00:00","description":"Anna Szyszko-Grzywacz riporta una preziosa testimonianza al femminile sull\u2019universo del Gulag e sugli orrori del totalitarismo sovietico.","breadcrumb":{"@id":"https:\/\/www.guerini.it\/index.php\/prodotto\/la-mia-vita-nel-gulag\/#breadcrumb"},"inLanguage":"it-IT","potentialAction":[{"@type":"ReadAction","target":["https:\/\/www.guerini.it\/index.php\/prodotto\/la-mia-vita-nel-gulag\/"]}]},{"@type":"ImageObject","inLanguage":"it-IT","@id":"https:\/\/www.guerini.it\/index.php\/prodotto\/la-mia-vita-nel-gulag\/#primaryimage","url":"https:\/\/www.guerini.it\/wp-content\/uploads\/2024\/10\/LA-MIA-VITA-NEL-GULAG-9788862508827.webp","contentUrl":"https:\/\/www.guerini.it\/wp-content\/uploads\/2024\/10\/LA-MIA-VITA-NEL-GULAG-9788862508827.webp","width":643,"height":1000,"caption":"Front cover di A. Szyszko-Grzywacz, La mia vita nel gulag, Guerini e Associati, 2024"},{"@type":"BreadcrumbList","@id":"https:\/\/www.guerini.it\/index.php\/prodotto\/la-mia-vita-nel-gulag\/#breadcrumb","itemListElement":[{"@type":"ListItem","position":1,"name":"Home","item":"https:\/\/www.guerini.it\/"},{"@type":"ListItem","position":2,"name":"Catalogo","item":"https:\/\/www.guerini.it\/index.php\/negozio\/"},{"@type":"ListItem","position":3,"name":"La mia vita nel Gulag"}]},{"@type":"WebSite","@id":"https:\/\/www.guerini.it\/#website","url":"https:\/\/www.guerini.it\/","name":"Guerini e Associati","description":"30 anni di libri, idee e libert\u00e0","publisher":{"@id":"https:\/\/www.guerini.it\/#organization"},"potentialAction":[{"@type":"SearchAction","target":{"@type":"EntryPoint","urlTemplate":"https:\/\/www.guerini.it\/?s={search_term_string}"},"query-input":{"@type":"PropertyValueSpecification","valueRequired":true,"valueName":"search_term_string"}}],"inLanguage":"it-IT"},{"@type":"Organization","@id":"https:\/\/www.guerini.it\/#organization","name":"Guerini e Associati","url":"https:\/\/www.guerini.it\/","logo":{"@type":"ImageObject","inLanguage":"it-IT","@id":"https:\/\/www.guerini.it\/#\/schema\/logo\/image\/","url":"https:\/\/www.guerini.it\/wp-content\/uploads\/2021\/03\/Logo-Guerini-OK_-e1615831292285.png","contentUrl":"https:\/\/www.guerini.it\/wp-content\/uploads\/2021\/03\/Logo-Guerini-OK_-e1615831292285.png","width":2805,"height":1870,"caption":"Guerini e Associati"},"image":{"@id":"https:\/\/www.guerini.it\/#\/schema\/logo\/image\/"}}]}},"_links":{"self":[{"href":"https:\/\/www.guerini.it\/index.php\/wp-json\/wp\/v2\/product\/25081","targetHints":{"allow":["GET"]}}],"collection":[{"href":"https:\/\/www.guerini.it\/index.php\/wp-json\/wp\/v2\/product"}],"about":[{"href":"https:\/\/www.guerini.it\/index.php\/wp-json\/wp\/v2\/types\/product"}],"wp:featuredmedia":[{"embeddable":true,"href":"https:\/\/www.guerini.it\/index.php\/wp-json\/wp\/v2\/media\/25082"}],"wp:attachment":[{"href":"https:\/\/www.guerini.it\/index.php\/wp-json\/wp\/v2\/media?parent=25081"}],"wp:term":[{"taxonomy":"product_brand","embeddable":true,"href":"https:\/\/www.guerini.it\/index.php\/wp-json\/wp\/v2\/product_brand?post=25081"},{"taxonomy":"product_cat","embeddable":true,"href":"https:\/\/www.guerini.it\/index.php\/wp-json\/wp\/v2\/product_cat?post=25081"},{"taxonomy":"product_tag","embeddable":true,"href":"https:\/\/www.guerini.it\/index.php\/wp-json\/wp\/v2\/product_tag?post=25081"}],"curies":[{"name":"wp","href":"https:\/\/api.w.org\/{rel}","templated":true}]}}

<p style="text-align: justify;">Una testimonianza al femminile sull’universo del Gulag e sugli orrori del totalitarismo sovietico.<br />
Arrestata nel 1945 a 22 anni per la sua attività nell’AK (Armia Krajowa), l’organizzazione militare clandestina polacca, Anna Szyszko-Grzywacz viene internata nel lager di Vorkuta, nell’Estremo Nord della Siberia, dove trascorre 11 anni. Nella ricostruzione dell’esperienza concentrazionaria, attraverso una descrizione vivida ed empatica delle dinamiche interpersonali tra le recluse e della drammatica quotidianità da loro vissuta, narra con semplicità e immediatezza la realtà estrema e disumanizzante del Gulag. Una realtà dove dominano brutalità e sopraffazione e dove la sopravvivenza per le donne, esposte di continuo alla minaccia della violenza maschile, è particolarmente difficile. Nell’orrore quotidiano raccontato da Anna Szyszko-Grzywacz trovano però spazio anche storie di amicizia e solidarietà femminile, istanti di spensieratezza ed emozioni condivise in una narrazione in cui alla paura e alla dolorosa consapevolezza della detenzione si alternano le aspettative e gli slanci di una giovane donna che non rinuncia a sperare, malgrado tutto, nel futuro.</p>
<hr />
<p style="text-align: justify;"><strong>Anna Szyszko-Grzywacz </strong>nasce il 10 marzo 1923 nella parte orientale della Polonia, nella regione di Vilna (Vilnius). Entra nella resistenza nel settembre 1939 come staffetta di collegamento. Nel giugno 1941 subisce il primo arresto da parte dell’NKVD e viene rinchiusa nella prigione di Stara Wilejka. Nel luglio 1944 prende parte all’operazione «Burza» a Vilna come infermiera da campo. Dopo la presa di Vilna da parte dei sovietici i membri dell’AK, che rifiutano di arruolarsi nell’Armata Rossa, vengono arrestati e internati a Kaluga. Rilasciata, Anna Szyszko cambia identità, diventando Anna Norska, e si unisce a un’unità partigiana della foresta come tiratrice a cavallo in un gruppo di ricognizione. Arrestata dai servizi segreti sovietici nel febbraio 1945, viene reclusa dapprima a Vilna nel carcere di Łukiszki, e poi a Mosca alla Lubjanka e a Butyrka. In seguito alla condanna del tribunale militare a 20 anni di lavori forzati, trascorre 11 anni nei lager di Vorkuta. Fa ritorno in patria il 24 novembre 1956 e nel 1957 sposa Bernard Grzywacz, come lei membro della Resistenza polacca ed ex internato a Vorkuta, con cui aveva intrattenuto per anni all’interno del lager una corrispondenza clandestina. Muore a Varsavia il 2 agosto 2023, all’età di 100 anni.</p>

<p>Una testimonianza al femminile sull’universo del Gulag e sugli orrori del totalitarismo sovietico. Arrestata nel 1945 a 22 anni per la sua attività nell’AK (Armia Krajowa), l’organizzazione militare clandestina polacca, [&hellip;]</p>

30 anni di libri, idee e libertà
