{"id":25103,"date":"2024-10-14T10:42:33","date_gmt":"2024-10-14T08:42:33","guid":{"rendered":"https:\/\/www.guerini.it\/?post_type=product&#038;p=25103"},"modified":"2026-04-29T00:03:27","modified_gmt":"2026-04-28T22:03:27","slug":"sentire-con-le-piante","status":"publish","type":"product","link":"https:\/\/www.guerini.it\/index.php\/prodotto\/sentire-con-le-piante\/","title":{"rendered":"Sentire con le piante"},"content":{"rendered":"<p style=\"text-align: justify;\">\u201cSentire con le piante\u201d non \u00e8 un libro: \u00e8 un diario di bordo. Ideato, scritto e illustrato da una pedagogista, un designer e un fotografo, \u00e8 uno strumento aperto, tutto da scrivere, per promuovere una relazione attiva con il mondo vegetale. Un invito a coltivare la nostra sensibilit\u00e0 nei confronti della natura che ci circonda, per entrare in un ascolto pi\u00f9 intimo dei bisogni del pianeta.<\/p>\n<hr \/>\n<p style=\"text-align: justify;\"><strong>Beate Weyland <\/strong>\u00e8 professoressa di Didattica alla Libera Universit\u00e0 di Bolzano. Dirige presso l\u2019ateneo il laboratorio scientifico-interdisciplinare EDENlab con l\u2019obiettivo di intrecciare pedagogia e architettura per promuovere benessere e comfort negli ambienti educativi con il beneficio della natura e delle piante. L\u2019approccio della Didattica Sensoriale coinvolge gli aspetti materici dell\u2019interazione attiva con la cultura e la conoscenza e si nutre del contributo del mondo del design e delle teorie e pratiche che valorizzano il gioco come dimensione fondamentale per lo sviluppo del potenziale umano.<\/p>\n<p style=\"text-align: justify;\"><strong>Andrea Righetto <\/strong>\u00e8 un Eco-Social designer, si occupa di processi partecipativi applicati a progetti di sostenibilit\u00e0 ambientale. Nella sua ricerca si focalizza sul potenziale trasformativo del creare nuove narrazioni assieme con le comunit\u00e0 coinvolte.<\/p>\n<p style=\"text-align: justify;\"><strong>Marco Pietracupa <\/strong>\u00e8 un fotografo e artista rinomato per le immagini taglienti, iridescenti e a tratti provocatorie pubblicate su centinaia di pagine di alcune tra le pi\u00f9 celebri riviste di arte e moda del mondo. Usa spesso il flash e interventi di collage e di colore non limitandosi mai a un semplice atto estetico, ma per raccontare una storia, in questo caso quella del suo rapporto con il bosco: inteso come flora, come bosco umano e come selva di intrecci tra i viventi.<\/p>\n","protected":false},"excerpt":{"rendered":"<p>\u201cSentire con le piante\u201d non \u00e8 un libro: \u00e8 un diario di bordo. Ideato, scritto e illustrato da una pedagogista, un designer e un fotografo, \u00e8 uno strumento aperto, tutto [&hellip;]<\/p>\n","protected":false},"featured_media":25097,"template":"","meta":{"_editorskit_title_hidden":false,"_editorskit_reading_time":0,"_editorskit_is_block_options_detached":false,"_editorskit_block_options_position":"{}","_monsterinsights_skip_tracking":false,"_monsterinsights_sitenote_active":false,"_monsterinsights_sitenote_note":"","_monsterinsights_sitenote_category":0},"product_brand":[],"product_cat":[6806],"product_tag":[9084,8220,11972],"class_list":{"0":"post-25103","1":"product","2":"type-product","3":"status-publish","4":"has-post-thumbnail","6":"product_cat-senza-categoria","7":"product_tag-natura","8":"product_tag-pianeta","9":"product_tag-piante","11":"first","12":"instock","13":"sale","14":"shipping-taxable","15":"purchasable","16":"product-type-simple"},"yoast_head":"<!-- This site is optimized with the Yoast SEO plugin v25.4 - https:\/\/yoast.com\/wordpress\/plugins\/seo\/ -->\n<title>Beate Weyland, Andrea Righetto, Marco Pietracupa, Sentire con le pianteSentire con le piante - Guerini e Associati<\/title>\n<meta name=\"description\" content=\"Un invito a coltivare la nostra sensibilit\u00e0 nei confronti della natura che ci circonda, per entrare in un ascolto pi\u00f9 intimo dei bisogni del pianeta.\" \/>\n<meta name=\"robots\" content=\"index, follow, max-snippet:-1, max-image-preview:large, max-video-preview:-1\" \/>\n<link rel=\"canonical\" href=\"https:\/\/www.guerini.it\/index.php\/prodotto\/sentire-con-le-piante\/\" \/>\n<meta property=\"og:locale\" content=\"it_IT\" \/>\n<meta property=\"og:type\" content=\"article\" \/>\n<meta property=\"og:title\" content=\"Beate Weyland, Andrea Righetto, Marco Pietracupa, Sentire con le pianteSentire con le piante - Guerini e Associati\" \/>\n<meta property=\"og:description\" content=\"Un invito a coltivare la nostra sensibilit\u00e0 nei confronti della natura che ci circonda, per entrare in un ascolto pi\u00f9 intimo dei bisogni del pianeta.\" \/>\n<meta property=\"og:url\" content=\"https:\/\/www.guerini.it\/index.php\/prodotto\/sentire-con-le-piante\/\" \/>\n<meta property=\"og:site_name\" content=\"Guerini e Associati\" \/>\n<meta property=\"article:modified_time\" content=\"2026-04-28T22:03:27+00:00\" \/>\n<meta property=\"og:image\" content=\"https:\/\/www.guerini.it\/wp-content\/uploads\/2024\/10\/SENTIRE-CON-LE-PIANTE-9788881074914-scaled.webp\" \/>\n\t<meta property=\"og:image:width\" content=\"1777\" \/>\n\t<meta property=\"og:image:height\" content=\"2560\" \/>\n\t<meta property=\"og:image:type\" content=\"image\/webp\" \/>\n<meta name=\"twitter:card\" content=\"summary_large_image\" \/>\n<meta name=\"twitter:label1\" content=\"Tempo di lettura stimato\" \/>\n\t<meta name=\"twitter:data1\" content=\"2 minuti\" \/>\n<!-- \/ Yoast SEO plugin. -->","yoast_head_json":{"title":"Beate Weyland, Andrea Righetto, Marco Pietracupa, Sentire con le pianteSentire con le piante - Guerini e Associati","description":"Un invito a coltivare la nostra sensibilit\u00e0 nei confronti della natura che ci circonda, per entrare in un ascolto pi\u00f9 intimo dei bisogni del pianeta.","robots":{"index":"index","follow":"follow","max-snippet":"max-snippet:-1","max-image-preview":"max-image-preview:large","max-video-preview":"max-video-preview:-1"},"canonical":"https:\/\/www.guerini.it\/index.php\/prodotto\/sentire-con-le-piante\/","og_locale":"it_IT","og_type":"article","og_title":"Beate Weyland, Andrea Righetto, Marco Pietracupa, Sentire con le pianteSentire con le piante - Guerini e Associati","og_description":"Un invito a coltivare la nostra sensibilit\u00e0 nei confronti della natura che ci circonda, per entrare in un ascolto pi\u00f9 intimo dei bisogni del pianeta.","og_url":"https:\/\/www.guerini.it\/index.php\/prodotto\/sentire-con-le-piante\/","og_site_name":"Guerini e Associati","article_modified_time":"2026-04-28T22:03:27+00:00","og_image":[{"width":1777,"height":2560,"url":"https:\/\/www.guerini.it\/wp-content\/uploads\/2024\/10\/SENTIRE-CON-LE-PIANTE-9788881074914-scaled.webp","type":"image\/webp"}],"twitter_card":"summary_large_image","twitter_misc":{"Tempo di lettura stimato":"2 minuti"},"schema":{"@context":"https:\/\/schema.org","@graph":[{"@type":"WebPage","@id":"https:\/\/www.guerini.it\/index.php\/prodotto\/sentire-con-le-piante\/","url":"https:\/\/www.guerini.it\/index.php\/prodotto\/sentire-con-le-piante\/","name":"Beate Weyland, Andrea Righetto, Marco Pietracupa, Sentire con le pianteSentire con le piante - Guerini e Associati","isPartOf":{"@id":"https:\/\/www.guerini.it\/#website"},"primaryImageOfPage":{"@id":"https:\/\/www.guerini.it\/index.php\/prodotto\/sentire-con-le-piante\/#primaryimage"},"image":{"@id":"https:\/\/www.guerini.it\/index.php\/prodotto\/sentire-con-le-piante\/#primaryimage"},"thumbnailUrl":"https:\/\/www.guerini.it\/wp-content\/uploads\/2024\/10\/SENTIRE-CON-LE-PIANTE-9788881074914-scaled.webp","datePublished":"2024-10-14T08:42:33+00:00","dateModified":"2026-04-28T22:03:27+00:00","description":"Un invito a coltivare la nostra sensibilit\u00e0 nei confronti della natura che ci circonda, per entrare in un ascolto pi\u00f9 intimo dei bisogni del pianeta.","breadcrumb":{"@id":"https:\/\/www.guerini.it\/index.php\/prodotto\/sentire-con-le-piante\/#breadcrumb"},"inLanguage":"it-IT","potentialAction":[{"@type":"ReadAction","target":["https:\/\/www.guerini.it\/index.php\/prodotto\/sentire-con-le-piante\/"]}]},{"@type":"ImageObject","inLanguage":"it-IT","@id":"https:\/\/www.guerini.it\/index.php\/prodotto\/sentire-con-le-piante\/#primaryimage","url":"https:\/\/www.guerini.it\/wp-content\/uploads\/2024\/10\/SENTIRE-CON-LE-PIANTE-9788881074914-scaled.webp","contentUrl":"https:\/\/www.guerini.it\/wp-content\/uploads\/2024\/10\/SENTIRE-CON-LE-PIANTE-9788881074914-scaled.webp","width":1777,"height":2560,"caption":"Front Cover di B. Weyland, A. Righetto, M. Pietracupa, Sentire con le piante, Guerini scientifica, 2024"},{"@type":"BreadcrumbList","@id":"https:\/\/www.guerini.it\/index.php\/prodotto\/sentire-con-le-piante\/#breadcrumb","itemListElement":[{"@type":"ListItem","position":1,"name":"Home","item":"https:\/\/www.guerini.it\/"},{"@type":"ListItem","position":2,"name":"Catalogo","item":"https:\/\/www.guerini.it\/index.php\/negozio\/"},{"@type":"ListItem","position":3,"name":"Sentire con le piante"}]},{"@type":"WebSite","@id":"https:\/\/www.guerini.it\/#website","url":"https:\/\/www.guerini.it\/","name":"Guerini e Associati","description":"30 anni di libri, idee e libert\u00e0","publisher":{"@id":"https:\/\/www.guerini.it\/#organization"},"potentialAction":[{"@type":"SearchAction","target":{"@type":"EntryPoint","urlTemplate":"https:\/\/www.guerini.it\/?s={search_term_string}"},"query-input":{"@type":"PropertyValueSpecification","valueRequired":true,"valueName":"search_term_string"}}],"inLanguage":"it-IT"},{"@type":"Organization","@id":"https:\/\/www.guerini.it\/#organization","name":"Guerini e Associati","url":"https:\/\/www.guerini.it\/","logo":{"@type":"ImageObject","inLanguage":"it-IT","@id":"https:\/\/www.guerini.it\/#\/schema\/logo\/image\/","url":"https:\/\/www.guerini.it\/wp-content\/uploads\/2021\/03\/Logo-Guerini-OK_-e1615831292285.png","contentUrl":"https:\/\/www.guerini.it\/wp-content\/uploads\/2021\/03\/Logo-Guerini-OK_-e1615831292285.png","width":2805,"height":1870,"caption":"Guerini e Associati"},"image":{"@id":"https:\/\/www.guerini.it\/#\/schema\/logo\/image\/"}}]}},"_links":{"self":[{"href":"https:\/\/www.guerini.it\/index.php\/wp-json\/wp\/v2\/product\/25103","targetHints":{"allow":["GET"]}}],"collection":[{"href":"https:\/\/www.guerini.it\/index.php\/wp-json\/wp\/v2\/product"}],"about":[{"href":"https:\/\/www.guerini.it\/index.php\/wp-json\/wp\/v2\/types\/product"}],"wp:featuredmedia":[{"embeddable":true,"href":"https:\/\/www.guerini.it\/index.php\/wp-json\/wp\/v2\/media\/25097"}],"wp:attachment":[{"href":"https:\/\/www.guerini.it\/index.php\/wp-json\/wp\/v2\/media?parent=25103"}],"wp:term":[{"taxonomy":"product_brand","embeddable":true,"href":"https:\/\/www.guerini.it\/index.php\/wp-json\/wp\/v2\/product_brand?post=25103"},{"taxonomy":"product_cat","embeddable":true,"href":"https:\/\/www.guerini.it\/index.php\/wp-json\/wp\/v2\/product_cat?post=25103"},{"taxonomy":"product_tag","embeddable":true,"href":"https:\/\/www.guerini.it\/index.php\/wp-json\/wp\/v2\/product_tag?post=25103"}],"curies":[{"name":"wp","href":"https:\/\/api.w.org\/{rel}","templated":true}]}}

<p style="text-align: justify;">“Sentire con le piante” non è un libro: è un diario di bordo. Ideato, scritto e illustrato da una pedagogista, un designer e un fotografo, è uno strumento aperto, tutto da scrivere, per promuovere una relazione attiva con il mondo vegetale. Un invito a coltivare la nostra sensibilità nei confronti della natura che ci circonda, per entrare in un ascolto più intimo dei bisogni del pianeta.</p>
<hr />
<p style="text-align: justify;"><strong>Beate Weyland </strong>è professoressa di Didattica alla Libera Università di Bolzano. Dirige presso l’ateneo il laboratorio scientifico-interdisciplinare EDENlab con l’obiettivo di intrecciare pedagogia e architettura per promuovere benessere e comfort negli ambienti educativi con il beneficio della natura e delle piante. L’approccio della Didattica Sensoriale coinvolge gli aspetti materici dell’interazione attiva con la cultura e la conoscenza e si nutre del contributo del mondo del design e delle teorie e pratiche che valorizzano il gioco come dimensione fondamentale per lo sviluppo del potenziale umano.</p>
<p style="text-align: justify;"><strong>Andrea Righetto </strong>è un Eco-Social designer, si occupa di processi partecipativi applicati a progetti di sostenibilità ambientale. Nella sua ricerca si focalizza sul potenziale trasformativo del creare nuove narrazioni assieme con le comunità coinvolte.</p>
<p style="text-align: justify;"><strong>Marco Pietracupa </strong>è un fotografo e artista rinomato per le immagini taglienti, iridescenti e a tratti provocatorie pubblicate su centinaia di pagine di alcune tra le più celebri riviste di arte e moda del mondo. Usa spesso il flash e interventi di collage e di colore non limitandosi mai a un semplice atto estetico, ma per raccontare una storia, in questo caso quella del suo rapporto con il bosco: inteso come flora, come bosco umano e come selva di intrecci tra i viventi.</p>

<p>“Sentire con le piante” non è un libro: è un diario di bordo. Ideato, scritto e illustrato da una pedagogista, un designer e un fotografo, è uno strumento aperto, tutto [&hellip;]</p>

<!-- This site is optimized with the Yoast SEO plugin v25.4 - https://yoast.com/wordpress/plugins/seo/ -->
<title>Beate Weyland, Andrea Righetto, Marco Pietracupa, Sentire con le pianteSentire con le piante - Guerini e Associati</title>
<meta name="description" content="Un invito a coltivare la nostra sensibilità nei confronti della natura che ci circonda, per entrare in un ascolto più intimo dei bisogni del pianeta." />
<meta name="robots" content="index, follow, max-snippet:-1, max-image-preview:large, max-video-preview:-1" />
<link rel="canonical" href="https://www.guerini.it/index.php/prodotto/sentire-con-le-piante/" />
<meta property="og:locale" content="it_IT" />
<meta property="og:type" content="article" />
<meta property="og:title" content="Beate Weyland, Andrea Righetto, Marco Pietracupa, Sentire con le pianteSentire con le piante - Guerini e Associati" />
<meta property="og:description" content="Un invito a coltivare la nostra sensibilità nei confronti della natura che ci circonda, per entrare in un ascolto più intimo dei bisogni del pianeta." />
<meta property="og:url" content="https://www.guerini.it/index.php/prodotto/sentire-con-le-piante/" />
<meta property="og:site_name" content="Guerini e Associati" />
<meta property="article:modified_time" content="2026-04-28T22:03:27+00:00" />
<meta property="og:image" content="https://www.guerini.it/wp-content/uploads/2024/10/SENTIRE-CON-LE-PIANTE-9788881074914-scaled.webp" />
	<meta property="og:image:width" content="1777" />
	<meta property="og:image:height" content="2560" />
	<meta property="og:image:type" content="image/webp" />
<meta name="twitter:card" content="summary_large_image" />
<meta name="twitter:label1" content="Tempo di lettura stimato" />
	<meta name="twitter:data1" content="2 minuti" />
<!-- / Yoast SEO plugin. -->

Un invito a coltivare la nostra sensibilità nei confronti della natura che ci circonda, per entrare in un ascolto più intimo dei bisogni del pianeta.

30 anni di libri, idee e libertà
