{"id":25105,"date":"2024-10-14T11:20:21","date_gmt":"2024-10-14T09:20:21","guid":{"rendered":"https:\/\/www.guerini.it\/?post_type=product&#038;p=25105"},"modified":"2024-11-04T10:03:25","modified_gmt":"2024-11-04T09:03:25","slug":"40-i-nostri-anni-di-solidarieta","status":"publish","type":"product","link":"https:\/\/www.guerini.it\/index.php\/prodotto\/40-i-nostri-anni-di-solidarieta\/","title":{"rendered":"40. I nostri anni di solidariet\u00e0"},"content":{"rendered":"<table width=\"836\">\n<tbody>\n<tr>\n<td width=\"836\">40 sono gli anni che compie CESVI, 40 sono gli anni in cui abbiamo portato una solidariet\u00e0 concreta dovunque ci fosse bisogno di cibo, acqua, assistenza. Dove c\u2019\u00e8 bisogno di aiuto, noi ci siamo, sempre dalla parte del pi\u00f9 debole al di l\u00e0 delle ideologie, delle religioni, delle ragioni. Siamo partiti quando gli echi dei movimenti degli anni Sessanta e Settanta ci spingevano a guardare al di l\u00e0 del nostro orizzonte e impegnarci nella solidariet\u00e0 per migliorare il mondo in cui tutti viviamo. Dal nostro primo comitato Italia-Nicaragua di Bergamo, nel 1985 nacque CESVI, ONG di Cooperazione e sviluppo, oggi diventata Cooperazione Emergenza Sviluppo. In questi quarant\u2019anni grazie alla raccolta di fondi privati e pubblici siamo presenti in 27 paesi del mondo, abbiamo ovunque progetti di sostegno e partner locali, usiamo il 90% delle risorse per lo sviluppo e non per la nostra gestione. Siamo laici, indipendenti, fieri dei nostri quarant\u2019anni di attivit\u00e0, grati a chi ha contribuito con l\u2019impegno, la fiducia, la passione a sostenerci nel nostro percorso.<\/p>\n<hr \/>\n<\/td>\n<\/tr>\n<\/tbody>\n<\/table>\n<p style=\"text-align: justify;\"><strong>Maurizio Carrara<\/strong>, nato a Bergamo nel 1954, sposato, due figlie. Laureato in Architettura presso il Politecnico di Milano. Dopo esperienze giovanili di volontariato in America Latina, nel 1985, insieme a Paolo Caroli e ad altri amici, fonda l\u2019associazione <a href=\"https:\/\/www.cesvi.org\/\">CESVI<\/a> (poi Fondazione CESVI Onlus) che presiede sino al 2005. Dal maggio 2006 sino a marzo 2010 riveste il ruolo di Consigliere Delegato della <a href=\"https:\/\/www.vita.it\/\">Societ\u00e0 Editoriale Vita<\/a>. Nel 2008 \u00e8 nominato Amministratore Unico di Vitaconsulting, la societ\u00e0 di consulenza del Gruppo. Con Vita non profit magazine promuove l\u2019iniziativa di legge per favorire le deduzioni fiscali delle donazioni. Dal 2010 al 2018 dirige <a href=\"https:\/\/www.unicreditgroup.eu\/it\/unicreditfoundation.html\">UniCredit Foundation<\/a>. Nel 2015 viene nominato Presidente, a titolo gratuito, dell\u2019Istituto Milanese Pio Albergo Trivulzio. Dal 2006 \u00e8 Presidente ad Honorem di Fondazione Cesvi ETS.<\/p>\n","protected":false},"excerpt":{"rendered":"<p>40 sono gli anni che compie CESVI, 40 sono gli anni in cui abbiamo portato una solidariet\u00e0 concreta dovunque ci fosse bisogno di cibo, acqua, assistenza. Dove c\u2019\u00e8 bisogno di [&hellip;]<\/p>\n","protected":false},"featured_media":25106,"template":"","meta":{"_editorskit_title_hidden":false,"_editorskit_reading_time":0,"_editorskit_is_block_options_detached":false,"_editorskit_block_options_position":"{}","_monsterinsights_skip_tracking":false,"_monsterinsights_sitenote_active":false,"_monsterinsights_sitenote_note":"","_monsterinsights_sitenote_category":0},"product_brand":[],"product_cat":[6728],"product_tag":[11975,11974,11976],"class_list":{"0":"post-25105","1":"product","2":"type-product","3":"status-publish","4":"has-post-thumbnail","6":"product_cat-ultime_novita","7":"product_tag-cooperazione","8":"product_tag-soliderita","9":"product_tag-volontariato","10":"pa_guerini_amazon_link-https-www-amazon-it-en-dp-8862509367","11":"pa_guerini_feltrinelli_link-https-www-lafeltrinelli-it-40-nostri-anni-di-solidarieta-libro-maurizio-carrara-e-9788862509367","12":"pa_guerini_ibs_link-https-www-ibs-it-40-nostri-anni-di-solidarieta-libro-maurizio-carrara-e-9788862509367","13":"pa_guerini_libruniver_link-https-www-libreriauniversitaria-it-40-nostri-anni-solidarieta-carrara-libro-9788862509367","14":"pa_guerini_mondadori_link-https-www-mondadoristore-it-40-i-nostri-anni-di-solidarieta-maurizio-carrara-eai978886250936","16":"first","17":"instock","18":"sale","19":"shipping-taxable","20":"purchasable","21":"product-type-simple"},"yoast_head":"<!-- This site is optimized with the Yoast SEO plugin v25.4 - https:\/\/yoast.com\/wordpress\/plugins\/seo\/ -->\n<title>Maurizio Carrara, 40. I nostri anni di solidariet\u00e0 - Guerini e Associati<\/title>\n<meta name=\"description\" content=\"40 sono gli anni che compie CESVI, 40 sono gli anni in cui abbiamo portato una solidariet\u00e0 concreta dovunque ci fosse bisogno di cibo, acqua, assistenza.\" \/>\n<meta name=\"robots\" content=\"index, follow, max-snippet:-1, max-image-preview:large, max-video-preview:-1\" \/>\n<link rel=\"canonical\" href=\"https:\/\/www.guerini.it\/index.php\/prodotto\/40-i-nostri-anni-di-solidarieta\/\" \/>\n<meta property=\"og:locale\" content=\"it_IT\" \/>\n<meta property=\"og:type\" content=\"article\" \/>\n<meta property=\"og:title\" content=\"Maurizio Carrara, 40. I nostri anni di solidariet\u00e0 - Guerini e Associati\" \/>\n<meta property=\"og:description\" content=\"40 sono gli anni che compie CESVI, 40 sono gli anni in cui abbiamo portato una solidariet\u00e0 concreta dovunque ci fosse bisogno di cibo, acqua, assistenza.\" \/>\n<meta property=\"og:url\" content=\"https:\/\/www.guerini.it\/index.php\/prodotto\/40-i-nostri-anni-di-solidarieta\/\" \/>\n<meta property=\"og:site_name\" content=\"Guerini e Associati\" \/>\n<meta property=\"article:modified_time\" content=\"2024-11-04T09:03:25+00:00\" \/>\n<meta property=\"og:image\" content=\"https:\/\/www.guerini.it\/wp-content\/uploads\/2024\/10\/40-I-NOSTRI-ANNI-DI-SOLIDARIETA-9788862509367.webp\" \/>\n\t<meta property=\"og:image:width\" content=\"696\" \/>\n\t<meta property=\"og:image:height\" content=\"1000\" \/>\n\t<meta property=\"og:image:type\" content=\"image\/webp\" \/>\n<meta name=\"twitter:card\" content=\"summary_large_image\" \/>\n<meta name=\"twitter:label1\" content=\"Tempo di lettura stimato\" \/>\n\t<meta name=\"twitter:data1\" content=\"2 minuti\" \/>\n<!-- \/ Yoast SEO plugin. -->","yoast_head_json":{"title":"Maurizio Carrara, 40. I nostri anni di solidariet\u00e0 - Guerini e Associati","description":"40 sono gli anni che compie CESVI, 40 sono gli anni in cui abbiamo portato una solidariet\u00e0 concreta dovunque ci fosse bisogno di cibo, acqua, assistenza.","robots":{"index":"index","follow":"follow","max-snippet":"max-snippet:-1","max-image-preview":"max-image-preview:large","max-video-preview":"max-video-preview:-1"},"canonical":"https:\/\/www.guerini.it\/index.php\/prodotto\/40-i-nostri-anni-di-solidarieta\/","og_locale":"it_IT","og_type":"article","og_title":"Maurizio Carrara, 40. I nostri anni di solidariet\u00e0 - Guerini e Associati","og_description":"40 sono gli anni che compie CESVI, 40 sono gli anni in cui abbiamo portato una solidariet\u00e0 concreta dovunque ci fosse bisogno di cibo, acqua, assistenza.","og_url":"https:\/\/www.guerini.it\/index.php\/prodotto\/40-i-nostri-anni-di-solidarieta\/","og_site_name":"Guerini e Associati","article_modified_time":"2024-11-04T09:03:25+00:00","og_image":[{"width":696,"height":1000,"url":"https:\/\/www.guerini.it\/wp-content\/uploads\/2024\/10\/40-I-NOSTRI-ANNI-DI-SOLIDARIETA-9788862509367.webp","type":"image\/webp"}],"twitter_card":"summary_large_image","twitter_misc":{"Tempo di lettura stimato":"2 minuti"},"schema":{"@context":"https:\/\/schema.org","@graph":[{"@type":"WebPage","@id":"https:\/\/www.guerini.it\/index.php\/prodotto\/40-i-nostri-anni-di-solidarieta\/","url":"https:\/\/www.guerini.it\/index.php\/prodotto\/40-i-nostri-anni-di-solidarieta\/","name":"Maurizio Carrara, 40. I nostri anni di solidariet\u00e0 - Guerini e Associati","isPartOf":{"@id":"https:\/\/www.guerini.it\/#website"},"primaryImageOfPage":{"@id":"https:\/\/www.guerini.it\/index.php\/prodotto\/40-i-nostri-anni-di-solidarieta\/#primaryimage"},"image":{"@id":"https:\/\/www.guerini.it\/index.php\/prodotto\/40-i-nostri-anni-di-solidarieta\/#primaryimage"},"thumbnailUrl":"https:\/\/www.guerini.it\/wp-content\/uploads\/2024\/10\/40-I-NOSTRI-ANNI-DI-SOLIDARIETA-9788862509367.webp","datePublished":"2024-10-14T09:20:21+00:00","dateModified":"2024-11-04T09:03:25+00:00","description":"40 sono gli anni che compie CESVI, 40 sono gli anni in cui abbiamo portato una solidariet\u00e0 concreta dovunque ci fosse bisogno di cibo, acqua, assistenza.","breadcrumb":{"@id":"https:\/\/www.guerini.it\/index.php\/prodotto\/40-i-nostri-anni-di-solidarieta\/#breadcrumb"},"inLanguage":"it-IT","potentialAction":[{"@type":"ReadAction","target":["https:\/\/www.guerini.it\/index.php\/prodotto\/40-i-nostri-anni-di-solidarieta\/"]}]},{"@type":"ImageObject","inLanguage":"it-IT","@id":"https:\/\/www.guerini.it\/index.php\/prodotto\/40-i-nostri-anni-di-solidarieta\/#primaryimage","url":"https:\/\/www.guerini.it\/wp-content\/uploads\/2024\/10\/40-I-NOSTRI-ANNI-DI-SOLIDARIETA-9788862509367.webp","contentUrl":"https:\/\/www.guerini.it\/wp-content\/uploads\/2024\/10\/40-I-NOSTRI-ANNI-DI-SOLIDARIETA-9788862509367.webp","width":696,"height":1000,"caption":"Front Cover di M. Carrara, 40. I nostri anni di solidariet\u00e0, Guerini e Associati, 2024"},{"@type":"BreadcrumbList","@id":"https:\/\/www.guerini.it\/index.php\/prodotto\/40-i-nostri-anni-di-solidarieta\/#breadcrumb","itemListElement":[{"@type":"ListItem","position":1,"name":"Home","item":"https:\/\/www.guerini.it\/"},{"@type":"ListItem","position":2,"name":"Catalogo","item":"https:\/\/www.guerini.it\/index.php\/negozio\/"},{"@type":"ListItem","position":3,"name":"40. I nostri anni di solidariet\u00e0"}]},{"@type":"WebSite","@id":"https:\/\/www.guerini.it\/#website","url":"https:\/\/www.guerini.it\/","name":"Guerini e Associati","description":"30 anni di libri, idee e libert\u00e0","publisher":{"@id":"https:\/\/www.guerini.it\/#organization"},"potentialAction":[{"@type":"SearchAction","target":{"@type":"EntryPoint","urlTemplate":"https:\/\/www.guerini.it\/?s={search_term_string}"},"query-input":{"@type":"PropertyValueSpecification","valueRequired":true,"valueName":"search_term_string"}}],"inLanguage":"it-IT"},{"@type":"Organization","@id":"https:\/\/www.guerini.it\/#organization","name":"Guerini e Associati","url":"https:\/\/www.guerini.it\/","logo":{"@type":"ImageObject","inLanguage":"it-IT","@id":"https:\/\/www.guerini.it\/#\/schema\/logo\/image\/","url":"https:\/\/www.guerini.it\/wp-content\/uploads\/2021\/03\/Logo-Guerini-OK_-e1615831292285.png","contentUrl":"https:\/\/www.guerini.it\/wp-content\/uploads\/2021\/03\/Logo-Guerini-OK_-e1615831292285.png","width":2805,"height":1870,"caption":"Guerini e Associati"},"image":{"@id":"https:\/\/www.guerini.it\/#\/schema\/logo\/image\/"}}]}},"_links":{"self":[{"href":"https:\/\/www.guerini.it\/index.php\/wp-json\/wp\/v2\/product\/25105","targetHints":{"allow":["GET"]}}],"collection":[{"href":"https:\/\/www.guerini.it\/index.php\/wp-json\/wp\/v2\/product"}],"about":[{"href":"https:\/\/www.guerini.it\/index.php\/wp-json\/wp\/v2\/types\/product"}],"wp:featuredmedia":[{"embeddable":true,"href":"https:\/\/www.guerini.it\/index.php\/wp-json\/wp\/v2\/media\/25106"}],"wp:attachment":[{"href":"https:\/\/www.guerini.it\/index.php\/wp-json\/wp\/v2\/media?parent=25105"}],"wp:term":[{"taxonomy":"product_brand","embeddable":true,"href":"https:\/\/www.guerini.it\/index.php\/wp-json\/wp\/v2\/product_brand?post=25105"},{"taxonomy":"product_cat","embeddable":true,"href":"https:\/\/www.guerini.it\/index.php\/wp-json\/wp\/v2\/product_cat?post=25105"},{"taxonomy":"product_tag","embeddable":true,"href":"https:\/\/www.guerini.it\/index.php\/wp-json\/wp\/v2\/product_tag?post=25105"}],"curies":[{"name":"wp","href":"https:\/\/api.w.org\/{rel}","templated":true}]}}

40. I nostri anni di solidarietà

<table width="836">
<tbody>
<tr>
<td width="836">40 sono gli anni che compie CESVI, 40 sono gli anni in cui abbiamo portato una solidarietà concreta dovunque ci fosse bisogno di cibo, acqua, assistenza. Dove c’è bisogno di aiuto, noi ci siamo, sempre dalla parte del più debole al di là delle ideologie, delle religioni, delle ragioni. Siamo partiti quando gli echi dei movimenti degli anni Sessanta e Settanta ci spingevano a guardare al di là del nostro orizzonte e impegnarci nella solidarietà per migliorare il mondo in cui tutti viviamo. Dal nostro primo comitato Italia-Nicaragua di Bergamo, nel 1985 nacque CESVI, ONG di Cooperazione e sviluppo, oggi diventata Cooperazione Emergenza Sviluppo. In questi quarant’anni grazie alla raccolta di fondi privati e pubblici siamo presenti in 27 paesi del mondo, abbiamo ovunque progetti di sostegno e partner locali, usiamo il 90% delle risorse per lo sviluppo e non per la nostra gestione. Siamo laici, indipendenti, fieri dei nostri quarant’anni di attività, grati a chi ha contribuito con l’impegno, la fiducia, la passione a sostenerci nel nostro percorso.</p>
<hr />
</td>
</tr>
</tbody>
</table>
<p style="text-align: justify;"><strong>Maurizio Carrara</strong>, nato a Bergamo nel 1954, sposato, due figlie. Laureato in Architettura presso il Politecnico di Milano. Dopo esperienze giovanili di volontariato in America Latina, nel 1985, insieme a Paolo Caroli e ad altri amici, fonda l’associazione <a href="https://www.cesvi.org/">CESVI</a> (poi Fondazione CESVI Onlus) che presiede sino al 2005. Dal maggio 2006 sino a marzo 2010 riveste il ruolo di Consigliere Delegato della <a href="https://www.vita.it/">Società Editoriale Vita</a>. Nel 2008 è nominato Amministratore Unico di Vitaconsulting, la società di consulenza del Gruppo. Con Vita non profit magazine promuove l’iniziativa di legge per favorire le deduzioni fiscali delle donazioni. Dal 2010 al 2018 dirige <a href="https://www.unicreditgroup.eu/it/unicreditfoundation.html">UniCredit Foundation</a>. Nel 2015 viene nominato Presidente, a titolo gratuito, dell’Istituto Milanese Pio Albergo Trivulzio. Dal 2006 è Presidente ad Honorem di Fondazione Cesvi ETS.</p>

<p>40 sono gli anni che compie CESVI, 40 sono gli anni in cui abbiamo portato una solidarietà concreta dovunque ci fosse bisogno di cibo, acqua, assistenza. Dove c’è bisogno di [&hellip;]</p>

<!-- This site is optimized with the Yoast SEO plugin v25.4 - https://yoast.com/wordpress/plugins/seo/ -->
<title>Maurizio Carrara, 40. I nostri anni di solidarietà - Guerini e Associati</title>
<meta name="description" content="40 sono gli anni che compie CESVI, 40 sono gli anni in cui abbiamo portato una solidarietà concreta dovunque ci fosse bisogno di cibo, acqua, assistenza." />
<meta name="robots" content="index, follow, max-snippet:-1, max-image-preview:large, max-video-preview:-1" />
<link rel="canonical" href="https://www.guerini.it/index.php/prodotto/40-i-nostri-anni-di-solidarieta/" />
<meta property="og:locale" content="it_IT" />
<meta property="og:type" content="article" />
<meta property="og:title" content="Maurizio Carrara, 40. I nostri anni di solidarietà - Guerini e Associati" />
<meta property="og:description" content="40 sono gli anni che compie CESVI, 40 sono gli anni in cui abbiamo portato una solidarietà concreta dovunque ci fosse bisogno di cibo, acqua, assistenza." />
<meta property="og:url" content="https://www.guerini.it/index.php/prodotto/40-i-nostri-anni-di-solidarieta/" />
<meta property="og:site_name" content="Guerini e Associati" />
<meta property="article:modified_time" content="2024-11-04T09:03:25+00:00" />
<meta property="og:image" content="https://www.guerini.it/wp-content/uploads/2024/10/40-I-NOSTRI-ANNI-DI-SOLIDARIETA-9788862509367.webp" />
	<meta property="og:image:width" content="696" />
	<meta property="og:image:height" content="1000" />
	<meta property="og:image:type" content="image/webp" />
<meta name="twitter:card" content="summary_large_image" />
<meta name="twitter:label1" content="Tempo di lettura stimato" />
	<meta name="twitter:data1" content="2 minuti" />
<!-- / Yoast SEO plugin. -->

Maurizio Carrara, 40. I nostri anni di solidarietà - Guerini e Associati

40 sono gli anni che compie CESVI, 40 sono gli anni in cui abbiamo portato una solidarietà concreta dovunque ci fosse bisogno di cibo, acqua, assistenza.

Front Cover di M. Carrara, 40. I nostri anni di solidarietà, Guerini e Associati, 2024

30 anni di libri, idee e libertà
