{"id":25132,"date":"2024-10-17T10:25:22","date_gmt":"2024-10-17T08:25:22","guid":{"rendered":"https:\/\/www.guerini.it\/?post_type=product&#038;p=25132"},"modified":"2025-08-06T11:58:35","modified_gmt":"2025-08-06T09:58:35","slug":"imprese-familiari","status":"publish","type":"product","link":"https:\/\/www.guerini.it\/index.php\/prodotto\/imprese-familiari\/","title":{"rendered":"Imprese familiari"},"content":{"rendered":"<p style=\"text-align: justify;\">Questo libro offre un\u2019analisi delle imprese familiari guidando il lettore attraverso la comprensione delle relative complessit\u00e0 e traiettorie evolutive.<br \/>\nAvvalendosi di modelli teorici, casi e strumenti pratici, il libro riflette su temi come la governance, i conflitti, i valori e la cultura. Il testo affronta il tema del passaggio generazionale illustrando come coltivare la stewardship nelle generazioni future. Il filo conduttore \u00e8 l\u2019intenzionalit\u00e0 nell\u2019affrontare consapevolmente questi argomenti. Un\u2019opera pensata per comprendere il mondo delle imprese familiari e la loro rilevanza per il nostro Paese.<\/p>\n<hr \/>\n<p style=\"text-align: justify;\"><strong>Cristina Bettinelli <\/strong>\u00e8\u00a0Professoressa Ordinaria di Economia e Gestione delle Imprese presso l\u2019Universit\u00e0 degli Studi di Bergamo. Dirige il Center for Young and Family Enterprise CYFE presso la stessa Universit\u00e0. Insegna Management delle Imprese Familiari in corsi di laurea triennale, magistrale e in corsi executive. Si \u00e8 laureata presso l\u2019Universit\u00e0 degli Studi di Bergamo, ha compiuto parte dei suoi studi di dottorato presso la Harvard University, \u00e8 stata visiting professor presso l\u2019Universit\u00e0 l\u2019Universit\u00e0 di Grenoble-II e l\u2019Universit\u00e0 di Linz in Austria.<br \/>\n<strong>Olivia Mathijsen<\/strong> \u00e8 consulente ed executive coach senior. Lavora in Italia e all\u2019estero con dirigenti e manager di aziende e imprese familiari. Il suo approccio candor with compassion aiuta i clienti a crescere in leadership e nell\u2019impatto sul business. Ha un BA in psicologia (Bryn Mawr College), Master in International Management (SDA Bocconi) e Executive Master in Consulting for Change (INSEAD).<\/p>\n<hr \/>\n<p>Per consultare il Teaching Case Study Pastificio Rana S.p.A e Distillatori Nonino S.R.L. \u00e8 necessario effettuare la registrazione al sito <a href=\"https:\/\/guerinionline.it\">Guerini Online<\/a> utilizzando lo scratch off riportato sul libro.<\/p>\n<p>Metadati specifici degli articoli: <a href=\"https:\/\/www.medra.org\/servlet\/view?lang=it&amp;doi=10.17465\/202502\">Pastificio Rana<\/a> e <a href=\"https:\/\/www.medra.org\/servlet\/view?lang=it&amp;doi=10.17465\/202501\">Distillatori Nonino<\/a>.<\/p>\n","protected":false},"excerpt":{"rendered":"<p>Questo libro offre un\u2019analisi delle imprese familiari guidando il lettore attraverso la comprensione delle relative complessit\u00e0 e traiettorie evolutive. Avvalendosi di modelli teorici, casi e strumenti pratici, il libro riflette [&hellip;]<\/p>\n","protected":false},"featured_media":25133,"template":"","meta":{"_editorskit_title_hidden":false,"_editorskit_reading_time":0,"_editorskit_is_block_options_detached":false,"_editorskit_block_options_position":"{}","_monsterinsights_skip_tracking":false,"_monsterinsights_sitenote_active":false,"_monsterinsights_sitenote_note":"","_monsterinsights_sitenote_category":0},"product_brand":[],"product_cat":[6805,6728],"product_tag":[8241,8540,10979,11248],"class_list":{"0":"post-25132","1":"product","2":"type-product","3":"status-publish","4":"has-post-thumbnail","6":"product_cat-guerini-next","7":"product_cat-ultime_novita","8":"product_tag-azienda","9":"product_tag-governance","10":"product_tag-imprese-familiari","11":"product_tag-passaggio-generazionale","12":"pa_guerini_amazon_link-https-www-amazon-it-en-dp-8868965798","13":"pa_guerini_feltrinelli_link-https-www-lafeltrinelli-it-imprese-familiari-teoria-pratica-per-libro-cristina-bettinelli-olivia-mathijsen-e-9788868965792","14":"pa_guerini_ibs_link-https-www-ibs-it-imprese-familiari-teoria-pratica-per-libro-cristina-bettinelli-olivia-mathijsen-e-9788868965792","15":"pa_guerini_libruniver_link-https-www-libreriauniversitaria-it-imprese-familiari-teoria-pratica-gestire-libro-9788868965792","16":"pa_guerini_mondadori_link-https-www-mondadoristore-it-imprese-familiari-teoria-e-pratica-per-gestire-con-intenzione-cristin-betti-olivi-mathijsen-eai978886896579","18":"first","19":"instock","20":"sale","21":"shipping-taxable","22":"purchasable","23":"product-type-simple"},"yoast_head":"<!-- This site is optimized with the Yoast SEO plugin v25.4 - https:\/\/yoast.com\/wordpress\/plugins\/seo\/ -->\n<title>Cristina Bettinelli, Olivia Mathijsen, Imprese familiari - Edizioni Guerini<\/title>\n<meta name=\"description\" content=\"Un testo pensato per analizzare il mondo delle imprese familiari e la loro rilevanza per il nostro Paese attraverso modelli teorici e strumenti pratici.\" \/>\n<meta name=\"robots\" content=\"index, follow, max-snippet:-1, max-image-preview:large, max-video-preview:-1\" \/>\n<link rel=\"canonical\" href=\"https:\/\/www.guerini.it\/index.php\/prodotto\/imprese-familiari\/\" \/>\n<meta property=\"og:locale\" content=\"it_IT\" \/>\n<meta property=\"og:type\" content=\"article\" \/>\n<meta property=\"og:title\" content=\"Cristina Bettinelli, Olivia Mathijsen, Imprese familiari - Edizioni Guerini\" \/>\n<meta property=\"og:description\" content=\"Un testo pensato per analizzare il mondo delle imprese familiari e la loro rilevanza per il nostro Paese attraverso modelli teorici e strumenti pratici.\" \/>\n<meta property=\"og:url\" content=\"https:\/\/www.guerini.it\/index.php\/prodotto\/imprese-familiari\/\" \/>\n<meta property=\"og:site_name\" content=\"Guerini e Associati\" \/>\n<meta property=\"article:modified_time\" content=\"2025-08-06T09:58:35+00:00\" \/>\n<meta property=\"og:image\" content=\"https:\/\/www.guerini.it\/wp-content\/uploads\/2024\/10\/IMPRESE-FAMILIARI-9788868965792.webp\" \/>\n\t<meta property=\"og:image:width\" content=\"643\" \/>\n\t<meta property=\"og:image:height\" content=\"1000\" \/>\n\t<meta property=\"og:image:type\" content=\"image\/webp\" \/>\n<meta name=\"twitter:card\" content=\"summary_large_image\" \/>\n<meta name=\"twitter:label1\" content=\"Tempo di lettura stimato\" \/>\n\t<meta name=\"twitter:data1\" content=\"2 minuti\" \/>\n<!-- \/ Yoast SEO plugin. -->","yoast_head_json":{"title":"Cristina Bettinelli, Olivia Mathijsen, Imprese familiari - Edizioni Guerini","description":"Un testo pensato per analizzare il mondo delle imprese familiari e la loro rilevanza per il nostro Paese attraverso modelli teorici e strumenti pratici.","robots":{"index":"index","follow":"follow","max-snippet":"max-snippet:-1","max-image-preview":"max-image-preview:large","max-video-preview":"max-video-preview:-1"},"canonical":"https:\/\/www.guerini.it\/index.php\/prodotto\/imprese-familiari\/","og_locale":"it_IT","og_type":"article","og_title":"Cristina Bettinelli, Olivia Mathijsen, Imprese familiari - Edizioni Guerini","og_description":"Un testo pensato per analizzare il mondo delle imprese familiari e la loro rilevanza per il nostro Paese attraverso modelli teorici e strumenti pratici.","og_url":"https:\/\/www.guerini.it\/index.php\/prodotto\/imprese-familiari\/","og_site_name":"Guerini e Associati","article_modified_time":"2025-08-06T09:58:35+00:00","og_image":[{"width":643,"height":1000,"url":"https:\/\/www.guerini.it\/wp-content\/uploads\/2024\/10\/IMPRESE-FAMILIARI-9788868965792.webp","type":"image\/webp"}],"twitter_card":"summary_large_image","twitter_misc":{"Tempo di lettura stimato":"2 minuti"},"schema":{"@context":"https:\/\/schema.org","@graph":[{"@type":"WebPage","@id":"https:\/\/www.guerini.it\/index.php\/prodotto\/imprese-familiari\/","url":"https:\/\/www.guerini.it\/index.php\/prodotto\/imprese-familiari\/","name":"Cristina Bettinelli, Olivia Mathijsen, Imprese familiari - Edizioni Guerini","isPartOf":{"@id":"https:\/\/www.guerini.it\/#website"},"primaryImageOfPage":{"@id":"https:\/\/www.guerini.it\/index.php\/prodotto\/imprese-familiari\/#primaryimage"},"image":{"@id":"https:\/\/www.guerini.it\/index.php\/prodotto\/imprese-familiari\/#primaryimage"},"thumbnailUrl":"https:\/\/www.guerini.it\/wp-content\/uploads\/2024\/10\/IMPRESE-FAMILIARI-9788868965792.webp","datePublished":"2024-10-17T08:25:22+00:00","dateModified":"2025-08-06T09:58:35+00:00","description":"Un testo pensato per analizzare il mondo delle imprese familiari e la loro rilevanza per il nostro Paese attraverso modelli teorici e strumenti pratici.","breadcrumb":{"@id":"https:\/\/www.guerini.it\/index.php\/prodotto\/imprese-familiari\/#breadcrumb"},"inLanguage":"it-IT","potentialAction":[{"@type":"ReadAction","target":["https:\/\/www.guerini.it\/index.php\/prodotto\/imprese-familiari\/"]}]},{"@type":"ImageObject","inLanguage":"it-IT","@id":"https:\/\/www.guerini.it\/index.php\/prodotto\/imprese-familiari\/#primaryimage","url":"https:\/\/www.guerini.it\/wp-content\/uploads\/2024\/10\/IMPRESE-FAMILIARI-9788868965792.webp","contentUrl":"https:\/\/www.guerini.it\/wp-content\/uploads\/2024\/10\/IMPRESE-FAMILIARI-9788868965792.webp","width":643,"height":1000,"caption":"Front cover di C. Bettinelli, O. Mathijsen, Imprese familiari, Guerini Next, 2024"},{"@type":"BreadcrumbList","@id":"https:\/\/www.guerini.it\/index.php\/prodotto\/imprese-familiari\/#breadcrumb","itemListElement":[{"@type":"ListItem","position":1,"name":"Home","item":"https:\/\/www.guerini.it\/"},{"@type":"ListItem","position":2,"name":"Catalogo","item":"https:\/\/www.guerini.it\/index.php\/negozio\/"},{"@type":"ListItem","position":3,"name":"Imprese familiari"}]},{"@type":"WebSite","@id":"https:\/\/www.guerini.it\/#website","url":"https:\/\/www.guerini.it\/","name":"Guerini e Associati","description":"30 anni di libri, idee e libert\u00e0","publisher":{"@id":"https:\/\/www.guerini.it\/#organization"},"potentialAction":[{"@type":"SearchAction","target":{"@type":"EntryPoint","urlTemplate":"https:\/\/www.guerini.it\/?s={search_term_string}"},"query-input":{"@type":"PropertyValueSpecification","valueRequired":true,"valueName":"search_term_string"}}],"inLanguage":"it-IT"},{"@type":"Organization","@id":"https:\/\/www.guerini.it\/#organization","name":"Guerini e Associati","url":"https:\/\/www.guerini.it\/","logo":{"@type":"ImageObject","inLanguage":"it-IT","@id":"https:\/\/www.guerini.it\/#\/schema\/logo\/image\/","url":"https:\/\/www.guerini.it\/wp-content\/uploads\/2021\/03\/Logo-Guerini-OK_-e1615831292285.png","contentUrl":"https:\/\/www.guerini.it\/wp-content\/uploads\/2021\/03\/Logo-Guerini-OK_-e1615831292285.png","width":2805,"height":1870,"caption":"Guerini e Associati"},"image":{"@id":"https:\/\/www.guerini.it\/#\/schema\/logo\/image\/"}}]}},"_links":{"self":[{"href":"https:\/\/www.guerini.it\/index.php\/wp-json\/wp\/v2\/product\/25132","targetHints":{"allow":["GET"]}}],"collection":[{"href":"https:\/\/www.guerini.it\/index.php\/wp-json\/wp\/v2\/product"}],"about":[{"href":"https:\/\/www.guerini.it\/index.php\/wp-json\/wp\/v2\/types\/product"}],"wp:featuredmedia":[{"embeddable":true,"href":"https:\/\/www.guerini.it\/index.php\/wp-json\/wp\/v2\/media\/25133"}],"wp:attachment":[{"href":"https:\/\/www.guerini.it\/index.php\/wp-json\/wp\/v2\/media?parent=25132"}],"wp:term":[{"taxonomy":"product_brand","embeddable":true,"href":"https:\/\/www.guerini.it\/index.php\/wp-json\/wp\/v2\/product_brand?post=25132"},{"taxonomy":"product_cat","embeddable":true,"href":"https:\/\/www.guerini.it\/index.php\/wp-json\/wp\/v2\/product_cat?post=25132"},{"taxonomy":"product_tag","embeddable":true,"href":"https:\/\/www.guerini.it\/index.php\/wp-json\/wp\/v2\/product_tag?post=25132"}],"curies":[{"name":"wp","href":"https:\/\/api.w.org\/{rel}","templated":true}]}}