{"id":25152,"date":"2024-10-24T13:01:43","date_gmt":"2024-10-24T11:01:43","guid":{"rendered":"https:\/\/www.guerini.it\/?post_type=product&#038;p=25152"},"modified":"2025-01-13T09:22:27","modified_gmt":"2025-01-13T08:22:27","slug":"pratiche-di-resistenza-nella-vita-quotidiana","status":"publish","type":"product","link":"https:\/\/www.guerini.it\/index.php\/prodotto\/pratiche-di-resistenza-nella-vita-quotidiana\/","title":{"rendered":"Pratiche di resistenza nella vita quotidiana"},"content":{"rendered":"<p style=\"text-align: justify;\">\u00c8 finito il tempo delle fratture sociali nette e dei conflitti tra gruppi sociali definiti, ma non per questo vengono meno situazioni di oppressione. Sulla scorta di De Certeau, il volume riconosce la presenza di pratiche di resistenza che, magari in modo non del tutto consapevole, creano spazi di opposizione a forme di potere pervasivo. Pratiche spesso sotterranee, che emergono e si radicano nella vita quotidiana, non solo luogo della routine statica: in essa i soggetti riescono a elaborare nuove forme di esperienza, da cui possono scaturire frammenti di nuova aggregazione sociale e di convivenza, aprendo spazi per \u00abpolitiche del possibile\u00bb, ricollocazioni nel tempo, inediti confronti con radici collettive ed emozioni e sentimenti personali.<\/p>\n<hr \/>\n<p style=\"text-align: justify;\"><strong>Tarcisio Plebani<\/strong> \u00e8 attivo in ambito sociale come volontario in diverse associazioni (ACLI, Libera, movimenti per la pace); ha avuto incarichi professionali e responsabilit\u00e0 politiche; in cooperative sociali, nel settore della disabilit\u00e0, ha svolto attivit\u00e0 di coordinamento educativo e gestionale. Ha ricoperto ruoli di docenza in licei (sociologia e psicologia, diritto ed economia) e con l\u2019Universit\u00e0 di Bergamo. Ha pubblicato <em>Riguardo all\u2019handicap<\/em>, con Damiano Previtali, <em>La trama e l\u2019intreccio. Percorsi dell\u2019identit\u00e0 giovanile nella post-modernit\u00e0<\/em>.<\/p>\n","protected":false},"excerpt":{"rendered":"<p>\u00c8 finito il tempo delle fratture sociali nette e dei conflitti tra gruppi sociali definiti, ma non per questo vengono meno situazioni di oppressione. Sulla scorta di De Certeau, il [&hellip;]<\/p>\n","protected":false},"featured_media":25153,"template":"","meta":{"_editorskit_title_hidden":false,"_editorskit_reading_time":0,"_editorskit_is_block_options_detached":false,"_editorskit_block_options_position":"{}","_monsterinsights_skip_tracking":false,"_monsterinsights_sitenote_active":false,"_monsterinsights_sitenote_note":"","_monsterinsights_sitenote_category":0},"product_brand":[],"product_cat":[11784],"product_tag":[],"class_list":{"0":"post-25152","1":"product","2":"type-product","3":"status-publish","4":"has-post-thumbnail","6":"product_cat-biblioteca-contemporanea","7":"pa_guerini_amazon_link-https-www-amazon-it-en-dp-8862509375","8":"pa_guerini_feltrinelli_link-https-www-lafeltrinelli-it-pratiche-di-resistenza-nella-vita-libro-tarcisio-plebani-e-9788862509374","9":"pa_guerini_ibs_link-https-www-ibs-it-pratiche-di-resistenza-nella-vita-libro-tarcisio-plebani-e-9788862509374","10":"pa_guerini_libruniver_link-https-www-libreriauniversitaria-it-pratiche-resistenza-vita-quotidiana-plebani-libro-9788862509374","11":"pa_guerini_mondadori_link-https-www-mondadoristore-it-pratiche-di-resistenza-nella-vita-quotidiana-tarcisio-plebani-eai978886250937","13":"first","14":"instock","15":"sale","16":"shipping-taxable","17":"purchasable","18":"product-type-simple"},"yoast_head":"<!-- This site is optimized with the Yoast SEO plugin v25.4 - https:\/\/yoast.com\/wordpress\/plugins\/seo\/ -->\n<title>Tarcisio Plebani, Pratiche di resistenza nella vita quotidiana - Guerini e Associati<\/title>\n<meta name=\"description\" content=\"Il volume riconosce la presenza di pratiche che si radicano nella vita quotidiana, dove i soggetti riescono a elaborare nuove forme di esperienza.\" \/>\n<meta name=\"robots\" content=\"index, follow, max-snippet:-1, max-image-preview:large, max-video-preview:-1\" \/>\n<link rel=\"canonical\" href=\"https:\/\/www.guerini.it\/index.php\/prodotto\/pratiche-di-resistenza-nella-vita-quotidiana\/\" \/>\n<meta property=\"og:locale\" content=\"it_IT\" \/>\n<meta property=\"og:type\" content=\"article\" \/>\n<meta property=\"og:title\" content=\"Tarcisio Plebani, Pratiche di resistenza nella vita quotidiana - Guerini e Associati\" \/>\n<meta property=\"og:description\" content=\"Il volume riconosce la presenza di pratiche che si radicano nella vita quotidiana, dove i soggetti riescono a elaborare nuove forme di esperienza.\" \/>\n<meta property=\"og:url\" content=\"https:\/\/www.guerini.it\/index.php\/prodotto\/pratiche-di-resistenza-nella-vita-quotidiana\/\" \/>\n<meta property=\"og:site_name\" content=\"Guerini e Associati\" \/>\n<meta property=\"article:modified_time\" content=\"2025-01-13T08:22:27+00:00\" \/>\n<meta property=\"og:image\" content=\"https:\/\/www.guerini.it\/wp-content\/uploads\/2024\/10\/PRATICHE-DI-RESISTENZA-NELLA-VITA-QUOTIDIANA-9788862509374.webp\" \/>\n\t<meta property=\"og:image:width\" content=\"667\" \/>\n\t<meta property=\"og:image:height\" content=\"1000\" \/>\n\t<meta property=\"og:image:type\" content=\"image\/webp\" \/>\n<meta name=\"twitter:card\" content=\"summary_large_image\" \/>\n<meta name=\"twitter:label1\" content=\"Tempo di lettura stimato\" \/>\n\t<meta name=\"twitter:data1\" content=\"2 minuti\" \/>\n<!-- \/ Yoast SEO plugin. -->","yoast_head_json":{"title":"Tarcisio Plebani, Pratiche di resistenza nella vita quotidiana - Guerini e Associati","description":"Il volume riconosce la presenza di pratiche che si radicano nella vita quotidiana, dove i soggetti riescono a elaborare nuove forme di esperienza.","robots":{"index":"index","follow":"follow","max-snippet":"max-snippet:-1","max-image-preview":"max-image-preview:large","max-video-preview":"max-video-preview:-1"},"canonical":"https:\/\/www.guerini.it\/index.php\/prodotto\/pratiche-di-resistenza-nella-vita-quotidiana\/","og_locale":"it_IT","og_type":"article","og_title":"Tarcisio Plebani, Pratiche di resistenza nella vita quotidiana - Guerini e Associati","og_description":"Il volume riconosce la presenza di pratiche che si radicano nella vita quotidiana, dove i soggetti riescono a elaborare nuove forme di esperienza.","og_url":"https:\/\/www.guerini.it\/index.php\/prodotto\/pratiche-di-resistenza-nella-vita-quotidiana\/","og_site_name":"Guerini e Associati","article_modified_time":"2025-01-13T08:22:27+00:00","og_image":[{"width":667,"height":1000,"url":"https:\/\/www.guerini.it\/wp-content\/uploads\/2024\/10\/PRATICHE-DI-RESISTENZA-NELLA-VITA-QUOTIDIANA-9788862509374.webp","type":"image\/webp"}],"twitter_card":"summary_large_image","twitter_misc":{"Tempo di lettura stimato":"2 minuti"},"schema":{"@context":"https:\/\/schema.org","@graph":[{"@type":"WebPage","@id":"https:\/\/www.guerini.it\/index.php\/prodotto\/pratiche-di-resistenza-nella-vita-quotidiana\/","url":"https:\/\/www.guerini.it\/index.php\/prodotto\/pratiche-di-resistenza-nella-vita-quotidiana\/","name":"Tarcisio Plebani, Pratiche di resistenza nella vita quotidiana - Guerini e Associati","isPartOf":{"@id":"https:\/\/www.guerini.it\/#website"},"primaryImageOfPage":{"@id":"https:\/\/www.guerini.it\/index.php\/prodotto\/pratiche-di-resistenza-nella-vita-quotidiana\/#primaryimage"},"image":{"@id":"https:\/\/www.guerini.it\/index.php\/prodotto\/pratiche-di-resistenza-nella-vita-quotidiana\/#primaryimage"},"thumbnailUrl":"https:\/\/www.guerini.it\/wp-content\/uploads\/2024\/10\/PRATICHE-DI-RESISTENZA-NELLA-VITA-QUOTIDIANA-9788862509374.webp","datePublished":"2024-10-24T11:01:43+00:00","dateModified":"2025-01-13T08:22:27+00:00","description":"Il volume riconosce la presenza di pratiche che si radicano nella vita quotidiana, dove i soggetti riescono a elaborare nuove forme di esperienza.","breadcrumb":{"@id":"https:\/\/www.guerini.it\/index.php\/prodotto\/pratiche-di-resistenza-nella-vita-quotidiana\/#breadcrumb"},"inLanguage":"it-IT","potentialAction":[{"@type":"ReadAction","target":["https:\/\/www.guerini.it\/index.php\/prodotto\/pratiche-di-resistenza-nella-vita-quotidiana\/"]}]},{"@type":"ImageObject","inLanguage":"it-IT","@id":"https:\/\/www.guerini.it\/index.php\/prodotto\/pratiche-di-resistenza-nella-vita-quotidiana\/#primaryimage","url":"https:\/\/www.guerini.it\/wp-content\/uploads\/2024\/10\/PRATICHE-DI-RESISTENZA-NELLA-VITA-QUOTIDIANA-9788862509374.webp","contentUrl":"https:\/\/www.guerini.it\/wp-content\/uploads\/2024\/10\/PRATICHE-DI-RESISTENZA-NELLA-VITA-QUOTIDIANA-9788862509374.webp","width":667,"height":1000,"caption":"Front Cover di T. Plebani, Pratiche di resistenza nella vita quotidiana, Guerini e Associati, 2024"},{"@type":"BreadcrumbList","@id":"https:\/\/www.guerini.it\/index.php\/prodotto\/pratiche-di-resistenza-nella-vita-quotidiana\/#breadcrumb","itemListElement":[{"@type":"ListItem","position":1,"name":"Home","item":"https:\/\/www.guerini.it\/"},{"@type":"ListItem","position":2,"name":"Catalogo","item":"https:\/\/www.guerini.it\/index.php\/negozio\/"},{"@type":"ListItem","position":3,"name":"Pratiche di resistenza nella vita quotidiana"}]},{"@type":"WebSite","@id":"https:\/\/www.guerini.it\/#website","url":"https:\/\/www.guerini.it\/","name":"Guerini e Associati","description":"30 anni di libri, idee e libert\u00e0","publisher":{"@id":"https:\/\/www.guerini.it\/#organization"},"potentialAction":[{"@type":"SearchAction","target":{"@type":"EntryPoint","urlTemplate":"https:\/\/www.guerini.it\/?s={search_term_string}"},"query-input":{"@type":"PropertyValueSpecification","valueRequired":true,"valueName":"search_term_string"}}],"inLanguage":"it-IT"},{"@type":"Organization","@id":"https:\/\/www.guerini.it\/#organization","name":"Guerini e Associati","url":"https:\/\/www.guerini.it\/","logo":{"@type":"ImageObject","inLanguage":"it-IT","@id":"https:\/\/www.guerini.it\/#\/schema\/logo\/image\/","url":"https:\/\/www.guerini.it\/wp-content\/uploads\/2021\/03\/Logo-Guerini-OK_-e1615831292285.png","contentUrl":"https:\/\/www.guerini.it\/wp-content\/uploads\/2021\/03\/Logo-Guerini-OK_-e1615831292285.png","width":2805,"height":1870,"caption":"Guerini e Associati"},"image":{"@id":"https:\/\/www.guerini.it\/#\/schema\/logo\/image\/"}}]}},"_links":{"self":[{"href":"https:\/\/www.guerini.it\/index.php\/wp-json\/wp\/v2\/product\/25152","targetHints":{"allow":["GET"]}}],"collection":[{"href":"https:\/\/www.guerini.it\/index.php\/wp-json\/wp\/v2\/product"}],"about":[{"href":"https:\/\/www.guerini.it\/index.php\/wp-json\/wp\/v2\/types\/product"}],"wp:featuredmedia":[{"embeddable":true,"href":"https:\/\/www.guerini.it\/index.php\/wp-json\/wp\/v2\/media\/25153"}],"wp:attachment":[{"href":"https:\/\/www.guerini.it\/index.php\/wp-json\/wp\/v2\/media?parent=25152"}],"wp:term":[{"taxonomy":"product_brand","embeddable":true,"href":"https:\/\/www.guerini.it\/index.php\/wp-json\/wp\/v2\/product_brand?post=25152"},{"taxonomy":"product_cat","embeddable":true,"href":"https:\/\/www.guerini.it\/index.php\/wp-json\/wp\/v2\/product_cat?post=25152"},{"taxonomy":"product_tag","embeddable":true,"href":"https:\/\/www.guerini.it\/index.php\/wp-json\/wp\/v2\/product_tag?post=25152"}],"curies":[{"name":"wp","href":"https:\/\/api.w.org\/{rel}","templated":true}]}}

<p style="text-align: justify;">È finito il tempo delle fratture sociali nette e dei conflitti tra gruppi sociali definiti, ma non per questo vengono meno situazioni di oppressione. Sulla scorta di De Certeau, il volume riconosce la presenza di pratiche di resistenza che, magari in modo non del tutto consapevole, creano spazi di opposizione a forme di potere pervasivo. Pratiche spesso sotterranee, che emergono e si radicano nella vita quotidiana, non solo luogo della routine statica: in essa i soggetti riescono a elaborare nuove forme di esperienza, da cui possono scaturire frammenti di nuova aggregazione sociale e di convivenza, aprendo spazi per «politiche del possibile», ricollocazioni nel tempo, inediti confronti con radici collettive ed emozioni e sentimenti personali.</p>
<hr />
<p style="text-align: justify;"><strong>Tarcisio Plebani</strong> è attivo in ambito sociale come volontario in diverse associazioni (ACLI, Libera, movimenti per la pace); ha avuto incarichi professionali e responsabilità politiche; in cooperative sociali, nel settore della disabilità, ha svolto attività di coordinamento educativo e gestionale. Ha ricoperto ruoli di docenza in licei (sociologia e psicologia, diritto ed economia) e con l’Università di Bergamo. Ha pubblicato <em>Riguardo all’handicap</em>, con Damiano Previtali, <em>La trama e l’intreccio. Percorsi dell’identità giovanile nella post-modernità</em>.</p>

<p>È finito il tempo delle fratture sociali nette e dei conflitti tra gruppi sociali definiti, ma non per questo vengono meno situazioni di oppressione. Sulla scorta di De Certeau, il [&hellip;]</p>

30 anni di libri, idee e libertà
