{"id":25311,"date":"2025-01-07T17:15:22","date_gmt":"2025-01-07T16:15:22","guid":{"rendered":"https:\/\/www.guerini.it\/?post_type=product&#038;p=25311"},"modified":"2025-04-07T11:01:13","modified_gmt":"2025-04-07T09:01:13","slug":"antropocene-e-cittadinanza-geopolitica","status":"publish","type":"product","link":"https:\/\/www.guerini.it\/index.php\/prodotto\/antropocene-e-cittadinanza-geopolitica\/","title":{"rendered":"Antropocene e cittadinanza cosmopolitica"},"content":{"rendered":"<p style=\"text-align: justify;\">Alla fine della seconda guerra mondiale, le due superpotenze trovarono un accordo per un nuovo ordine internazionale che, sino ai nostri giorni, ha impedito una nuova guerra mondiale. Quest\u2019epoca \u00e8 finita. Il collasso dell\u2019Unione Sovietica e l\u2019affermazione economica e politica di nuove potenze internazionali \u2013 come Cina, India, Indonesia, Arabia Saudita e Brasile \u2013 ha generato un mondo multipolare, nel quale si manifestano tensioni crescenti tra grandi e piccole potenze, sino alla minaccia di una guerra nucleare. A questa minaccia, se ne \u00e8 aggiunta una seconda: il possibile collasso della biosfera, un\u2019epoca definita Antropocene, perch\u00e9 l\u2019inquinamento della natura sta soffocando la vita di ogni specie vivente sul pianeta, incluso l\u2019homo sapiens. L\u2019Unione Europea \u00e8 stata creata per garantire ai suoi cittadini un futuro di pace e benessere, superando le antiche rivalit\u00e0 nazionali che hanno scatenato due guerre mondiali. Oggi l\u2019Unione Europea \u00e8 a un bivio: le istituzioni sovranazionali europee create nel passato non le possono pi\u00f9 garantire sicurezza e prosperit\u00e0 in un mondo turbolento e aggressivo. L\u2019Unione Europea non ha una propria politica estera e subisce le pressioni di potenze esterne che vogliono dividerla per meglio dominarla. In questo libro si propone una politica estera europea fondata sul principio della pacifica cooperazione tra nazioni che \u00e8 alle radici della sua fondazione.<\/p>\n<hr \/>\n<p style=\"text-align: justify;\"><strong>Guido Montani<\/strong> \u00e8 professore di Politica Economica Internazionale all\u2019Universit\u00e0 di Pavia. \u00c8 stato presidente del Movimento Federalista Europeo (MFE). \u00c8 membro onorario della Union of European Federalists (UEF). Nel 1987 ha fondato a Ventotene l\u2019Istituto di Studi Federalisti Altiero Spinelli.<\/p>\n","protected":false},"excerpt":{"rendered":"<p>Alla fine della seconda guerra mondiale, le due superpotenze trovarono un accordo per un nuovo ordine internazionale che, sino ai nostri giorni, ha impedito una nuova guerra mondiale. Quest\u2019epoca \u00e8 [&hellip;]<\/p>\n","protected":false},"featured_media":25312,"template":"","meta":{"_editorskit_title_hidden":false,"_editorskit_reading_time":0,"_editorskit_is_block_options_detached":false,"_editorskit_block_options_position":"{}","_monsterinsights_skip_tracking":false,"_monsterinsights_sitenote_active":false,"_monsterinsights_sitenote_note":"","_monsterinsights_sitenote_category":0},"product_brand":[],"product_cat":[6728],"product_tag":[7327,7643,10918],"class_list":{"0":"post-25311","1":"product","2":"type-product","3":"status-publish","4":"has-post-thumbnail","6":"product_cat-ultime_novita","7":"product_tag-europa","8":"product_tag-politica","9":"product_tag-relazioni-internazionali","10":"pa_guerini_amazon_link-https-www-amazon-it-antropocene-cittadinanza-cosmopolitica-leuropa-internazionale-dp-886250943x","11":"pa_guerini_feltrinelli_link-https-www-lafeltrinelli-it-antropocene-cittadinanza-cosmopolitica-europa-nuovo-libro-guido-montani-e-9788862509435","12":"pa_guerini_ibs_link-https-www-ibs-it-antropocene-cittadinanza-cosmopolitica-europa-nuovo-libro-guido-montani-e-9788862509435","13":"pa_guerini_libruniver_link-https-www-libreriauniversitaria-it-antropocene-cittadinanza-cosmopolitica-europa-nuovo-libro-9788862509435","14":"pa_guerini_mondadori_link-https-www-mondadoristore-it-antropocene-e-cittadinanza-cosmopolitica-l-europa-e-il-nuovo-ordine-internazionale-guido-montani-eai978886250943","16":"first","17":"instock","18":"sale","19":"shipping-taxable","20":"purchasable","21":"product-type-simple"},"yoast_head":"<!-- This site is optimized with the Yoast SEO plugin v25.4 - https:\/\/yoast.com\/wordpress\/plugins\/seo\/ -->\n<title>Guido Montani, Antropocene e cittadinanza cosmopolitica - Guerini e Associati<\/title>\n<meta name=\"description\" content=\"Questo libro propone una politica estera europea fondata sul principio della pacifica cooperazione tra nazioni che \u00e8 alle radici della sua fondazione.\" \/>\n<meta name=\"robots\" content=\"index, follow, max-snippet:-1, max-image-preview:large, max-video-preview:-1\" \/>\n<link rel=\"canonical\" href=\"https:\/\/www.guerini.it\/index.php\/prodotto\/antropocene-e-cittadinanza-geopolitica\/\" \/>\n<meta property=\"og:locale\" content=\"it_IT\" \/>\n<meta property=\"og:type\" content=\"article\" \/>\n<meta property=\"og:title\" content=\"Guido Montani, Antropocene e cittadinanza cosmopolitica - Guerini e Associati\" \/>\n<meta property=\"og:description\" content=\"Questo libro propone una politica estera europea fondata sul principio della pacifica cooperazione tra nazioni che \u00e8 alle radici della sua fondazione.\" \/>\n<meta property=\"og:url\" content=\"https:\/\/www.guerini.it\/index.php\/prodotto\/antropocene-e-cittadinanza-geopolitica\/\" \/>\n<meta property=\"og:site_name\" content=\"Guerini e Associati\" \/>\n<meta property=\"article:modified_time\" content=\"2025-04-07T09:01:13+00:00\" \/>\n<meta property=\"og:image\" content=\"https:\/\/www.guerini.it\/wp-content\/uploads\/2025\/01\/ANTROPOCENE-E-CITTADINANZA-COSMOPOLITICA-9788862509435.webp\" \/>\n\t<meta property=\"og:image:width\" content=\"667\" \/>\n\t<meta property=\"og:image:height\" content=\"1000\" \/>\n\t<meta property=\"og:image:type\" content=\"image\/webp\" \/>\n<meta name=\"twitter:card\" content=\"summary_large_image\" \/>\n<meta name=\"twitter:label1\" content=\"Tempo di lettura stimato\" \/>\n\t<meta name=\"twitter:data1\" content=\"2 minuti\" \/>\n<!-- \/ Yoast SEO plugin. -->","yoast_head_json":{"title":"Guido Montani, Antropocene e cittadinanza cosmopolitica - Guerini e Associati","description":"Questo libro propone una politica estera europea fondata sul principio della pacifica cooperazione tra nazioni che \u00e8 alle radici della sua fondazione.","robots":{"index":"index","follow":"follow","max-snippet":"max-snippet:-1","max-image-preview":"max-image-preview:large","max-video-preview":"max-video-preview:-1"},"canonical":"https:\/\/www.guerini.it\/index.php\/prodotto\/antropocene-e-cittadinanza-geopolitica\/","og_locale":"it_IT","og_type":"article","og_title":"Guido Montani, Antropocene e cittadinanza cosmopolitica - Guerini e Associati","og_description":"Questo libro propone una politica estera europea fondata sul principio della pacifica cooperazione tra nazioni che \u00e8 alle radici della sua fondazione.","og_url":"https:\/\/www.guerini.it\/index.php\/prodotto\/antropocene-e-cittadinanza-geopolitica\/","og_site_name":"Guerini e Associati","article_modified_time":"2025-04-07T09:01:13+00:00","og_image":[{"width":667,"height":1000,"url":"https:\/\/www.guerini.it\/wp-content\/uploads\/2025\/01\/ANTROPOCENE-E-CITTADINANZA-COSMOPOLITICA-9788862509435.webp","type":"image\/webp"}],"twitter_card":"summary_large_image","twitter_misc":{"Tempo di lettura stimato":"2 minuti"},"schema":{"@context":"https:\/\/schema.org","@graph":[{"@type":"WebPage","@id":"https:\/\/www.guerini.it\/index.php\/prodotto\/antropocene-e-cittadinanza-geopolitica\/","url":"https:\/\/www.guerini.it\/index.php\/prodotto\/antropocene-e-cittadinanza-geopolitica\/","name":"Guido Montani, Antropocene e cittadinanza cosmopolitica - Guerini e Associati","isPartOf":{"@id":"https:\/\/www.guerini.it\/#website"},"primaryImageOfPage":{"@id":"https:\/\/www.guerini.it\/index.php\/prodotto\/antropocene-e-cittadinanza-geopolitica\/#primaryimage"},"image":{"@id":"https:\/\/www.guerini.it\/index.php\/prodotto\/antropocene-e-cittadinanza-geopolitica\/#primaryimage"},"thumbnailUrl":"https:\/\/www.guerini.it\/wp-content\/uploads\/2025\/01\/ANTROPOCENE-E-CITTADINANZA-COSMOPOLITICA-9788862509435.webp","datePublished":"2025-01-07T16:15:22+00:00","dateModified":"2025-04-07T09:01:13+00:00","description":"Questo libro propone una politica estera europea fondata sul principio della pacifica cooperazione tra nazioni che \u00e8 alle radici della sua fondazione.","breadcrumb":{"@id":"https:\/\/www.guerini.it\/index.php\/prodotto\/antropocene-e-cittadinanza-geopolitica\/#breadcrumb"},"inLanguage":"it-IT","potentialAction":[{"@type":"ReadAction","target":["https:\/\/www.guerini.it\/index.php\/prodotto\/antropocene-e-cittadinanza-geopolitica\/"]}]},{"@type":"ImageObject","inLanguage":"it-IT","@id":"https:\/\/www.guerini.it\/index.php\/prodotto\/antropocene-e-cittadinanza-geopolitica\/#primaryimage","url":"https:\/\/www.guerini.it\/wp-content\/uploads\/2025\/01\/ANTROPOCENE-E-CITTADINANZA-COSMOPOLITICA-9788862509435.webp","contentUrl":"https:\/\/www.guerini.it\/wp-content\/uploads\/2025\/01\/ANTROPOCENE-E-CITTADINANZA-COSMOPOLITICA-9788862509435.webp","width":667,"height":1000,"caption":"Front cover di G. Montani, Antropocene e cittadinanza cosmopolitica, Guerini e Associati, 2025"},{"@type":"BreadcrumbList","@id":"https:\/\/www.guerini.it\/index.php\/prodotto\/antropocene-e-cittadinanza-geopolitica\/#breadcrumb","itemListElement":[{"@type":"ListItem","position":1,"name":"Home","item":"https:\/\/www.guerini.it\/"},{"@type":"ListItem","position":2,"name":"Catalogo","item":"https:\/\/www.guerini.it\/index.php\/negozio\/"},{"@type":"ListItem","position":3,"name":"Antropocene e cittadinanza cosmopolitica"}]},{"@type":"WebSite","@id":"https:\/\/www.guerini.it\/#website","url":"https:\/\/www.guerini.it\/","name":"Guerini e Associati","description":"30 anni di libri, idee e libert\u00e0","publisher":{"@id":"https:\/\/www.guerini.it\/#organization"},"potentialAction":[{"@type":"SearchAction","target":{"@type":"EntryPoint","urlTemplate":"https:\/\/www.guerini.it\/?s={search_term_string}"},"query-input":{"@type":"PropertyValueSpecification","valueRequired":true,"valueName":"search_term_string"}}],"inLanguage":"it-IT"},{"@type":"Organization","@id":"https:\/\/www.guerini.it\/#organization","name":"Guerini e Associati","url":"https:\/\/www.guerini.it\/","logo":{"@type":"ImageObject","inLanguage":"it-IT","@id":"https:\/\/www.guerini.it\/#\/schema\/logo\/image\/","url":"https:\/\/www.guerini.it\/wp-content\/uploads\/2021\/03\/Logo-Guerini-OK_-e1615831292285.png","contentUrl":"https:\/\/www.guerini.it\/wp-content\/uploads\/2021\/03\/Logo-Guerini-OK_-e1615831292285.png","width":2805,"height":1870,"caption":"Guerini e Associati"},"image":{"@id":"https:\/\/www.guerini.it\/#\/schema\/logo\/image\/"}}]}},"_links":{"self":[{"href":"https:\/\/www.guerini.it\/index.php\/wp-json\/wp\/v2\/product\/25311","targetHints":{"allow":["GET"]}}],"collection":[{"href":"https:\/\/www.guerini.it\/index.php\/wp-json\/wp\/v2\/product"}],"about":[{"href":"https:\/\/www.guerini.it\/index.php\/wp-json\/wp\/v2\/types\/product"}],"wp:featuredmedia":[{"embeddable":true,"href":"https:\/\/www.guerini.it\/index.php\/wp-json\/wp\/v2\/media\/25312"}],"wp:attachment":[{"href":"https:\/\/www.guerini.it\/index.php\/wp-json\/wp\/v2\/media?parent=25311"}],"wp:term":[{"taxonomy":"product_brand","embeddable":true,"href":"https:\/\/www.guerini.it\/index.php\/wp-json\/wp\/v2\/product_brand?post=25311"},{"taxonomy":"product_cat","embeddable":true,"href":"https:\/\/www.guerini.it\/index.php\/wp-json\/wp\/v2\/product_cat?post=25311"},{"taxonomy":"product_tag","embeddable":true,"href":"https:\/\/www.guerini.it\/index.php\/wp-json\/wp\/v2\/product_tag?post=25311"}],"curies":[{"name":"wp","href":"https:\/\/api.w.org\/{rel}","templated":true}]}}

<p style="text-align: justify;">Alla fine della seconda guerra mondiale, le due superpotenze trovarono un accordo per un nuovo ordine internazionale che, sino ai nostri giorni, ha impedito una nuova guerra mondiale. Quest’epoca è finita. Il collasso dell’Unione Sovietica e l’affermazione economica e politica di nuove potenze internazionali – come Cina, India, Indonesia, Arabia Saudita e Brasile – ha generato un mondo multipolare, nel quale si manifestano tensioni crescenti tra grandi e piccole potenze, sino alla minaccia di una guerra nucleare. A questa minaccia, se ne è aggiunta una seconda: il possibile collasso della biosfera, un’epoca definita Antropocene, perché l’inquinamento della natura sta soffocando la vita di ogni specie vivente sul pianeta, incluso l’homo sapiens. L’Unione Europea è stata creata per garantire ai suoi cittadini un futuro di pace e benessere, superando le antiche rivalità nazionali che hanno scatenato due guerre mondiali. Oggi l’Unione Europea è a un bivio: le istituzioni sovranazionali europee create nel passato non le possono più garantire sicurezza e prosperità in un mondo turbolento e aggressivo. L’Unione Europea non ha una propria politica estera e subisce le pressioni di potenze esterne che vogliono dividerla per meglio dominarla. In questo libro si propone una politica estera europea fondata sul principio della pacifica cooperazione tra nazioni che è alle radici della sua fondazione.</p>
<hr />
<p style="text-align: justify;"><strong>Guido Montani</strong> è professore di Politica Economica Internazionale all’Università di Pavia. È stato presidente del Movimento Federalista Europeo (MFE). È membro onorario della Union of European Federalists (UEF). Nel 1987 ha fondato a Ventotene l’Istituto di Studi Federalisti Altiero Spinelli.</p>

<p>Alla fine della seconda guerra mondiale, le due superpotenze trovarono un accordo per un nuovo ordine internazionale che, sino ai nostri giorni, ha impedito una nuova guerra mondiale. Quest’epoca è [&hellip;]</p>

<!-- This site is optimized with the Yoast SEO plugin v25.4 - https://yoast.com/wordpress/plugins/seo/ -->
<title>Guido Montani, Antropocene e cittadinanza cosmopolitica - Guerini e Associati</title>
<meta name="description" content="Questo libro propone una politica estera europea fondata sul principio della pacifica cooperazione tra nazioni che è alle radici della sua fondazione." />
<meta name="robots" content="index, follow, max-snippet:-1, max-image-preview:large, max-video-preview:-1" />
<link rel="canonical" href="https://www.guerini.it/index.php/prodotto/antropocene-e-cittadinanza-geopolitica/" />
<meta property="og:locale" content="it_IT" />
<meta property="og:type" content="article" />
<meta property="og:title" content="Guido Montani, Antropocene e cittadinanza cosmopolitica - Guerini e Associati" />
<meta property="og:description" content="Questo libro propone una politica estera europea fondata sul principio della pacifica cooperazione tra nazioni che è alle radici della sua fondazione." />
<meta property="og:url" content="https://www.guerini.it/index.php/prodotto/antropocene-e-cittadinanza-geopolitica/" />
<meta property="og:site_name" content="Guerini e Associati" />
<meta property="article:modified_time" content="2025-04-07T09:01:13+00:00" />
<meta property="og:image" content="https://www.guerini.it/wp-content/uploads/2025/01/ANTROPOCENE-E-CITTADINANZA-COSMOPOLITICA-9788862509435.webp" />
	<meta property="og:image:width" content="667" />
	<meta property="og:image:height" content="1000" />
	<meta property="og:image:type" content="image/webp" />
<meta name="twitter:card" content="summary_large_image" />
<meta name="twitter:label1" content="Tempo di lettura stimato" />
	<meta name="twitter:data1" content="2 minuti" />
<!-- / Yoast SEO plugin. -->

Questo libro propone una politica estera europea fondata sul principio della pacifica cooperazione tra nazioni che è alle radici della sua fondazione.

30 anni di libri, idee e libertà
