{"id":25324,"date":"2025-01-09T16:23:04","date_gmt":"2025-01-09T15:23:04","guid":{"rendered":"https:\/\/www.guerini.it\/?post_type=product&#038;p=25324"},"modified":"2026-04-29T00:03:30","modified_gmt":"2026-04-28T22:03:30","slug":"la-varieta-necessaria-del-potere","status":"publish","type":"product","link":"https:\/\/www.guerini.it\/index.php\/prodotto\/la-varieta-necessaria-del-potere\/","title":{"rendered":"La variet\u00e0 necessaria del potere"},"content":{"rendered":"<p>Per affrontare la complessit\u00e0 crescente del reale le organizzazioni devono aumentare la cooperazione grazie alla crescita e all\u2019equilibrio del micro-potere tra le persone e aumentare la corresponsabilit\u00e0 grazie all\u2019aumento e all\u2019equilibrio del macro-potere tra <em>shareholders<\/em> e <em>stakeholders<\/em>. In analogia alla \u00abLegge della variet\u00e0 necessaria\u00bb di Ashby per cui \u00absolo variet\u00e0 pu\u00f2 distruggere variet\u00e0\u00bb, nel libro viene proposta la \u00abLegge del potere necessario\u00bb, per cui \u00absolo potere pu\u00f2 contrastare complessit\u00e0\u00bb. Per sostenere questa tesi sono descritte le esperienze della Compagnia di Ges\u00f9 e della Toyota che sono state in grado di affrontare la complessit\u00e0 delle loro missioni operando su self-leadership, auto-attivazione, cooperazione e corresponsabilit\u00e0. La legge del potere necessario ci indica una direzione chiara: l\u2019aumento della complessit\u00e0 non si affronta con soluzioni quali accentramento dei poteri e nuove posizioni di controllo, ma con un allargamento e con l\u2019equilibrio dei poteri. Una via che riconduce alla irriducibile battaglia tra lato oscuro e lato chiaro del potere della saga cinematografica di <em>Guerre stellari<\/em>: il lato oscuro fa proprio il motto \u00abil fine giustifica i mezzi\u00bb, mentre il lato chiaro ne sottende un altro: \u00ababbi cura dei mezzi e il fine avr\u00e0 cura di se stesso\u00bb.<\/p>\n<hr \/>\n<p><strong>Alberto Felice De Toni<\/strong> \u00e8 professore emerito di Ingegneria Economico Gestionale presso l\u2019Universit\u00e0 di Udine. \u00c8 stato preside della Facolt\u00e0 di Ingegneria, Magnifico Rettore, presidente della Fondazione CRUI (Conferenza dei Rettori delle Universit\u00e0 Italiane), presidente del Comitato Ordinatore della Scuola Superiore del Centro Alti Studi per la Difesa e presidente dell\u2019Associazione Italiana di Ingegneria Gestionale. Attualmente \u00e8 direttore scientifico di CUOA Business School, membro dell\u2019Academia Europea e Sindaco di Udine.<\/p>\n<p><strong>Eugenio Bastianon<\/strong> \u00e8 stato professore nella scuola secondaria statale. Si \u00e8 laureato in Filosofia presso l\u2019Universit\u00e0 di Venezia, dove ha conseguito anche il master in Formazione dei Formatori. Ha insegnato presso la Scuola di Specializzazione per Insegnanti della Scuola secondaria delle Universit\u00e0 di Venezia, Padova, Verona e IUAV. Ha conseguito il dottorato di Ricerca in Ingegneria Gestionale presso l\u2019Universit\u00e0 di Padova. Attualmente \u00e8 collaboratore di ricerca presso l\u2019Universit\u00e0 di Udine.<\/p>\n","protected":false},"excerpt":{"rendered":"<p>Per affrontare la complessit\u00e0 crescente del reale le organizzazioni devono aumentare la cooperazione grazie alla crescita e all\u2019equilibrio del micro-potere tra le persone e aumentare la corresponsabilit\u00e0 grazie all\u2019aumento e [&hellip;]<\/p>\n","protected":false},"featured_media":25325,"template":"","meta":{"_editorskit_title_hidden":false,"_editorskit_reading_time":0,"_editorskit_is_block_options_detached":false,"_editorskit_block_options_position":"{}","_monsterinsights_skip_tracking":false,"_monsterinsights_sitenote_active":false,"_monsterinsights_sitenote_note":"","_monsterinsights_sitenote_category":0},"product_brand":[],"product_cat":[6728],"product_tag":[10560,6814,6817,8244,6750],"class_list":{"0":"post-25324","1":"product","2":"type-product","3":"status-publish","4":"has-post-thumbnail","6":"product_cat-ultime_novita","7":"product_tag-complessita","8":"product_tag-comunicazione","9":"product_tag-organizzazioni","10":"product_tag-strategia","11":"product_tag-tecnologia","12":"pa_guerini_amazon_link-https-www-amazon-it-necessaria-cooperazione-corresponsabilit-successo-organizzazioni-dp-8862509448","13":"pa_guerini_feltrinelli_link-https-www-lafeltrinelli-it-varieta-necessaria-del-potere-cooperazione-libro-alberto-felice-de-toni-eugenio-bastianon-e-9788862509442","14":"pa_guerini_ibs_link-https-www-ibs-it-varieta-necessaria-del-potere-cooperazione-libro-alberto-felice-de-toni-eugenio-bastianon-e-9788862509442","15":"pa_guerini_libruniver_link-https-www-libreriauniversitaria-it-varieta-necessaria-potere-cooperazione-corresponsabilita-libro-9788862509442","16":"pa_guerini_mondadori_link-https-www-mondadoristore-it-la-varieta-necessaria-del-potere-cooperazione-e-corresponsabilita-come-chiavi-di-successo-delle-organizzazioni-eai978886250944","18":"first","19":"instock","20":"sale","21":"shipping-taxable","22":"purchasable","23":"product-type-simple"},"yoast_head":"<!-- This site is optimized with the Yoast SEO plugin v25.4 - https:\/\/yoast.com\/wordpress\/plugins\/seo\/ -->\n<title>Alberto Felice De Toni, Eugenio Bastianon, La variet\u00e0 necessaria del potere - Guerini e Associati<\/title>\n<meta name=\"description\" content=\"La complessit\u00e0 delle organizzazioni non si affronta con nuove posizioni e accentramento dei poteri, bens\u00ec con un allargamento e con l\u2019equilibrio di essi.\" \/>\n<meta name=\"robots\" content=\"index, follow, max-snippet:-1, max-image-preview:large, max-video-preview:-1\" \/>\n<link rel=\"canonical\" href=\"https:\/\/www.guerini.it\/index.php\/prodotto\/la-varieta-necessaria-del-potere\/\" \/>\n<meta property=\"og:locale\" content=\"it_IT\" \/>\n<meta property=\"og:type\" content=\"article\" \/>\n<meta property=\"og:title\" content=\"Alberto Felice De Toni, Eugenio Bastianon, La variet\u00e0 necessaria del potere - Guerini e Associati\" \/>\n<meta property=\"og:description\" content=\"La complessit\u00e0 delle organizzazioni non si affronta con nuove posizioni e accentramento dei poteri, bens\u00ec con un allargamento e con l\u2019equilibrio di essi.\" \/>\n<meta property=\"og:url\" content=\"https:\/\/www.guerini.it\/index.php\/prodotto\/la-varieta-necessaria-del-potere\/\" \/>\n<meta property=\"og:site_name\" content=\"Guerini e Associati\" \/>\n<meta property=\"article:modified_time\" content=\"2026-04-28T22:03:30+00:00\" \/>\n<meta property=\"og:image\" content=\"https:\/\/www.guerini.it\/wp-content\/uploads\/2025\/01\/LA-VERITA-NECESSARIA-DEL-POTERE-9788862509442.webp\" \/>\n\t<meta property=\"og:image:width\" content=\"667\" \/>\n\t<meta property=\"og:image:height\" content=\"1000\" \/>\n\t<meta property=\"og:image:type\" content=\"image\/webp\" \/>\n<meta name=\"twitter:card\" content=\"summary_large_image\" \/>\n<meta name=\"twitter:label1\" content=\"Tempo di lettura stimato\" \/>\n\t<meta name=\"twitter:data1\" content=\"2 minuti\" \/>\n<!-- \/ Yoast SEO plugin. -->","yoast_head_json":{"title":"Alberto Felice De Toni, Eugenio Bastianon, La variet\u00e0 necessaria del potere - Guerini e Associati","description":"La complessit\u00e0 delle organizzazioni non si affronta con nuove posizioni e accentramento dei poteri, bens\u00ec con un allargamento e con l\u2019equilibrio di essi.","robots":{"index":"index","follow":"follow","max-snippet":"max-snippet:-1","max-image-preview":"max-image-preview:large","max-video-preview":"max-video-preview:-1"},"canonical":"https:\/\/www.guerini.it\/index.php\/prodotto\/la-varieta-necessaria-del-potere\/","og_locale":"it_IT","og_type":"article","og_title":"Alberto Felice De Toni, Eugenio Bastianon, La variet\u00e0 necessaria del potere - Guerini e Associati","og_description":"La complessit\u00e0 delle organizzazioni non si affronta con nuove posizioni e accentramento dei poteri, bens\u00ec con un allargamento e con l\u2019equilibrio di essi.","og_url":"https:\/\/www.guerini.it\/index.php\/prodotto\/la-varieta-necessaria-del-potere\/","og_site_name":"Guerini e Associati","article_modified_time":"2026-04-28T22:03:30+00:00","og_image":[{"width":667,"height":1000,"url":"https:\/\/www.guerini.it\/wp-content\/uploads\/2025\/01\/LA-VERITA-NECESSARIA-DEL-POTERE-9788862509442.webp","type":"image\/webp"}],"twitter_card":"summary_large_image","twitter_misc":{"Tempo di lettura stimato":"2 minuti"},"schema":{"@context":"https:\/\/schema.org","@graph":[{"@type":"WebPage","@id":"https:\/\/www.guerini.it\/index.php\/prodotto\/la-varieta-necessaria-del-potere\/","url":"https:\/\/www.guerini.it\/index.php\/prodotto\/la-varieta-necessaria-del-potere\/","name":"Alberto Felice De Toni, Eugenio Bastianon, La variet\u00e0 necessaria del potere - Guerini e Associati","isPartOf":{"@id":"https:\/\/www.guerini.it\/#website"},"primaryImageOfPage":{"@id":"https:\/\/www.guerini.it\/index.php\/prodotto\/la-varieta-necessaria-del-potere\/#primaryimage"},"image":{"@id":"https:\/\/www.guerini.it\/index.php\/prodotto\/la-varieta-necessaria-del-potere\/#primaryimage"},"thumbnailUrl":"https:\/\/www.guerini.it\/wp-content\/uploads\/2025\/01\/LA-VERITA-NECESSARIA-DEL-POTERE-9788862509442.webp","datePublished":"2025-01-09T15:23:04+00:00","dateModified":"2026-04-28T22:03:30+00:00","description":"La complessit\u00e0 delle organizzazioni non si affronta con nuove posizioni e accentramento dei poteri, bens\u00ec con un allargamento e con l\u2019equilibrio di essi.","breadcrumb":{"@id":"https:\/\/www.guerini.it\/index.php\/prodotto\/la-varieta-necessaria-del-potere\/#breadcrumb"},"inLanguage":"it-IT","potentialAction":[{"@type":"ReadAction","target":["https:\/\/www.guerini.it\/index.php\/prodotto\/la-varieta-necessaria-del-potere\/"]}]},{"@type":"ImageObject","inLanguage":"it-IT","@id":"https:\/\/www.guerini.it\/index.php\/prodotto\/la-varieta-necessaria-del-potere\/#primaryimage","url":"https:\/\/www.guerini.it\/wp-content\/uploads\/2025\/01\/LA-VERITA-NECESSARIA-DEL-POTERE-9788862509442.webp","contentUrl":"https:\/\/www.guerini.it\/wp-content\/uploads\/2025\/01\/LA-VERITA-NECESSARIA-DEL-POTERE-9788862509442.webp","width":667,"height":1000,"caption":"Front cover di A. De Toni, E. Bastianon, La variet\u00e0 necessaria del potere, Guerini e Associati, 2025"},{"@type":"BreadcrumbList","@id":"https:\/\/www.guerini.it\/index.php\/prodotto\/la-varieta-necessaria-del-potere\/#breadcrumb","itemListElement":[{"@type":"ListItem","position":1,"name":"Home","item":"https:\/\/www.guerini.it\/"},{"@type":"ListItem","position":2,"name":"Catalogo","item":"https:\/\/www.guerini.it\/index.php\/negozio\/"},{"@type":"ListItem","position":3,"name":"La variet\u00e0 necessaria del potere"}]},{"@type":"WebSite","@id":"https:\/\/www.guerini.it\/#website","url":"https:\/\/www.guerini.it\/","name":"Guerini e Associati","description":"30 anni di libri, idee e libert\u00e0","publisher":{"@id":"https:\/\/www.guerini.it\/#organization"},"potentialAction":[{"@type":"SearchAction","target":{"@type":"EntryPoint","urlTemplate":"https:\/\/www.guerini.it\/?s={search_term_string}"},"query-input":{"@type":"PropertyValueSpecification","valueRequired":true,"valueName":"search_term_string"}}],"inLanguage":"it-IT"},{"@type":"Organization","@id":"https:\/\/www.guerini.it\/#organization","name":"Guerini e Associati","url":"https:\/\/www.guerini.it\/","logo":{"@type":"ImageObject","inLanguage":"it-IT","@id":"https:\/\/www.guerini.it\/#\/schema\/logo\/image\/","url":"https:\/\/www.guerini.it\/wp-content\/uploads\/2021\/03\/Logo-Guerini-OK_-e1615831292285.png","contentUrl":"https:\/\/www.guerini.it\/wp-content\/uploads\/2021\/03\/Logo-Guerini-OK_-e1615831292285.png","width":2805,"height":1870,"caption":"Guerini e Associati"},"image":{"@id":"https:\/\/www.guerini.it\/#\/schema\/logo\/image\/"}}]}},"_links":{"self":[{"href":"https:\/\/www.guerini.it\/index.php\/wp-json\/wp\/v2\/product\/25324","targetHints":{"allow":["GET"]}}],"collection":[{"href":"https:\/\/www.guerini.it\/index.php\/wp-json\/wp\/v2\/product"}],"about":[{"href":"https:\/\/www.guerini.it\/index.php\/wp-json\/wp\/v2\/types\/product"}],"wp:featuredmedia":[{"embeddable":true,"href":"https:\/\/www.guerini.it\/index.php\/wp-json\/wp\/v2\/media\/25325"}],"wp:attachment":[{"href":"https:\/\/www.guerini.it\/index.php\/wp-json\/wp\/v2\/media?parent=25324"}],"wp:term":[{"taxonomy":"product_brand","embeddable":true,"href":"https:\/\/www.guerini.it\/index.php\/wp-json\/wp\/v2\/product_brand?post=25324"},{"taxonomy":"product_cat","embeddable":true,"href":"https:\/\/www.guerini.it\/index.php\/wp-json\/wp\/v2\/product_cat?post=25324"},{"taxonomy":"product_tag","embeddable":true,"href":"https:\/\/www.guerini.it\/index.php\/wp-json\/wp\/v2\/product_tag?post=25324"}],"curies":[{"name":"wp","href":"https:\/\/api.w.org\/{rel}","templated":true}]}}

La varietà necessaria del potere

<p>Per affrontare la complessità crescente del reale le organizzazioni devono aumentare la cooperazione grazie alla crescita e all’equilibrio del micro-potere tra le persone e aumentare la corresponsabilità grazie all’aumento e all’equilibrio del macro-potere tra <em>shareholders</em> e <em>stakeholders</em>. In analogia alla «Legge della varietà necessaria» di Ashby per cui «solo varietà può distruggere varietà», nel libro viene proposta la «Legge del potere necessario», per cui «solo potere può contrastare complessità». Per sostenere questa tesi sono descritte le esperienze della Compagnia di Gesù e della Toyota che sono state in grado di affrontare la complessità delle loro missioni operando su self-leadership, auto-attivazione, cooperazione e corresponsabilità. La legge del potere necessario ci indica una direzione chiara: l’aumento della complessità non si affronta con soluzioni quali accentramento dei poteri e nuove posizioni di controllo, ma con un allargamento e con l’equilibrio dei poteri. Una via che riconduce alla irriducibile battaglia tra lato oscuro e lato chiaro del potere della saga cinematografica di <em>Guerre stellari</em>: il lato oscuro fa proprio il motto «il fine giustifica i mezzi», mentre il lato chiaro ne sottende un altro: «abbi cura dei mezzi e il fine avrà cura di se stesso».</p>
<hr />
<p><strong>Alberto Felice De Toni</strong> è professore emerito di Ingegneria Economico Gestionale presso l’Università di Udine. È stato preside della Facoltà di Ingegneria, Magnifico Rettore, presidente della Fondazione CRUI (Conferenza dei Rettori delle Università Italiane), presidente del Comitato Ordinatore della Scuola Superiore del Centro Alti Studi per la Difesa e presidente dell’Associazione Italiana di Ingegneria Gestionale. Attualmente è direttore scientifico di CUOA Business School, membro dell’Academia Europea e Sindaco di Udine.</p>
<p><strong>Eugenio Bastianon</strong> è stato professore nella scuola secondaria statale. Si è laureato in Filosofia presso l’Università di Venezia, dove ha conseguito anche il master in Formazione dei Formatori. Ha insegnato presso la Scuola di Specializzazione per Insegnanti della Scuola secondaria delle Università di Venezia, Padova, Verona e IUAV. Ha conseguito il dottorato di Ricerca in Ingegneria Gestionale presso l’Università di Padova. Attualmente è collaboratore di ricerca presso l’Università di Udine.</p>

<p>Per affrontare la complessità crescente del reale le organizzazioni devono aumentare la cooperazione grazie alla crescita e all’equilibrio del micro-potere tra le persone e aumentare la corresponsabilità grazie all’aumento e [&hellip;]</p>

<!-- This site is optimized with the Yoast SEO plugin v25.4 - https://yoast.com/wordpress/plugins/seo/ -->
<title>Alberto Felice De Toni, Eugenio Bastianon, La varietà necessaria del potere - Guerini e Associati</title>
<meta name="description" content="La complessità delle organizzazioni non si affronta con nuove posizioni e accentramento dei poteri, bensì con un allargamento e con l’equilibrio di essi." />
<meta name="robots" content="index, follow, max-snippet:-1, max-image-preview:large, max-video-preview:-1" />
<link rel="canonical" href="https://www.guerini.it/index.php/prodotto/la-varieta-necessaria-del-potere/" />
<meta property="og:locale" content="it_IT" />
<meta property="og:type" content="article" />
<meta property="og:title" content="Alberto Felice De Toni, Eugenio Bastianon, La varietà necessaria del potere - Guerini e Associati" />
<meta property="og:description" content="La complessità delle organizzazioni non si affronta con nuove posizioni e accentramento dei poteri, bensì con un allargamento e con l’equilibrio di essi." />
<meta property="og:url" content="https://www.guerini.it/index.php/prodotto/la-varieta-necessaria-del-potere/" />
<meta property="og:site_name" content="Guerini e Associati" />
<meta property="article:modified_time" content="2026-04-28T22:03:30+00:00" />
<meta property="og:image" content="https://www.guerini.it/wp-content/uploads/2025/01/LA-VERITA-NECESSARIA-DEL-POTERE-9788862509442.webp" />
	<meta property="og:image:width" content="667" />
	<meta property="og:image:height" content="1000" />
	<meta property="og:image:type" content="image/webp" />
<meta name="twitter:card" content="summary_large_image" />
<meta name="twitter:label1" content="Tempo di lettura stimato" />
	<meta name="twitter:data1" content="2 minuti" />
<!-- / Yoast SEO plugin. -->

Alberto Felice De Toni, Eugenio Bastianon, La varietà necessaria del potere - Guerini e Associati

La complessità delle organizzazioni non si affronta con nuove posizioni e accentramento dei poteri, bensì con un allargamento e con l’equilibrio di essi.

Front cover di A. De Toni, E. Bastianon, La varietà necessaria del potere, Guerini e Associati, 2025

30 anni di libri, idee e libertà
