{"id":25350,"date":"2025-01-30T09:57:33","date_gmt":"2025-01-30T08:57:33","guid":{"rendered":"https:\/\/www.guerini.it\/?post_type=product&#038;p=25350"},"modified":"2025-06-13T09:52:53","modified_gmt":"2025-06-13T07:52:53","slug":"echi-dal-sottosuolo","status":"publish","type":"product","link":"https:\/\/www.guerini.it\/index.php\/prodotto\/echi-dal-sottosuolo\/","title":{"rendered":"Echi dal sottosuolo"},"content":{"rendered":"<p style=\"text-align: justify;\">La tragedia ineguagliata della Seconda guerra mondiale e della persecuzione razziale antiebraica, e per contro la profonda aspirazione alla pace espressa dai sopravvissuti, fanno di questo libro una testimonianza di grande attualit\u00e0.<br \/>\nTra le migliaia di campi di concentramento e luoghi di detenzione creati in Europa dal Terzo Reich, quello sorto nell\u2019area del ghetto ebraico di Varsavia dopo la sua distruzione per mano tedesca nel maggio 1943, \u00e8 forse uno dei meno noti.<br \/>\nIl progetto di Himmler di dare un colpo di spugna radicale a quel vasto spazio contaminato dalla \u00abrazza\u00bb inferiore si riveler\u00e0 velleitario, in special modo per i ritrovamenti di ogni genere effettuati dai forzati. Sono talora povere testimonianze della vita precedente oppure oggetti preziosi appartenuti alle famiglie del ghetto, o intere biblioteche, oltre a corpi insepolti che spuntano ovunque. Senza contare che qualcuno si nasconde ancora nei cunicoli sotterranei.<br \/>\nPerch\u00e9, se c\u2019\u00e8 sempre una penna per scrivere il futuro, come diceva Albert Einstein, non esiste una gomma capace di cancellare tutto il passato.<br \/>\nIn una ricca panoramica di casi, il saggio pone in primo piano le biografie dei perseguitati, ai quali tenta di restituire il vissuto. Si tratta di uomini originari di ogni angolo d\u2019Europa, Italia compresa, che percorrono in maggioranza l\u2019itinerario da Auschwitz a Varsavia a Dachau e di qui a sottocampi dove li raggiunge la liberazione. Se per alcuni le notizie risultano avare, per molti altri il cammino della deportazione, percorso spesso con le famiglie dalle quali i pi\u00f9 vengono divisi per sempre, \u00e8 esplicitato nella sua drammaticit\u00e0.<\/p>\n<hr \/>\n<p style=\"text-align: justify;\"><strong>Lidia Maggioli<\/strong>, gi\u00e0 docente di storia e filosofia e dirigente scolastica, si dedica alla ricerca storica, in particolare sulla Seconda guerra mondiale e la persecuzione razziale, e alla narrativa, anche per ragazzi. Vanta numerose pubblicazioni.<\/p>\n","protected":false},"excerpt":{"rendered":"<p>La tragedia ineguagliata della Seconda guerra mondiale e della persecuzione razziale antiebraica, e per contro la profonda aspirazione alla pace espressa dai sopravvissuti, fanno di questo libro una testimonianza di [&hellip;]<\/p>\n","protected":false},"featured_media":25351,"template":"","meta":{"_editorskit_title_hidden":false,"_editorskit_reading_time":0,"_editorskit_is_block_options_detached":false,"_editorskit_block_options_position":"{}","_monsterinsights_skip_tracking":false,"_monsterinsights_sitenote_active":false,"_monsterinsights_sitenote_note":"","_monsterinsights_sitenote_category":0},"product_brand":[],"product_cat":[6806],"product_tag":[7998,7331,7050],"class_list":{"0":"post-25350","1":"product","2":"type-product","3":"status-publish","4":"has-post-thumbnail","6":"product_cat-senza-categoria","7":"product_tag-memoria","8":"product_tag-shoah","9":"product_tag-storia","11":"first","12":"instock","13":"sale","14":"shipping-taxable","15":"purchasable","16":"product-type-simple"},"yoast_head":"<!-- This site is optimized with the Yoast SEO plugin v25.4 - https:\/\/yoast.com\/wordpress\/plugins\/seo\/ -->\n<title>Lidia Maggioli, Echi dal sottosuolo - Guerini e Associati<\/title>\n<meta name=\"description\" content=\"1943: la storia del campo di concentramento sorto nell\u2019area del ghetto ebraico di Varsavia si accompagna al vissuto dei perseguitati.\" \/>\n<meta name=\"robots\" content=\"index, follow, max-snippet:-1, max-image-preview:large, max-video-preview:-1\" \/>\n<link rel=\"canonical\" href=\"https:\/\/www.guerini.it\/index.php\/prodotto\/echi-dal-sottosuolo\/\" \/>\n<meta property=\"og:locale\" content=\"it_IT\" \/>\n<meta property=\"og:type\" content=\"article\" \/>\n<meta property=\"og:title\" content=\"Lidia Maggioli, Echi dal sottosuolo - Guerini e Associati\" \/>\n<meta property=\"og:description\" content=\"1943: la storia del campo di concentramento sorto nell\u2019area del ghetto ebraico di Varsavia si accompagna al vissuto dei perseguitati.\" \/>\n<meta property=\"og:url\" content=\"https:\/\/www.guerini.it\/index.php\/prodotto\/echi-dal-sottosuolo\/\" \/>\n<meta property=\"og:site_name\" content=\"Guerini e Associati\" \/>\n<meta property=\"article:modified_time\" content=\"2025-06-13T07:52:53+00:00\" \/>\n<meta property=\"og:image\" content=\"https:\/\/www.guerini.it\/wp-content\/uploads\/2025\/01\/9788862509428.webp\" \/>\n\t<meta property=\"og:image:width\" content=\"643\" \/>\n\t<meta property=\"og:image:height\" content=\"1000\" \/>\n\t<meta property=\"og:image:type\" content=\"image\/webp\" \/>\n<meta name=\"twitter:card\" content=\"summary_large_image\" \/>\n<meta name=\"twitter:label1\" content=\"Tempo di lettura stimato\" \/>\n\t<meta name=\"twitter:data1\" content=\"2 minuti\" \/>\n<!-- \/ Yoast SEO plugin. -->","yoast_head_json":{"title":"Lidia Maggioli, Echi dal sottosuolo - Guerini e Associati","description":"1943: la storia del campo di concentramento sorto nell\u2019area del ghetto ebraico di Varsavia si accompagna al vissuto dei perseguitati.","robots":{"index":"index","follow":"follow","max-snippet":"max-snippet:-1","max-image-preview":"max-image-preview:large","max-video-preview":"max-video-preview:-1"},"canonical":"https:\/\/www.guerini.it\/index.php\/prodotto\/echi-dal-sottosuolo\/","og_locale":"it_IT","og_type":"article","og_title":"Lidia Maggioli, Echi dal sottosuolo - Guerini e Associati","og_description":"1943: la storia del campo di concentramento sorto nell\u2019area del ghetto ebraico di Varsavia si accompagna al vissuto dei perseguitati.","og_url":"https:\/\/www.guerini.it\/index.php\/prodotto\/echi-dal-sottosuolo\/","og_site_name":"Guerini e Associati","article_modified_time":"2025-06-13T07:52:53+00:00","og_image":[{"width":643,"height":1000,"url":"https:\/\/www.guerini.it\/wp-content\/uploads\/2025\/01\/9788862509428.webp","type":"image\/webp"}],"twitter_card":"summary_large_image","twitter_misc":{"Tempo di lettura stimato":"2 minuti"},"schema":{"@context":"https:\/\/schema.org","@graph":[{"@type":"WebPage","@id":"https:\/\/www.guerini.it\/index.php\/prodotto\/echi-dal-sottosuolo\/","url":"https:\/\/www.guerini.it\/index.php\/prodotto\/echi-dal-sottosuolo\/","name":"Lidia Maggioli, Echi dal sottosuolo - Guerini e Associati","isPartOf":{"@id":"https:\/\/www.guerini.it\/#website"},"primaryImageOfPage":{"@id":"https:\/\/www.guerini.it\/index.php\/prodotto\/echi-dal-sottosuolo\/#primaryimage"},"image":{"@id":"https:\/\/www.guerini.it\/index.php\/prodotto\/echi-dal-sottosuolo\/#primaryimage"},"thumbnailUrl":"https:\/\/www.guerini.it\/wp-content\/uploads\/2025\/01\/9788862509428.webp","datePublished":"2025-01-30T08:57:33+00:00","dateModified":"2025-06-13T07:52:53+00:00","description":"1943: la storia del campo di concentramento sorto nell\u2019area del ghetto ebraico di Varsavia si accompagna al vissuto dei perseguitati.","breadcrumb":{"@id":"https:\/\/www.guerini.it\/index.php\/prodotto\/echi-dal-sottosuolo\/#breadcrumb"},"inLanguage":"it-IT","potentialAction":[{"@type":"ReadAction","target":["https:\/\/www.guerini.it\/index.php\/prodotto\/echi-dal-sottosuolo\/"]}]},{"@type":"ImageObject","inLanguage":"it-IT","@id":"https:\/\/www.guerini.it\/index.php\/prodotto\/echi-dal-sottosuolo\/#primaryimage","url":"https:\/\/www.guerini.it\/wp-content\/uploads\/2025\/01\/9788862509428.webp","contentUrl":"https:\/\/www.guerini.it\/wp-content\/uploads\/2025\/01\/9788862509428.webp","width":643,"height":1000,"caption":"Front Cover di L. Maggioli, Echi dal sottosuolo, Guerini e Associati, 2025"},{"@type":"BreadcrumbList","@id":"https:\/\/www.guerini.it\/index.php\/prodotto\/echi-dal-sottosuolo\/#breadcrumb","itemListElement":[{"@type":"ListItem","position":1,"name":"Home","item":"https:\/\/www.guerini.it\/"},{"@type":"ListItem","position":2,"name":"Catalogo","item":"https:\/\/www.guerini.it\/index.php\/negozio\/"},{"@type":"ListItem","position":3,"name":"Echi dal sottosuolo"}]},{"@type":"WebSite","@id":"https:\/\/www.guerini.it\/#website","url":"https:\/\/www.guerini.it\/","name":"Guerini e Associati","description":"30 anni di libri, idee e libert\u00e0","publisher":{"@id":"https:\/\/www.guerini.it\/#organization"},"potentialAction":[{"@type":"SearchAction","target":{"@type":"EntryPoint","urlTemplate":"https:\/\/www.guerini.it\/?s={search_term_string}"},"query-input":{"@type":"PropertyValueSpecification","valueRequired":true,"valueName":"search_term_string"}}],"inLanguage":"it-IT"},{"@type":"Organization","@id":"https:\/\/www.guerini.it\/#organization","name":"Guerini e Associati","url":"https:\/\/www.guerini.it\/","logo":{"@type":"ImageObject","inLanguage":"it-IT","@id":"https:\/\/www.guerini.it\/#\/schema\/logo\/image\/","url":"https:\/\/www.guerini.it\/wp-content\/uploads\/2021\/03\/Logo-Guerini-OK_-e1615831292285.png","contentUrl":"https:\/\/www.guerini.it\/wp-content\/uploads\/2021\/03\/Logo-Guerini-OK_-e1615831292285.png","width":2805,"height":1870,"caption":"Guerini e Associati"},"image":{"@id":"https:\/\/www.guerini.it\/#\/schema\/logo\/image\/"}}]}},"_links":{"self":[{"href":"https:\/\/www.guerini.it\/index.php\/wp-json\/wp\/v2\/product\/25350","targetHints":{"allow":["GET"]}}],"collection":[{"href":"https:\/\/www.guerini.it\/index.php\/wp-json\/wp\/v2\/product"}],"about":[{"href":"https:\/\/www.guerini.it\/index.php\/wp-json\/wp\/v2\/types\/product"}],"wp:featuredmedia":[{"embeddable":true,"href":"https:\/\/www.guerini.it\/index.php\/wp-json\/wp\/v2\/media\/25351"}],"wp:attachment":[{"href":"https:\/\/www.guerini.it\/index.php\/wp-json\/wp\/v2\/media?parent=25350"}],"wp:term":[{"taxonomy":"product_brand","embeddable":true,"href":"https:\/\/www.guerini.it\/index.php\/wp-json\/wp\/v2\/product_brand?post=25350"},{"taxonomy":"product_cat","embeddable":true,"href":"https:\/\/www.guerini.it\/index.php\/wp-json\/wp\/v2\/product_cat?post=25350"},{"taxonomy":"product_tag","embeddable":true,"href":"https:\/\/www.guerini.it\/index.php\/wp-json\/wp\/v2\/product_tag?post=25350"}],"curies":[{"name":"wp","href":"https:\/\/api.w.org\/{rel}","templated":true}]}}

<p style="text-align: justify;">La tragedia ineguagliata della Seconda guerra mondiale e della persecuzione razziale antiebraica, e per contro la profonda aspirazione alla pace espressa dai sopravvissuti, fanno di questo libro una testimonianza di grande attualità.<br />
Tra le migliaia di campi di concentramento e luoghi di detenzione creati in Europa dal Terzo Reich, quello sorto nell’area del ghetto ebraico di Varsavia dopo la sua distruzione per mano tedesca nel maggio 1943, è forse uno dei meno noti.<br />
Il progetto di Himmler di dare un colpo di spugna radicale a quel vasto spazio contaminato dalla «razza» inferiore si rivelerà velleitario, in special modo per i ritrovamenti di ogni genere effettuati dai forzati. Sono talora povere testimonianze della vita precedente oppure oggetti preziosi appartenuti alle famiglie del ghetto, o intere biblioteche, oltre a corpi insepolti che spuntano ovunque. Senza contare che qualcuno si nasconde ancora nei cunicoli sotterranei.<br />
Perché, se c’è sempre una penna per scrivere il futuro, come diceva Albert Einstein, non esiste una gomma capace di cancellare tutto il passato.<br />
In una ricca panoramica di casi, il saggio pone in primo piano le biografie dei perseguitati, ai quali tenta di restituire il vissuto. Si tratta di uomini originari di ogni angolo d’Europa, Italia compresa, che percorrono in maggioranza l’itinerario da Auschwitz a Varsavia a Dachau e di qui a sottocampi dove li raggiunge la liberazione. Se per alcuni le notizie risultano avare, per molti altri il cammino della deportazione, percorso spesso con le famiglie dalle quali i più vengono divisi per sempre, è esplicitato nella sua drammaticità.</p>
<hr />
<p style="text-align: justify;"><strong>Lidia Maggioli</strong>, già docente di storia e filosofia e dirigente scolastica, si dedica alla ricerca storica, in particolare sulla Seconda guerra mondiale e la persecuzione razziale, e alla narrativa, anche per ragazzi. Vanta numerose pubblicazioni.</p>

30 anni di libri, idee e libertà
