{"id":25375,"date":"2025-02-25T14:49:55","date_gmt":"2025-02-25T13:49:55","guid":{"rendered":"https:\/\/www.guerini.it\/?post_type=product&#038;p=25375"},"modified":"2025-04-10T14:59:58","modified_gmt":"2025-04-10T12:59:58","slug":"geografia-di-una-rivoluzione-urbana","status":"publish","type":"product","link":"https:\/\/www.guerini.it\/index.php\/prodotto\/geografia-di-una-rivoluzione-urbana\/","title":{"rendered":"Geografia di una rivoluzione urbana"},"content":{"rendered":"<p style=\"text-align: justify;\">William Bunge \u00e8 stato un geografo poco convenzionale, il cui percorso ha dato importanti fondamenti per lo sviluppo degli studi urbani. La sua figura \u00e8 sta\u00adta spesso mitizzata negli Stati Uniti, ma in Europa, e in particolare in Italia, \u00e8 ancora poco conosciuta. Come geografo, dalla met\u00e0 degli anni Sessanta \u00e8 stato protagonista controverso in diversi atenei statunitensi. Tuttavia la parte pi\u00f9 si\u00adgnificativa del suo lavoro scientifico si \u00e8 svolta oltre le mura dell\u2019accademia, nelle comunit\u00e0 marginalizzate di Detroit, dove con le sue \u00abesplorazioni urbane\u00bb si \u00e8 messo \u00abal servizio dei poveri\u00bb utilizzando gli \u00abstrumenti geografici dell\u2019Impero\u00bb (carte, bussole, taccuino, eccetera). Anticipando pratiche di ricerca della geografia radicale Bunge, insieme a Gwendolyn Warren, attivista afroamericana, ha fonda\u00adto il Detroit Geographical Expedition Institute (DGEI), coinvolgendo attivamen\u00adte centinaia di persone residenti a Detroit tra il 1968 e il 1972 in un esperimento di co-progettazione di ricerca per un cambiamento sociale. Attraverso lo studio degli articoli e dei testi dello stesso geografo, integrato dalla traduzione di docu\u00admenti d\u2019archivio, interviste ai membri del DGEI e commenti accademici di respi\u00adro internazionale, l\u2019autrice presenta qui il lavoro di Bunge, documentando come l\u2019esperienza del DGEI sia ancora oggi rilevante per tutti coloro che si occupano di disuguaglianza, ingiustizia sociale e diritto alla citt\u00e0, per la scoperta e la creazione di nuove direzioni e metodologie di ricerca.<\/p>\n<hr \/>\n<p style=\"text-align: justify;\"><strong>Valeria Pecorelli <\/strong>\u00e8 ricercatrice in Geografia presso il Dipartimento di Scienze Umane e dell\u2019Innovazione per il Territorio (DISUIT) dell\u2019Universit\u00e0 degli Stu\u00addi dell\u2019Insubria di Como. Ha lavorato come ricercatrice e docente di Geografia urbana, culturale e del turismo presso l\u2019Universit\u00e0 Iulm di Milano e l\u2019Universit\u00e0 di Milano-Bicocca. I suoi interessi di ricerca e insegnamento si concentrano sullo sviluppo di approcci teorici e metodologici critici della geografia umana.<\/p>\n","protected":false},"excerpt":{"rendered":"<p>William Bunge \u00e8 stato un geografo poco convenzionale, il cui percorso ha dato importanti fondamenti per lo sviluppo degli studi urbani. La sua figura \u00e8 sta\u00adta spesso mitizzata negli Stati [&hellip;]<\/p>\n","protected":false},"featured_media":25376,"template":"","meta":{"_editorskit_title_hidden":false,"_editorskit_reading_time":0,"_editorskit_is_block_options_detached":false,"_editorskit_block_options_position":"{}","_monsterinsights_skip_tracking":false,"_monsterinsights_sitenote_active":false,"_monsterinsights_sitenote_note":"","_monsterinsights_sitenote_category":0},"product_brand":[],"product_cat":[6586],"product_tag":[7720,7824,7079],"class_list":{"0":"post-25375","1":"product","2":"type-product","3":"status-publish","4":"has-post-thumbnail","6":"product_cat-sp","7":"product_tag-geografia","8":"product_tag-giustizia","9":"product_tag-urbanistica","10":"pa_guerini_amazon_link-https-www-amazon-it-geografia-rivoluzione-urbana-william-bunge-dp-8881074826","11":"pa_guerini_feltrinelli_link-https-www-lafeltrinelli-it-geografia-di-rivoluzione-urbana-william-libro-valeria-pecorelli-e-9788881074822","12":"pa_guerini_ibs_link-https-www-ibs-it-geografia-di-rivoluzione-urbana-william-libro-valeria-pecorelli-e-9788881074822","13":"pa_guerini_libruniver_link-https-www-libreriauniversitaria-it-geografia-rivoluzione-urbana-william-bunge-libro-9788881074822","14":"pa_guerini_mondadori_link-https-www-mondadoristore-it-geografia-di-una-rivoluzione-urbana-william-bunge-e-il-dgei-valeria-pecorelli-eai978888107482","16":"first","17":"instock","18":"shipping-taxable","19":"purchasable","20":"product-type-simple"},"yoast_head":"<!-- This site is optimized with the Yoast SEO plugin v25.4 - https:\/\/yoast.com\/wordpress\/plugins\/seo\/ -->\n<title>Valeria Pecorelli, Geografia di una rivoluzione urbana - Guerini e Associati<\/title>\n<meta name=\"description\" content=\"William Bunge e la geografia radicale: il Detroit Geographical Expedition Institute come modello di ricerca partecipativa per la giustizia sociale.\" \/>\n<meta name=\"robots\" content=\"index, follow, max-snippet:-1, max-image-preview:large, max-video-preview:-1\" \/>\n<link rel=\"canonical\" href=\"https:\/\/www.guerini.it\/index.php\/prodotto\/geografia-di-una-rivoluzione-urbana\/\" \/>\n<meta property=\"og:locale\" content=\"it_IT\" \/>\n<meta property=\"og:type\" content=\"article\" \/>\n<meta property=\"og:title\" content=\"Valeria Pecorelli, Geografia di una rivoluzione urbana - Guerini e Associati\" \/>\n<meta property=\"og:description\" content=\"William Bunge e la geografia radicale: il Detroit Geographical Expedition Institute come modello di ricerca partecipativa per la giustizia sociale.\" \/>\n<meta property=\"og:url\" content=\"https:\/\/www.guerini.it\/index.php\/prodotto\/geografia-di-una-rivoluzione-urbana\/\" \/>\n<meta property=\"og:site_name\" content=\"Guerini e Associati\" \/>\n<meta property=\"article:modified_time\" content=\"2025-04-10T12:59:58+00:00\" \/>\n<meta property=\"og:image\" content=\"https:\/\/www.guerini.it\/wp-content\/uploads\/2025\/02\/9788881074822.webp\" \/>\n\t<meta property=\"og:image:width\" content=\"643\" \/>\n\t<meta property=\"og:image:height\" content=\"1000\" \/>\n\t<meta property=\"og:image:type\" content=\"image\/webp\" \/>\n<meta name=\"twitter:card\" content=\"summary_large_image\" \/>\n<meta name=\"twitter:label1\" content=\"Tempo di lettura stimato\" \/>\n\t<meta name=\"twitter:data1\" content=\"2 minuti\" \/>\n<!-- \/ Yoast SEO plugin. -->","yoast_head_json":{"title":"Valeria Pecorelli, Geografia di una rivoluzione urbana - Guerini e Associati","description":"William Bunge e la geografia radicale: il Detroit Geographical Expedition Institute come modello di ricerca partecipativa per la giustizia sociale.","robots":{"index":"index","follow":"follow","max-snippet":"max-snippet:-1","max-image-preview":"max-image-preview:large","max-video-preview":"max-video-preview:-1"},"canonical":"https:\/\/www.guerini.it\/index.php\/prodotto\/geografia-di-una-rivoluzione-urbana\/","og_locale":"it_IT","og_type":"article","og_title":"Valeria Pecorelli, Geografia di una rivoluzione urbana - Guerini e Associati","og_description":"William Bunge e la geografia radicale: il Detroit Geographical Expedition Institute come modello di ricerca partecipativa per la giustizia sociale.","og_url":"https:\/\/www.guerini.it\/index.php\/prodotto\/geografia-di-una-rivoluzione-urbana\/","og_site_name":"Guerini e Associati","article_modified_time":"2025-04-10T12:59:58+00:00","og_image":[{"width":643,"height":1000,"url":"https:\/\/www.guerini.it\/wp-content\/uploads\/2025\/02\/9788881074822.webp","type":"image\/webp"}],"twitter_card":"summary_large_image","twitter_misc":{"Tempo di lettura stimato":"2 minuti"},"schema":{"@context":"https:\/\/schema.org","@graph":[{"@type":"WebPage","@id":"https:\/\/www.guerini.it\/index.php\/prodotto\/geografia-di-una-rivoluzione-urbana\/","url":"https:\/\/www.guerini.it\/index.php\/prodotto\/geografia-di-una-rivoluzione-urbana\/","name":"Valeria Pecorelli, Geografia di una rivoluzione urbana - Guerini e Associati","isPartOf":{"@id":"https:\/\/www.guerini.it\/#website"},"primaryImageOfPage":{"@id":"https:\/\/www.guerini.it\/index.php\/prodotto\/geografia-di-una-rivoluzione-urbana\/#primaryimage"},"image":{"@id":"https:\/\/www.guerini.it\/index.php\/prodotto\/geografia-di-una-rivoluzione-urbana\/#primaryimage"},"thumbnailUrl":"https:\/\/www.guerini.it\/wp-content\/uploads\/2025\/02\/9788881074822.webp","datePublished":"2025-02-25T13:49:55+00:00","dateModified":"2025-04-10T12:59:58+00:00","description":"William Bunge e la geografia radicale: il Detroit Geographical Expedition Institute come modello di ricerca partecipativa per la giustizia sociale.","breadcrumb":{"@id":"https:\/\/www.guerini.it\/index.php\/prodotto\/geografia-di-una-rivoluzione-urbana\/#breadcrumb"},"inLanguage":"it-IT","potentialAction":[{"@type":"ReadAction","target":["https:\/\/www.guerini.it\/index.php\/prodotto\/geografia-di-una-rivoluzione-urbana\/"]}]},{"@type":"ImageObject","inLanguage":"it-IT","@id":"https:\/\/www.guerini.it\/index.php\/prodotto\/geografia-di-una-rivoluzione-urbana\/#primaryimage","url":"https:\/\/www.guerini.it\/wp-content\/uploads\/2025\/02\/9788881074822.webp","contentUrl":"https:\/\/www.guerini.it\/wp-content\/uploads\/2025\/02\/9788881074822.webp","width":643,"height":1000,"caption":"Front Cover di V. Pecorelli, Geografia di una rivoluzione urbana, Guerini scientifica, 2025"},{"@type":"BreadcrumbList","@id":"https:\/\/www.guerini.it\/index.php\/prodotto\/geografia-di-una-rivoluzione-urbana\/#breadcrumb","itemListElement":[{"@type":"ListItem","position":1,"name":"Home","item":"https:\/\/www.guerini.it\/"},{"@type":"ListItem","position":2,"name":"Catalogo","item":"https:\/\/www.guerini.it\/index.php\/negozio\/"},{"@type":"ListItem","position":3,"name":"Geografia di una rivoluzione urbana"}]},{"@type":"WebSite","@id":"https:\/\/www.guerini.it\/#website","url":"https:\/\/www.guerini.it\/","name":"Guerini e Associati","description":"30 anni di libri, idee e libert\u00e0","publisher":{"@id":"https:\/\/www.guerini.it\/#organization"},"potentialAction":[{"@type":"SearchAction","target":{"@type":"EntryPoint","urlTemplate":"https:\/\/www.guerini.it\/?s={search_term_string}"},"query-input":{"@type":"PropertyValueSpecification","valueRequired":true,"valueName":"search_term_string"}}],"inLanguage":"it-IT"},{"@type":"Organization","@id":"https:\/\/www.guerini.it\/#organization","name":"Guerini e Associati","url":"https:\/\/www.guerini.it\/","logo":{"@type":"ImageObject","inLanguage":"it-IT","@id":"https:\/\/www.guerini.it\/#\/schema\/logo\/image\/","url":"https:\/\/www.guerini.it\/wp-content\/uploads\/2021\/03\/Logo-Guerini-OK_-e1615831292285.png","contentUrl":"https:\/\/www.guerini.it\/wp-content\/uploads\/2021\/03\/Logo-Guerini-OK_-e1615831292285.png","width":2805,"height":1870,"caption":"Guerini e Associati"},"image":{"@id":"https:\/\/www.guerini.it\/#\/schema\/logo\/image\/"}}]}},"_links":{"self":[{"href":"https:\/\/www.guerini.it\/index.php\/wp-json\/wp\/v2\/product\/25375","targetHints":{"allow":["GET"]}}],"collection":[{"href":"https:\/\/www.guerini.it\/index.php\/wp-json\/wp\/v2\/product"}],"about":[{"href":"https:\/\/www.guerini.it\/index.php\/wp-json\/wp\/v2\/types\/product"}],"wp:featuredmedia":[{"embeddable":true,"href":"https:\/\/www.guerini.it\/index.php\/wp-json\/wp\/v2\/media\/25376"}],"wp:attachment":[{"href":"https:\/\/www.guerini.it\/index.php\/wp-json\/wp\/v2\/media?parent=25375"}],"wp:term":[{"taxonomy":"product_brand","embeddable":true,"href":"https:\/\/www.guerini.it\/index.php\/wp-json\/wp\/v2\/product_brand?post=25375"},{"taxonomy":"product_cat","embeddable":true,"href":"https:\/\/www.guerini.it\/index.php\/wp-json\/wp\/v2\/product_cat?post=25375"},{"taxonomy":"product_tag","embeddable":true,"href":"https:\/\/www.guerini.it\/index.php\/wp-json\/wp\/v2\/product_tag?post=25375"}],"curies":[{"name":"wp","href":"https:\/\/api.w.org\/{rel}","templated":true}]}}