{"id":25447,"date":"2025-04-23T11:04:53","date_gmt":"2025-04-23T09:04:53","guid":{"rendered":"https:\/\/www.guerini.it\/?post_type=product&#038;p=25447"},"modified":"2025-05-09T09:32:09","modified_gmt":"2025-05-09T07:32:09","slug":"pensiero-e-approccio-strategico","status":"publish","type":"product","link":"https:\/\/www.guerini.it\/index.php\/prodotto\/pensiero-e-approccio-strategico\/","title":{"rendered":"Pensiero e approccio strategico"},"content":{"rendered":"<p style=\"text-align: justify;\">In un periodo caratterizzato da incertezze e turbolenze, la strategia emerge come faro essenziale per le imprese che aspirano a prosperare. Per questo motivo oggi \u00e8 importante portare avanti una riflessione profonda sul modo in cui psicologia, organizzazione e strategia si intrecciano, fornendo un modello innovativo per affrontare le sfide contemporanee e abbracciando l\u2019incertezza come opportunit\u00e0 di crescita. Il lettore viene guidato attraverso il significato di un approccio strategico condiviso che incoraggia la partecipazione attiva e la creativit\u00e0 di tutti i membri dell\u2019organizzazione per valorizzare l\u2019impresa come comunit\u00e0 di persone, capace di mobilitare energie e risorse per un bene comune. Una guida indispensabile per chi desidera non solo comprendere, ma anche praticare un\u2019arte strategica in continua evoluzione.<\/p>\n<hr \/>\n<p style=\"text-align: justify;\"><strong>Marco Vitale<\/strong>, economista d\u2019impresa, allievo del Collegio Ghislieri di Pavia, \u00e8 stato docente alle <a href=\"https:\/\/portale.unipv.it\/it\">Universit\u00e0 di Pavia<\/a>, Bocconi e <a href=\"https:\/\/www.liuc.it\/\">LIUC \u2013 Universit\u00e0 Cattaneo<\/a>. Fondatore e presidente di <a href=\"https:\/\/www.vnz.it\/it\/home-vnz\/\">Vitale-Zane &amp; Co.<\/a>, ha ricoperto ruoli di vertice in AIFI, Arca e Banca Popolare di Milano. \u00c8 stato presidente della Fondazione ISTUD e membro del Comitato Direttivo ISTAO. Editorialista per vari giornali, \u00e8 autore di numerose pubblicazioni. \u00c8 membro del Comitato scientifico di ISVI-Istituto per Valori d\u2019Impresa e membro dell\u2019UCID di Brescia.<\/p>\n<p style=\"text-align: justify;\"><strong>Vittorio Coda<\/strong> \u00e8 professore emerito dell\u2019<a href=\"https:\/\/www.unibocconi.it\/it\">Universit\u00e0 Bocconi<\/a>, dove ha introdotto l\u2019insegnamento di Strategia aziendale e diretto il Dipartimento e l\u2019Istituto di Economia aziendale. Ha contribuito alla nascita e allo sviluppo della SDA Bocconi, che ha presieduto per quindici anni. \u00c8 presidente del Comitato scientifico di ISVI-Istituto per i Valori d\u2019Impresa sin dalla fondazione ed \u00e8 autore di numerose pubblicazioni.<\/p>\n","protected":false},"excerpt":{"rendered":"<p>In un periodo caratterizzato da incertezze e turbolenze, la strategia emerge come faro essenziale per le imprese che aspirano a prosperare. Per questo motivo oggi \u00e8 importante portare avanti una [&hellip;]<\/p>\n","protected":false},"featured_media":25448,"template":"","meta":{"_editorskit_title_hidden":false,"_editorskit_reading_time":0,"_editorskit_is_block_options_detached":false,"_editorskit_block_options_position":"{}","_monsterinsights_skip_tracking":false,"_monsterinsights_sitenote_active":false,"_monsterinsights_sitenote_note":"","_monsterinsights_sitenote_category":0},"product_brand":[],"product_cat":[6805,6728],"product_tag":[11886,12411,6968,6967,7412,12410,6802],"class_list":{"0":"post-25447","1":"product","2":"type-product","3":"status-publish","4":"has-post-thumbnail","6":"product_cat-guerini-next","7":"product_cat-ultime_novita","8":"product_tag-collaborazione","9":"product_tag-cultura-organizzativa","10":"product_tag-impresa","11":"product_tag-leadership","12":"product_tag-organizzazione","13":"product_tag-pensiero-strategico","14":"product_tag-risorse-umane","15":"pa_guerini_amazon_link-https-www-amazon-it-pensiero-approccio-strategico-patrimonio-dellimpresa-dp-886896600x","16":"pa_guerini_feltrinelli_link-https-www-lafeltrinelli-it-pensiero-approccio-strategico-patrimonio-comune-libro-vari-e-9788868966003","17":"pa_guerini_ibs_link-https-www-ibs-it-pensiero-approccio-strategico-patrimonio-comune-libro-vari-e-9788868966003","18":"pa_guerini_libruniver_link-https-www-libreriauniversitaria-it-pensiero-approccio-strategico-patrimonio-comune-libro-9788868966003","19":"pa_guerini_mondadori_link-https-www-mondadoristore-it-pensiero-e-approccio-strategico-patrimonio-comune-marco-vitale-vittorio-coda-p-9788868966003","21":"first","22":"instock","23":"sale","24":"shipping-taxable","25":"purchasable","26":"product-type-simple"},"yoast_head":"<!-- This site is optimized with the Yoast SEO plugin v25.4 - https:\/\/yoast.com\/wordpress\/plugins\/seo\/ -->\n<title>Pensiero e approccio strategico, A cura di M. Vitale, V. Coda | Guerini Editore<\/title>\n<meta name=\"description\" content=\"Una guida indispensabile per chi desidera non solo comprendere, ma anche praticare un\u2019arte strategica in continua evoluzione.\" \/>\n<meta name=\"robots\" content=\"index, follow, max-snippet:-1, max-image-preview:large, max-video-preview:-1\" \/>\n<link rel=\"canonical\" href=\"https:\/\/www.guerini.it\/index.php\/prodotto\/pensiero-e-approccio-strategico\/\" \/>\n<meta property=\"og:locale\" content=\"it_IT\" \/>\n<meta property=\"og:type\" content=\"article\" \/>\n<meta property=\"og:title\" content=\"Pensiero e approccio strategico, A cura di M. Vitale, V. Coda | Guerini Editore\" \/>\n<meta property=\"og:description\" content=\"Una guida indispensabile per chi desidera non solo comprendere, ma anche praticare un\u2019arte strategica in continua evoluzione.\" \/>\n<meta property=\"og:url\" content=\"https:\/\/www.guerini.it\/index.php\/prodotto\/pensiero-e-approccio-strategico\/\" \/>\n<meta property=\"og:site_name\" content=\"Guerini e Associati\" \/>\n<meta property=\"article:modified_time\" content=\"2025-05-09T07:32:09+00:00\" \/>\n<meta property=\"og:image\" content=\"https:\/\/www.guerini.it\/wp-content\/uploads\/2025\/04\/PENSIERO-E-APPROCCIO-STRATEGICO-9788868966003.webp\" \/>\n\t<meta property=\"og:image:width\" content=\"643\" \/>\n\t<meta property=\"og:image:height\" content=\"1000\" \/>\n\t<meta property=\"og:image:type\" content=\"image\/webp\" \/>\n<meta name=\"twitter:card\" content=\"summary_large_image\" \/>\n<meta name=\"twitter:label1\" content=\"Tempo di lettura stimato\" \/>\n\t<meta name=\"twitter:data1\" content=\"2 minuti\" \/>\n<!-- \/ Yoast SEO plugin. -->","yoast_head_json":{"title":"Pensiero e approccio strategico, A cura di M. Vitale, V. Coda | Guerini Editore","description":"Una guida indispensabile per chi desidera non solo comprendere, ma anche praticare un\u2019arte strategica in continua evoluzione.","robots":{"index":"index","follow":"follow","max-snippet":"max-snippet:-1","max-image-preview":"max-image-preview:large","max-video-preview":"max-video-preview:-1"},"canonical":"https:\/\/www.guerini.it\/index.php\/prodotto\/pensiero-e-approccio-strategico\/","og_locale":"it_IT","og_type":"article","og_title":"Pensiero e approccio strategico, A cura di M. Vitale, V. Coda | Guerini Editore","og_description":"Una guida indispensabile per chi desidera non solo comprendere, ma anche praticare un\u2019arte strategica in continua evoluzione.","og_url":"https:\/\/www.guerini.it\/index.php\/prodotto\/pensiero-e-approccio-strategico\/","og_site_name":"Guerini e Associati","article_modified_time":"2025-05-09T07:32:09+00:00","og_image":[{"width":643,"height":1000,"url":"https:\/\/www.guerini.it\/wp-content\/uploads\/2025\/04\/PENSIERO-E-APPROCCIO-STRATEGICO-9788868966003.webp","type":"image\/webp"}],"twitter_card":"summary_large_image","twitter_misc":{"Tempo di lettura stimato":"2 minuti"},"schema":{"@context":"https:\/\/schema.org","@graph":[{"@type":"WebPage","@id":"https:\/\/www.guerini.it\/index.php\/prodotto\/pensiero-e-approccio-strategico\/","url":"https:\/\/www.guerini.it\/index.php\/prodotto\/pensiero-e-approccio-strategico\/","name":"Pensiero e approccio strategico, A cura di M. Vitale, V. Coda | Guerini Editore","isPartOf":{"@id":"https:\/\/www.guerini.it\/#website"},"primaryImageOfPage":{"@id":"https:\/\/www.guerini.it\/index.php\/prodotto\/pensiero-e-approccio-strategico\/#primaryimage"},"image":{"@id":"https:\/\/www.guerini.it\/index.php\/prodotto\/pensiero-e-approccio-strategico\/#primaryimage"},"thumbnailUrl":"https:\/\/www.guerini.it\/wp-content\/uploads\/2025\/04\/PENSIERO-E-APPROCCIO-STRATEGICO-9788868966003.webp","datePublished":"2025-04-23T09:04:53+00:00","dateModified":"2025-05-09T07:32:09+00:00","description":"Una guida indispensabile per chi desidera non solo comprendere, ma anche praticare un\u2019arte strategica in continua evoluzione.","breadcrumb":{"@id":"https:\/\/www.guerini.it\/index.php\/prodotto\/pensiero-e-approccio-strategico\/#breadcrumb"},"inLanguage":"it-IT","potentialAction":[{"@type":"ReadAction","target":["https:\/\/www.guerini.it\/index.php\/prodotto\/pensiero-e-approccio-strategico\/"]}]},{"@type":"ImageObject","inLanguage":"it-IT","@id":"https:\/\/www.guerini.it\/index.php\/prodotto\/pensiero-e-approccio-strategico\/#primaryimage","url":"https:\/\/www.guerini.it\/wp-content\/uploads\/2025\/04\/PENSIERO-E-APPROCCIO-STRATEGICO-9788868966003.webp","contentUrl":"https:\/\/www.guerini.it\/wp-content\/uploads\/2025\/04\/PENSIERO-E-APPROCCIO-STRATEGICO-9788868966003.webp","width":643,"height":1000,"caption":"Front Cover di Pensiero e approccio strategico, a cura di M. Vitale e V. Coda, Guerini Next, 2025"},{"@type":"BreadcrumbList","@id":"https:\/\/www.guerini.it\/index.php\/prodotto\/pensiero-e-approccio-strategico\/#breadcrumb","itemListElement":[{"@type":"ListItem","position":1,"name":"Home","item":"https:\/\/www.guerini.it\/"},{"@type":"ListItem","position":2,"name":"Catalogo","item":"https:\/\/www.guerini.it\/index.php\/negozio\/"},{"@type":"ListItem","position":3,"name":"Pensiero e approccio strategico"}]},{"@type":"WebSite","@id":"https:\/\/www.guerini.it\/#website","url":"https:\/\/www.guerini.it\/","name":"Guerini e Associati","description":"30 anni di libri, idee e libert\u00e0","publisher":{"@id":"https:\/\/www.guerini.it\/#organization"},"potentialAction":[{"@type":"SearchAction","target":{"@type":"EntryPoint","urlTemplate":"https:\/\/www.guerini.it\/?s={search_term_string}"},"query-input":{"@type":"PropertyValueSpecification","valueRequired":true,"valueName":"search_term_string"}}],"inLanguage":"it-IT"},{"@type":"Organization","@id":"https:\/\/www.guerini.it\/#organization","name":"Guerini e Associati","url":"https:\/\/www.guerini.it\/","logo":{"@type":"ImageObject","inLanguage":"it-IT","@id":"https:\/\/www.guerini.it\/#\/schema\/logo\/image\/","url":"https:\/\/www.guerini.it\/wp-content\/uploads\/2021\/03\/Logo-Guerini-OK_-e1615831292285.png","contentUrl":"https:\/\/www.guerini.it\/wp-content\/uploads\/2021\/03\/Logo-Guerini-OK_-e1615831292285.png","width":2805,"height":1870,"caption":"Guerini e Associati"},"image":{"@id":"https:\/\/www.guerini.it\/#\/schema\/logo\/image\/"}}]}},"_links":{"self":[{"href":"https:\/\/www.guerini.it\/index.php\/wp-json\/wp\/v2\/product\/25447","targetHints":{"allow":["GET"]}}],"collection":[{"href":"https:\/\/www.guerini.it\/index.php\/wp-json\/wp\/v2\/product"}],"about":[{"href":"https:\/\/www.guerini.it\/index.php\/wp-json\/wp\/v2\/types\/product"}],"wp:featuredmedia":[{"embeddable":true,"href":"https:\/\/www.guerini.it\/index.php\/wp-json\/wp\/v2\/media\/25448"}],"wp:attachment":[{"href":"https:\/\/www.guerini.it\/index.php\/wp-json\/wp\/v2\/media?parent=25447"}],"wp:term":[{"taxonomy":"product_brand","embeddable":true,"href":"https:\/\/www.guerini.it\/index.php\/wp-json\/wp\/v2\/product_brand?post=25447"},{"taxonomy":"product_cat","embeddable":true,"href":"https:\/\/www.guerini.it\/index.php\/wp-json\/wp\/v2\/product_cat?post=25447"},{"taxonomy":"product_tag","embeddable":true,"href":"https:\/\/www.guerini.it\/index.php\/wp-json\/wp\/v2\/product_tag?post=25447"}],"curies":[{"name":"wp","href":"https:\/\/api.w.org\/{rel}","templated":true}]}}

<p style="text-align: justify;">In un periodo caratterizzato da incertezze e turbolenze, la strategia emerge come faro essenziale per le imprese che aspirano a prosperare. Per questo motivo oggi è importante portare avanti una riflessione profonda sul modo in cui psicologia, organizzazione e strategia si intrecciano, fornendo un modello innovativo per affrontare le sfide contemporanee e abbracciando l’incertezza come opportunità di crescita. Il lettore viene guidato attraverso il significato di un approccio strategico condiviso che incoraggia la partecipazione attiva e la creatività di tutti i membri dell’organizzazione per valorizzare l’impresa come comunità di persone, capace di mobilitare energie e risorse per un bene comune. Una guida indispensabile per chi desidera non solo comprendere, ma anche praticare un’arte strategica in continua evoluzione.</p>
<hr />
<p style="text-align: justify;"><strong>Marco Vitale</strong>, economista d’impresa, allievo del Collegio Ghislieri di Pavia, è stato docente alle <a href="https://portale.unipv.it/it">Università di Pavia</a>, Bocconi e <a href="https://www.liuc.it/">LIUC – Università Cattaneo</a>. Fondatore e presidente di <a href="https://www.vnz.it/it/home-vnz/">Vitale-Zane &amp; Co.</a>, ha ricoperto ruoli di vertice in AIFI, Arca e Banca Popolare di Milano. È stato presidente della Fondazione ISTUD e membro del Comitato Direttivo ISTAO. Editorialista per vari giornali, è autore di numerose pubblicazioni. È membro del Comitato scientifico di ISVI-Istituto per Valori d’Impresa e membro dell’UCID di Brescia.</p>
<p style="text-align: justify;"><strong>Vittorio Coda</strong> è professore emerito dell’<a href="https://www.unibocconi.it/it">Università Bocconi</a>, dove ha introdotto l’insegnamento di Strategia aziendale e diretto il Dipartimento e l’Istituto di Economia aziendale. Ha contribuito alla nascita e allo sviluppo della SDA Bocconi, che ha presieduto per quindici anni. È presidente del Comitato scientifico di ISVI-Istituto per i Valori d’Impresa sin dalla fondazione ed è autore di numerose pubblicazioni.</p>

<p>In un periodo caratterizzato da incertezze e turbolenze, la strategia emerge come faro essenziale per le imprese che aspirano a prosperare. Per questo motivo oggi è importante portare avanti una [&hellip;]</p>

30 anni di libri, idee e libertà
