{"id":25451,"date":"2025-04-23T11:55:03","date_gmt":"2025-04-23T09:55:03","guid":{"rendered":"https:\/\/www.guerini.it\/?post_type=product&#038;p=25451"},"modified":"2026-02-24T18:19:36","modified_gmt":"2026-02-24T17:19:36","slug":"ventanni-di-sovranismo","status":"publish","type":"product","link":"https:\/\/www.guerini.it\/index.php\/prodotto\/ventanni-di-sovranismo\/","title":{"rendered":"Vent\u2019anni di sovranismo"},"content":{"rendered":"<p style=\"text-align: justify;\">Un viaggio attraverso vent\u2019anni di battaglie politiche, economiche e culturali che hanno segnato profondamente il panorama internazionale e hanno portato il sovranismo a imporsi in Italia e nel mondo. Dall\u2019introduzione dell\u2019euro alle tensioni economiche che ne sono derivate, dalla Brexit alla rivoluzione populista negli Stati Uniti con l\u2019elezione di Donald Trump fino all\u2019ascesa di Giorgia Meloni alla guida del governo italiano, Claudio Borghi Aquilini racconta in prima persona le sfide, gli errori e le vittorie di un movimento che ha cambiato e sta cambiando la storia. Un\u2019opera essenziale per chi vuole capire come siamo arrivati fin qui e dove stiamo andando, un\u2019opera che scuote certezze e smonta verit\u00e0 ufficiali.<\/p>\n<hr \/>\n<p style=\"text-align: justify;\"><strong>Claudio Borghi Aquilini<\/strong>, nato a Milano nel 1970, ha alle spalle una lunga carriera nei mercati finanziari, dove ha ricoperto ruoli dirigenziali ai massimi livelli in banche d\u2019affari internazionali. In seguito \u00e8 stato giornalista e docente universitario di Economia degli intermediari finanziari. Dal 2013 \u00e8 attivo in politica, prima come consigliere regionale in Toscana, poi come deputato e senatore. Attualmente \u00e8 membro del Comitato parlamentare di controllo sui servizi segreti. Insieme ad Alberto Bagnai ha teorizzato e diffuso le tesi sulla critica all\u2019Unione Europea e sulla necessit\u00e0 di un ritorno alla sovranit\u00e0 monetaria e politica dell\u2019Italia. Il suo account sul social X \u00e8 tra i pi\u00f9 seguiti in Italia, con oltre 200mila follower e 170 milioni di visualizzazioni annue.<\/p>\n","protected":false},"excerpt":{"rendered":"<p>Un viaggio attraverso vent\u2019anni di battaglie politiche, economiche e culturali che hanno segnato profondamente il panorama internazionale e hanno portato il sovranismo a imporsi in Italia e nel mondo. Dall\u2019introduzione [&hellip;]<\/p>\n","protected":false},"featured_media":25452,"template":"","meta":{"_editorskit_title_hidden":false,"_editorskit_reading_time":0,"_editorskit_is_block_options_detached":false,"_editorskit_block_options_position":"{}","_monsterinsights_skip_tracking":false,"_monsterinsights_sitenote_active":false,"_monsterinsights_sitenote_note":"","_monsterinsights_sitenote_category":0},"product_brand":[],"product_cat":[12325,6728],"product_tag":[6814,6815,11813,6950,10379,11057],"class_list":{"0":"post-25451","1":"product","2":"type-product","3":"status-publish","4":"has-post-thumbnail","6":"product_cat-scintille","7":"product_cat-ultime_novita","8":"product_tag-comunicazione","9":"product_tag-economia","10":"product_tag-informazione","11":"product_tag-politica-economica","12":"product_tag-politica-internazionale","13":"product_tag-politica-italiana","14":"pa_guerini_amazon_link-https-www-amazon-it-ventanni-sovranismo-dalleuro-claudio-aquilini-dp-886250957x","15":"pa_guerini_feltrinelli_link-https-www-lafeltrinelli-it-vent-anni-di-sovranismo-dall-libro-claudio-borghi-aquilini-e-9788862509572","16":"pa_guerini_ibs_link-https-www-ibs-it-vent-anni-di-sovranismo-dall-libro-claudio-borghi-aquilini-e-9788862509572","17":"pa_guerini_libruniver_link-https-www-libreriauniversitaria-it-vent-anni-sovranismo-euro-trump-libro-9788862509572","18":"pa_guerini_mondadori_link-https-www-mondadoristore-it-vent-anni-di-sovranismo-dall-euro-a-trump-universita-e-professioni-claudio-borghi-p-9788862509572","20":"first","21":"instock","22":"sale","23":"shipping-taxable","24":"purchasable","25":"product-type-simple"},"yoast_head":"<!-- This site is optimized with the Yoast SEO plugin v25.4 - https:\/\/yoast.com\/wordpress\/plugins\/seo\/ -->\n<title>C. Borghi Aquilini, Vent\u2019anni di sovranismo - Guerini e Associati<\/title>\n<meta name=\"description\" content=\"Claudio Borghi Aquilini racconta in prima persona le sfide, gli errori e le vittorie di un movimento che ha cambiato e sta cambiando la storia.\" \/>\n<meta name=\"robots\" content=\"index, follow, max-snippet:-1, max-image-preview:large, max-video-preview:-1\" \/>\n<link rel=\"canonical\" href=\"https:\/\/www.guerini.it\/index.php\/prodotto\/ventanni-di-sovranismo\/\" \/>\n<meta property=\"og:locale\" content=\"it_IT\" \/>\n<meta property=\"og:type\" content=\"article\" \/>\n<meta property=\"og:title\" content=\"C. Borghi Aquilini, Vent\u2019anni di sovranismo - Guerini e Associati\" \/>\n<meta property=\"og:description\" content=\"Claudio Borghi Aquilini racconta in prima persona le sfide, gli errori e le vittorie di un movimento che ha cambiato e sta cambiando la storia.\" \/>\n<meta property=\"og:url\" content=\"https:\/\/www.guerini.it\/index.php\/prodotto\/ventanni-di-sovranismo\/\" \/>\n<meta property=\"og:site_name\" content=\"Guerini e Associati\" \/>\n<meta property=\"article:modified_time\" content=\"2026-02-24T17:19:36+00:00\" \/>\n<meta property=\"og:image\" content=\"https:\/\/www.guerini.it\/wp-content\/uploads\/2025\/04\/VENTANNI-DI-SOVRANISMO-9788862509572.webp\" \/>\n\t<meta property=\"og:image:width\" content=\"667\" \/>\n\t<meta property=\"og:image:height\" content=\"1000\" \/>\n\t<meta property=\"og:image:type\" content=\"image\/webp\" \/>\n<meta name=\"twitter:card\" content=\"summary_large_image\" \/>\n<meta name=\"twitter:label1\" content=\"Tempo di lettura stimato\" \/>\n\t<meta name=\"twitter:data1\" content=\"2 minuti\" \/>\n<!-- \/ Yoast SEO plugin. -->","yoast_head_json":{"title":"C. Borghi Aquilini, Vent\u2019anni di sovranismo - Guerini e Associati","description":"Claudio Borghi Aquilini racconta in prima persona le sfide, gli errori e le vittorie di un movimento che ha cambiato e sta cambiando la storia.","robots":{"index":"index","follow":"follow","max-snippet":"max-snippet:-1","max-image-preview":"max-image-preview:large","max-video-preview":"max-video-preview:-1"},"canonical":"https:\/\/www.guerini.it\/index.php\/prodotto\/ventanni-di-sovranismo\/","og_locale":"it_IT","og_type":"article","og_title":"C. Borghi Aquilini, Vent\u2019anni di sovranismo - Guerini e Associati","og_description":"Claudio Borghi Aquilini racconta in prima persona le sfide, gli errori e le vittorie di un movimento che ha cambiato e sta cambiando la storia.","og_url":"https:\/\/www.guerini.it\/index.php\/prodotto\/ventanni-di-sovranismo\/","og_site_name":"Guerini e Associati","article_modified_time":"2026-02-24T17:19:36+00:00","og_image":[{"width":667,"height":1000,"url":"https:\/\/www.guerini.it\/wp-content\/uploads\/2025\/04\/VENTANNI-DI-SOVRANISMO-9788862509572.webp","type":"image\/webp"}],"twitter_card":"summary_large_image","twitter_misc":{"Tempo di lettura stimato":"2 minuti"},"schema":{"@context":"https:\/\/schema.org","@graph":[{"@type":"WebPage","@id":"https:\/\/www.guerini.it\/index.php\/prodotto\/ventanni-di-sovranismo\/","url":"https:\/\/www.guerini.it\/index.php\/prodotto\/ventanni-di-sovranismo\/","name":"C. Borghi Aquilini, Vent\u2019anni di sovranismo - Guerini e Associati","isPartOf":{"@id":"https:\/\/www.guerini.it\/#website"},"primaryImageOfPage":{"@id":"https:\/\/www.guerini.it\/index.php\/prodotto\/ventanni-di-sovranismo\/#primaryimage"},"image":{"@id":"https:\/\/www.guerini.it\/index.php\/prodotto\/ventanni-di-sovranismo\/#primaryimage"},"thumbnailUrl":"https:\/\/www.guerini.it\/wp-content\/uploads\/2025\/04\/VENTANNI-DI-SOVRANISMO-9788862509572.webp","datePublished":"2025-04-23T09:55:03+00:00","dateModified":"2026-02-24T17:19:36+00:00","description":"Claudio Borghi Aquilini racconta in prima persona le sfide, gli errori e le vittorie di un movimento che ha cambiato e sta cambiando la storia.","breadcrumb":{"@id":"https:\/\/www.guerini.it\/index.php\/prodotto\/ventanni-di-sovranismo\/#breadcrumb"},"inLanguage":"it-IT","potentialAction":[{"@type":"ReadAction","target":["https:\/\/www.guerini.it\/index.php\/prodotto\/ventanni-di-sovranismo\/"]}]},{"@type":"ImageObject","inLanguage":"it-IT","@id":"https:\/\/www.guerini.it\/index.php\/prodotto\/ventanni-di-sovranismo\/#primaryimage","url":"https:\/\/www.guerini.it\/wp-content\/uploads\/2025\/04\/VENTANNI-DI-SOVRANISMO-9788862509572.webp","contentUrl":"https:\/\/www.guerini.it\/wp-content\/uploads\/2025\/04\/VENTANNI-DI-SOVRANISMO-9788862509572.webp","width":667,"height":1000,"caption":"Front Cover di C. Borghi, Vent'anni di sovranismo, (Guerini e Associati, 2025"},{"@type":"BreadcrumbList","@id":"https:\/\/www.guerini.it\/index.php\/prodotto\/ventanni-di-sovranismo\/#breadcrumb","itemListElement":[{"@type":"ListItem","position":1,"name":"Home","item":"https:\/\/www.guerini.it\/"},{"@type":"ListItem","position":2,"name":"Catalogo","item":"https:\/\/www.guerini.it\/index.php\/negozio\/"},{"@type":"ListItem","position":3,"name":"Vent\u2019anni di sovranismo"}]},{"@type":"WebSite","@id":"https:\/\/www.guerini.it\/#website","url":"https:\/\/www.guerini.it\/","name":"Guerini e Associati","description":"30 anni di libri, idee e libert\u00e0","publisher":{"@id":"https:\/\/www.guerini.it\/#organization"},"potentialAction":[{"@type":"SearchAction","target":{"@type":"EntryPoint","urlTemplate":"https:\/\/www.guerini.it\/?s={search_term_string}"},"query-input":{"@type":"PropertyValueSpecification","valueRequired":true,"valueName":"search_term_string"}}],"inLanguage":"it-IT"},{"@type":"Organization","@id":"https:\/\/www.guerini.it\/#organization","name":"Guerini e Associati","url":"https:\/\/www.guerini.it\/","logo":{"@type":"ImageObject","inLanguage":"it-IT","@id":"https:\/\/www.guerini.it\/#\/schema\/logo\/image\/","url":"https:\/\/www.guerini.it\/wp-content\/uploads\/2021\/03\/Logo-Guerini-OK_-e1615831292285.png","contentUrl":"https:\/\/www.guerini.it\/wp-content\/uploads\/2021\/03\/Logo-Guerini-OK_-e1615831292285.png","width":2805,"height":1870,"caption":"Guerini e Associati"},"image":{"@id":"https:\/\/www.guerini.it\/#\/schema\/logo\/image\/"}}]}},"_links":{"self":[{"href":"https:\/\/www.guerini.it\/index.php\/wp-json\/wp\/v2\/product\/25451","targetHints":{"allow":["GET"]}}],"collection":[{"href":"https:\/\/www.guerini.it\/index.php\/wp-json\/wp\/v2\/product"}],"about":[{"href":"https:\/\/www.guerini.it\/index.php\/wp-json\/wp\/v2\/types\/product"}],"wp:featuredmedia":[{"embeddable":true,"href":"https:\/\/www.guerini.it\/index.php\/wp-json\/wp\/v2\/media\/25452"}],"wp:attachment":[{"href":"https:\/\/www.guerini.it\/index.php\/wp-json\/wp\/v2\/media?parent=25451"}],"wp:term":[{"taxonomy":"product_brand","embeddable":true,"href":"https:\/\/www.guerini.it\/index.php\/wp-json\/wp\/v2\/product_brand?post=25451"},{"taxonomy":"product_cat","embeddable":true,"href":"https:\/\/www.guerini.it\/index.php\/wp-json\/wp\/v2\/product_cat?post=25451"},{"taxonomy":"product_tag","embeddable":true,"href":"https:\/\/www.guerini.it\/index.php\/wp-json\/wp\/v2\/product_tag?post=25451"}],"curies":[{"name":"wp","href":"https:\/\/api.w.org\/{rel}","templated":true}]}}

<p style="text-align: justify;">Un viaggio attraverso vent’anni di battaglie politiche, economiche e culturali che hanno segnato profondamente il panorama internazionale e hanno portato il sovranismo a imporsi in Italia e nel mondo. Dall’introduzione dell’euro alle tensioni economiche che ne sono derivate, dalla Brexit alla rivoluzione populista negli Stati Uniti con l’elezione di Donald Trump fino all’ascesa di Giorgia Meloni alla guida del governo italiano, Claudio Borghi Aquilini racconta in prima persona le sfide, gli errori e le vittorie di un movimento che ha cambiato e sta cambiando la storia. Un’opera essenziale per chi vuole capire come siamo arrivati fin qui e dove stiamo andando, un’opera che scuote certezze e smonta verità ufficiali.</p>
<hr />
<p style="text-align: justify;"><strong>Claudio Borghi Aquilini</strong>, nato a Milano nel 1970, ha alle spalle una lunga carriera nei mercati finanziari, dove ha ricoperto ruoli dirigenziali ai massimi livelli in banche d’affari internazionali. In seguito è stato giornalista e docente universitario di Economia degli intermediari finanziari. Dal 2013 è attivo in politica, prima come consigliere regionale in Toscana, poi come deputato e senatore. Attualmente è membro del Comitato parlamentare di controllo sui servizi segreti. Insieme ad Alberto Bagnai ha teorizzato e diffuso le tesi sulla critica all’Unione Europea e sulla necessità di un ritorno alla sovranità monetaria e politica dell’Italia. Il suo account sul social X è tra i più seguiti in Italia, con oltre 200mila follower e 170 milioni di visualizzazioni annue.</p>

30 anni di libri, idee e libertà
