{"id":25522,"date":"2025-05-08T16:29:58","date_gmt":"2025-05-08T14:29:58","guid":{"rendered":"https:\/\/www.guerini.it\/?post_type=product&#038;p=25522"},"modified":"2026-01-22T11:00:05","modified_gmt":"2026-01-22T10:00:05","slug":"le-qualita-sociologiche-dello-spazio-pubblico","status":"publish","type":"product","link":"https:\/\/www.guerini.it\/index.php\/prodotto\/le-qualita-sociologiche-dello-spazio-pubblico\/","title":{"rendered":"Le qualit\u00e0 sociologiche dello spazio pubblico"},"content":{"rendered":"<p style=\"text-align: justify;\">Questo volume presenta un\u2019idea di qualit\u00e0 dello spazio pubblico multidimensionale in cui si intrecciano elementi sociali, politici, estetici e affettivi. Privilegiando le pratiche, le relazioni e la pluralit\u00e0 delle esperienze, i saggi raccolti offrono un\u2019idea sociologica di qualit\u00e0 dello spazio pubblico legata alla capacit\u00e0 di generare relazioni significative tra le persone e lo spazio. Si tratta di una qualit\u00e0 che si manifesta innanzitutto nella possibilit\u00e0 offerta dallo spazio di favorire l\u2019incontro, la partecipazione e l\u2019aggregazione, creando opportunit\u00e0 per la socialit\u00e0 e l\u2019auto-organizzazione. Inoltre, si esprime nella pratica collettiva del prendersi cura, nella responsabilit\u00e0 che richiede un impegno condiviso e orientato al dialogo tra diverse visioni, logiche e sensibilit\u00e0. Nello sfidare un certo pensiero sociologico che ancora considera lo spazio come un contenitore, un vuoto riempito dal sociale, il volume sollecita una riflessione critica sulle fondamenta epistemologiche del sapere stesso aprendo nuove possibilit\u00e0 interpretative e trasformative per le dinamiche socio-spaziali.<\/p>\n<hr \/>\n<p style=\"text-align: justify;\"><strong>Letteria G. Fassari <\/strong>\u00e8 Professoressa Associata presso il DiSSE, <a href=\"https:\/\/www.uniroma1.it\/it\/pagina-strutturale\/home\">Sapien\u00adza Universit\u00e0 di Roma<\/a>, dove insegna Sociologia della Cultura. Dirige l\u2019Unit\u00e0 di Ricerca Social Aesthetics presso Sapienza.<\/p>\n<p style=\"text-align: justify;\"><strong>Paolo Do <\/strong>\u00e8 Ricercatore presso il Dipartimento di Sociologia e Ricerca Sociale dell\u2019<a href=\"https:\/\/www.unitn.it\/it\">Universit\u00e0 di Trento<\/a>. Insegna Sociologia dei Processi Cul\u00adturali ed Estetica Sociale.<\/p>\n<p style=\"text-align: justify;\"><strong>Gioia Pompili <\/strong>\u00e8 Dottore di ricerca in Sistemi sociali e Analisi delle Politiche Pubbliche. \u00c8 Cultrice della Materia per il corso di Sociologia della Cultura presso il DiSSE, Sapienza Universit\u00e0 di Roma.<\/p>\n<p style=\"text-align: justify;\"><strong>Emanuela Span\u00f2 <\/strong>\u00e8 Ricercatrice RTT presso <a href=\"https:\/\/www.unica.it\/it\">l\u2019Universit\u00e0 di Cagliari<\/a>, Dipartimento di Scienze Politiche e Sociali. I suoi ambiti di ricerca sono la sociologia culturale e dell\u2019educazione.<\/p>\n","protected":false},"excerpt":{"rendered":"<p>Questo volume presenta un\u2019idea di qualit\u00e0 dello spazio pubblico multidimensionale in cui si intrecciano elementi sociali, politici, estetici e affettivi. Privilegiando le pratiche, le relazioni e la pluralit\u00e0 delle esperienze, [&hellip;]<\/p>\n","protected":false},"featured_media":25523,"template":"","meta":{"_editorskit_title_hidden":false,"_editorskit_reading_time":0,"_editorskit_is_block_options_detached":false,"_editorskit_block_options_position":"{}","_monsterinsights_skip_tracking":false,"_monsterinsights_sitenote_active":false,"_monsterinsights_sitenote_note":"","_monsterinsights_sitenote_category":0},"product_brand":[],"product_cat":[6806],"product_tag":[7730,11367,12432,7532],"class_list":{"0":"post-25522","1":"product","2":"type-product","3":"status-publish","4":"has-post-thumbnail","6":"product_cat-senza-categoria","7":"product_tag-estetica","8":"product_tag-sociologia","9":"product_tag-spazio-pubblico","10":"product_tag-universita","12":"first","13":"instock","14":"sale","15":"shipping-taxable","16":"purchasable","17":"product-type-simple"},"yoast_head":"<!-- This site is optimized with the Yoast SEO plugin v25.4 - https:\/\/yoast.com\/wordpress\/plugins\/seo\/ -->\n<title>Le qualit\u00e0 sociologiche dello spazio pubblico, a cura di Fassari, Do, Pompili, Span\u00f2 | Guerini Editore<\/title>\n<meta name=\"description\" content=\"Una riflessione sulle fondamenta epistemologiche del sapere stesso aprendo nuove possibilit\u00e0 interpretative e trasformative per le dinamiche socio-spaziali.\" \/>\n<meta name=\"robots\" content=\"index, follow, max-snippet:-1, max-image-preview:large, max-video-preview:-1\" \/>\n<link rel=\"canonical\" href=\"https:\/\/www.guerini.it\/index.php\/prodotto\/le-qualita-sociologiche-dello-spazio-pubblico\/\" \/>\n<meta property=\"og:locale\" content=\"it_IT\" \/>\n<meta property=\"og:type\" content=\"article\" \/>\n<meta property=\"og:title\" content=\"Le qualit\u00e0 sociologiche dello spazio pubblico, a cura di Fassari, Do, Pompili, Span\u00f2 | Guerini Editore\" \/>\n<meta property=\"og:description\" content=\"Una riflessione sulle fondamenta epistemologiche del sapere stesso aprendo nuove possibilit\u00e0 interpretative e trasformative per le dinamiche socio-spaziali.\" \/>\n<meta property=\"og:url\" content=\"https:\/\/www.guerini.it\/index.php\/prodotto\/le-qualita-sociologiche-dello-spazio-pubblico\/\" \/>\n<meta property=\"og:site_name\" content=\"Guerini e Associati\" \/>\n<meta property=\"article:modified_time\" content=\"2026-01-22T10:00:05+00:00\" \/>\n<meta property=\"og:image\" content=\"https:\/\/www.guerini.it\/wp-content\/uploads\/2025\/05\/LE-QUALITA-SOCIOLOGICHE-DELLO-SPAZIO-PUBBLICO-9788881074983.webp\" \/>\n\t<meta property=\"og:image:width\" content=\"643\" \/>\n\t<meta property=\"og:image:height\" content=\"1000\" \/>\n\t<meta property=\"og:image:type\" content=\"image\/webp\" \/>\n<meta name=\"twitter:card\" content=\"summary_large_image\" \/>\n<meta name=\"twitter:label1\" content=\"Tempo di lettura stimato\" \/>\n\t<meta name=\"twitter:data1\" content=\"2 minuti\" \/>\n<!-- \/ Yoast SEO plugin. -->","yoast_head_json":{"title":"Le qualit\u00e0 sociologiche dello spazio pubblico, a cura di Fassari, Do, Pompili, Span\u00f2 | Guerini Editore","description":"Una riflessione sulle fondamenta epistemologiche del sapere stesso aprendo nuove possibilit\u00e0 interpretative e trasformative per le dinamiche socio-spaziali.","robots":{"index":"index","follow":"follow","max-snippet":"max-snippet:-1","max-image-preview":"max-image-preview:large","max-video-preview":"max-video-preview:-1"},"canonical":"https:\/\/www.guerini.it\/index.php\/prodotto\/le-qualita-sociologiche-dello-spazio-pubblico\/","og_locale":"it_IT","og_type":"article","og_title":"Le qualit\u00e0 sociologiche dello spazio pubblico, a cura di Fassari, Do, Pompili, Span\u00f2 | Guerini Editore","og_description":"Una riflessione sulle fondamenta epistemologiche del sapere stesso aprendo nuove possibilit\u00e0 interpretative e trasformative per le dinamiche socio-spaziali.","og_url":"https:\/\/www.guerini.it\/index.php\/prodotto\/le-qualita-sociologiche-dello-spazio-pubblico\/","og_site_name":"Guerini e Associati","article_modified_time":"2026-01-22T10:00:05+00:00","og_image":[{"width":643,"height":1000,"url":"https:\/\/www.guerini.it\/wp-content\/uploads\/2025\/05\/LE-QUALITA-SOCIOLOGICHE-DELLO-SPAZIO-PUBBLICO-9788881074983.webp","type":"image\/webp"}],"twitter_card":"summary_large_image","twitter_misc":{"Tempo di lettura stimato":"2 minuti"},"schema":{"@context":"https:\/\/schema.org","@graph":[{"@type":"WebPage","@id":"https:\/\/www.guerini.it\/index.php\/prodotto\/le-qualita-sociologiche-dello-spazio-pubblico\/","url":"https:\/\/www.guerini.it\/index.php\/prodotto\/le-qualita-sociologiche-dello-spazio-pubblico\/","name":"Le qualit\u00e0 sociologiche dello spazio pubblico, a cura di Fassari, Do, Pompili, Span\u00f2 | Guerini Editore","isPartOf":{"@id":"https:\/\/www.guerini.it\/#website"},"primaryImageOfPage":{"@id":"https:\/\/www.guerini.it\/index.php\/prodotto\/le-qualita-sociologiche-dello-spazio-pubblico\/#primaryimage"},"image":{"@id":"https:\/\/www.guerini.it\/index.php\/prodotto\/le-qualita-sociologiche-dello-spazio-pubblico\/#primaryimage"},"thumbnailUrl":"https:\/\/www.guerini.it\/wp-content\/uploads\/2025\/05\/LE-QUALITA-SOCIOLOGICHE-DELLO-SPAZIO-PUBBLICO-9788881074983.webp","datePublished":"2025-05-08T14:29:58+00:00","dateModified":"2026-01-22T10:00:05+00:00","description":"Una riflessione sulle fondamenta epistemologiche del sapere stesso aprendo nuove possibilit\u00e0 interpretative e trasformative per le dinamiche socio-spaziali.","breadcrumb":{"@id":"https:\/\/www.guerini.it\/index.php\/prodotto\/le-qualita-sociologiche-dello-spazio-pubblico\/#breadcrumb"},"inLanguage":"it-IT","potentialAction":[{"@type":"ReadAction","target":["https:\/\/www.guerini.it\/index.php\/prodotto\/le-qualita-sociologiche-dello-spazio-pubblico\/"]}]},{"@type":"ImageObject","inLanguage":"it-IT","@id":"https:\/\/www.guerini.it\/index.php\/prodotto\/le-qualita-sociologiche-dello-spazio-pubblico\/#primaryimage","url":"https:\/\/www.guerini.it\/wp-content\/uploads\/2025\/05\/LE-QUALITA-SOCIOLOGICHE-DELLO-SPAZIO-PUBBLICO-9788881074983.webp","contentUrl":"https:\/\/www.guerini.it\/wp-content\/uploads\/2025\/05\/LE-QUALITA-SOCIOLOGICHE-DELLO-SPAZIO-PUBBLICO-9788881074983.webp","width":643,"height":1000,"caption":"Front cover di Le qualit\u00e0 sociologiche dello spazio pubblico, a cura di L. Fassari, P. Do, G. Pompili, E. Span\u00f2, Guerini e Associati, 2025."},{"@type":"BreadcrumbList","@id":"https:\/\/www.guerini.it\/index.php\/prodotto\/le-qualita-sociologiche-dello-spazio-pubblico\/#breadcrumb","itemListElement":[{"@type":"ListItem","position":1,"name":"Home","item":"https:\/\/www.guerini.it\/"},{"@type":"ListItem","position":2,"name":"Catalogo","item":"https:\/\/www.guerini.it\/index.php\/negozio\/"},{"@type":"ListItem","position":3,"name":"Le qualit\u00e0 sociologiche dello spazio pubblico"}]},{"@type":"WebSite","@id":"https:\/\/www.guerini.it\/#website","url":"https:\/\/www.guerini.it\/","name":"Guerini e Associati","description":"30 anni di libri, idee e libert\u00e0","publisher":{"@id":"https:\/\/www.guerini.it\/#organization"},"potentialAction":[{"@type":"SearchAction","target":{"@type":"EntryPoint","urlTemplate":"https:\/\/www.guerini.it\/?s={search_term_string}"},"query-input":{"@type":"PropertyValueSpecification","valueRequired":true,"valueName":"search_term_string"}}],"inLanguage":"it-IT"},{"@type":"Organization","@id":"https:\/\/www.guerini.it\/#organization","name":"Guerini e Associati","url":"https:\/\/www.guerini.it\/","logo":{"@type":"ImageObject","inLanguage":"it-IT","@id":"https:\/\/www.guerini.it\/#\/schema\/logo\/image\/","url":"https:\/\/www.guerini.it\/wp-content\/uploads\/2021\/03\/Logo-Guerini-OK_-e1615831292285.png","contentUrl":"https:\/\/www.guerini.it\/wp-content\/uploads\/2021\/03\/Logo-Guerini-OK_-e1615831292285.png","width":2805,"height":1870,"caption":"Guerini e Associati"},"image":{"@id":"https:\/\/www.guerini.it\/#\/schema\/logo\/image\/"}}]}},"_links":{"self":[{"href":"https:\/\/www.guerini.it\/index.php\/wp-json\/wp\/v2\/product\/25522","targetHints":{"allow":["GET"]}}],"collection":[{"href":"https:\/\/www.guerini.it\/index.php\/wp-json\/wp\/v2\/product"}],"about":[{"href":"https:\/\/www.guerini.it\/index.php\/wp-json\/wp\/v2\/types\/product"}],"wp:featuredmedia":[{"embeddable":true,"href":"https:\/\/www.guerini.it\/index.php\/wp-json\/wp\/v2\/media\/25523"}],"wp:attachment":[{"href":"https:\/\/www.guerini.it\/index.php\/wp-json\/wp\/v2\/media?parent=25522"}],"wp:term":[{"taxonomy":"product_brand","embeddable":true,"href":"https:\/\/www.guerini.it\/index.php\/wp-json\/wp\/v2\/product_brand?post=25522"},{"taxonomy":"product_cat","embeddable":true,"href":"https:\/\/www.guerini.it\/index.php\/wp-json\/wp\/v2\/product_cat?post=25522"},{"taxonomy":"product_tag","embeddable":true,"href":"https:\/\/www.guerini.it\/index.php\/wp-json\/wp\/v2\/product_tag?post=25522"}],"curies":[{"name":"wp","href":"https:\/\/api.w.org\/{rel}","templated":true}]}}

Le qualità sociologiche dello spazio pubblico

<p style="text-align: justify;">Questo volume presenta un’idea di qualità dello spazio pubblico multidimensionale in cui si intrecciano elementi sociali, politici, estetici e affettivi. Privilegiando le pratiche, le relazioni e la pluralità delle esperienze, i saggi raccolti offrono un’idea sociologica di qualità dello spazio pubblico legata alla capacità di generare relazioni significative tra le persone e lo spazio. Si tratta di una qualità che si manifesta innanzitutto nella possibilità offerta dallo spazio di favorire l’incontro, la partecipazione e l’aggregazione, creando opportunità per la socialità e l’auto-organizzazione. Inoltre, si esprime nella pratica collettiva del prendersi cura, nella responsabilità che richiede un impegno condiviso e orientato al dialogo tra diverse visioni, logiche e sensibilità. Nello sfidare un certo pensiero sociologico che ancora considera lo spazio come un contenitore, un vuoto riempito dal sociale, il volume sollecita una riflessione critica sulle fondamenta epistemologiche del sapere stesso aprendo nuove possibilità interpretative e trasformative per le dinamiche socio-spaziali.</p>
<hr />
<p style="text-align: justify;"><strong>Letteria G. Fassari </strong>è Professoressa Associata presso il DiSSE, <a href="https://www.uniroma1.it/it/pagina-strutturale/home">Sapien­za Università di Roma</a>, dove insegna Sociologia della Cultura. Dirige l’Unità di Ricerca Social Aesthetics presso Sapienza.</p>
<p style="text-align: justify;"><strong>Paolo Do </strong>è Ricercatore presso il Dipartimento di Sociologia e Ricerca Sociale dell’<a href="https://www.unitn.it/it">Università di Trento</a>. Insegna Sociologia dei Processi Cul­turali ed Estetica Sociale.</p>
<p style="text-align: justify;"><strong>Gioia Pompili </strong>è Dottore di ricerca in Sistemi sociali e Analisi delle Politiche Pubbliche. È Cultrice della Materia per il corso di Sociologia della Cultura presso il DiSSE, Sapienza Università di Roma.</p>
<p style="text-align: justify;"><strong>Emanuela Spanò </strong>è Ricercatrice RTT presso <a href="https://www.unica.it/it">l’Università di Cagliari</a>, Dipartimento di Scienze Politiche e Sociali. I suoi ambiti di ricerca sono la sociologia culturale e dell’educazione.</p>

<p>Questo volume presenta un’idea di qualità dello spazio pubblico multidimensionale in cui si intrecciano elementi sociali, politici, estetici e affettivi. Privilegiando le pratiche, le relazioni e la pluralità delle esperienze, [&hellip;]</p>

<!-- This site is optimized with the Yoast SEO plugin v25.4 - https://yoast.com/wordpress/plugins/seo/ -->
<title>Le qualità sociologiche dello spazio pubblico, a cura di Fassari, Do, Pompili, Spanò | Guerini Editore</title>
<meta name="description" content="Una riflessione sulle fondamenta epistemologiche del sapere stesso aprendo nuove possibilità interpretative e trasformative per le dinamiche socio-spaziali." />
<meta name="robots" content="index, follow, max-snippet:-1, max-image-preview:large, max-video-preview:-1" />
<link rel="canonical" href="https://www.guerini.it/index.php/prodotto/le-qualita-sociologiche-dello-spazio-pubblico/" />
<meta property="og:locale" content="it_IT" />
<meta property="og:type" content="article" />
<meta property="og:title" content="Le qualità sociologiche dello spazio pubblico, a cura di Fassari, Do, Pompili, Spanò | Guerini Editore" />
<meta property="og:description" content="Una riflessione sulle fondamenta epistemologiche del sapere stesso aprendo nuove possibilità interpretative e trasformative per le dinamiche socio-spaziali." />
<meta property="og:url" content="https://www.guerini.it/index.php/prodotto/le-qualita-sociologiche-dello-spazio-pubblico/" />
<meta property="og:site_name" content="Guerini e Associati" />
<meta property="article:modified_time" content="2026-01-22T10:00:05+00:00" />
<meta property="og:image" content="https://www.guerini.it/wp-content/uploads/2025/05/LE-QUALITA-SOCIOLOGICHE-DELLO-SPAZIO-PUBBLICO-9788881074983.webp" />
	<meta property="og:image:width" content="643" />
	<meta property="og:image:height" content="1000" />
	<meta property="og:image:type" content="image/webp" />
<meta name="twitter:card" content="summary_large_image" />
<meta name="twitter:label1" content="Tempo di lettura stimato" />
	<meta name="twitter:data1" content="2 minuti" />
<!-- / Yoast SEO plugin. -->

Le qualità sociologiche dello spazio pubblico, a cura di Fassari, Do, Pompili, Spanò | Guerini Editore

Una riflessione sulle fondamenta epistemologiche del sapere stesso aprendo nuove possibilità interpretative e trasformative per le dinamiche socio-spaziali.

Front cover di Le qualità sociologiche dello spazio pubblico, a cura di L. Fassari, P. Do, G. Pompili, E. Spanò, Guerini e Associati, 2025.

30 anni di libri, idee e libertà
