{"id":25526,"date":"2025-05-09T10:43:25","date_gmt":"2025-05-09T08:43:25","guid":{"rendered":"https:\/\/www.guerini.it\/?post_type=product&#038;p=25526"},"modified":"2025-05-30T09:38:32","modified_gmt":"2025-05-30T07:38:32","slug":"un-futuro-da-riprogettare","status":"publish","type":"product","link":"https:\/\/www.guerini.it\/index.php\/prodotto\/un-futuro-da-riprogettare\/","title":{"rendered":"Un futuro da riprogettare"},"content":{"rendered":"<p style=\"text-align: justify;\">I gi\u00e0 precari equilibri mondiali, destabilizzati dai conflitti in corso, sono sempre pi\u00f9 sotto stress. Se a ci\u00f2 associamo gli sviluppi degli ultimi periodi, viene da chiedersi se anche il ruolo della democrazia rappresentativa del nostro mondo non sia forse messo in gioco.<br \/>\nPer provare a rispondere a questa domanda, invece di partire dall\u2019analisi dei mutamenti di una struttura economica, geopolitica, sociale, climatica, produttiva che di fatto non esiste pi\u00f9; invece di cercare di riattaccare a tavolino i cocci di una globalizzazione frantumata, proviamo a partire da una analisi \u2013 seppure sommaria \u2013 delle nuove caratteristiche che confusamente si intravedono e che potrebbero condurre a una struttura diversa da quella tradizionale. Non dunque una narrazione di cosa aspettarci per l\u2019avvenire, ma piuttosto la proposta di uno strumento \u2013 un paio di occhiali \u2013 che ci aiuti a vedere un po\u2019 meglio per imbastire un futuro diverso.<\/p>\n<hr \/>\n<p style=\"text-align: justify;\"><b>Mario<\/b> <b>Deaglio<\/b> \u00e8 professore emerito di Economia internazionale all\u2019Universit\u00e0 di Torino ed editorialista economico. Come giornalista ha iniziato sulle colonne dell\u2019<a href=\"https:\/\/www.economist.com\/\"><i>Economist<\/i><\/a>, poi su quelle del <a href=\"https:\/\/www.ilsecoloxix.it\/\"><i>Secolo<\/i> <i>XIX <\/i><\/a>per arrivare a <a href=\"https:\/\/www.lastampa.it\/\"><i>La<\/i> <i>Stampa<\/i><\/a>. Ha diretto per tre anni Il <a href=\"https:\/\/www.ilsole24ore.com\/\"><i>Sole<\/i> <i>24<\/i> <i>Ore<\/i><\/a>. Si occupa prevalentemente dei problemi strutturali del capitalismo moderno.<\/p>\n","protected":false},"excerpt":{"rendered":"<p>I gi\u00e0 precari equilibri mondiali, destabilizzati dai conflitti in corso, sono sempre pi\u00f9 sotto stress. Se a ci\u00f2 associamo gli sviluppi degli ultimi periodi, viene da chiedersi se anche il [&hellip;]<\/p>\n","protected":false},"featured_media":25527,"template":"","meta":{"_editorskit_title_hidden":false,"_editorskit_reading_time":0,"_editorskit_is_block_options_detached":false,"_editorskit_block_options_position":"{}","_monsterinsights_skip_tracking":false,"_monsterinsights_sitenote_active":false,"_monsterinsights_sitenote_note":"","_monsterinsights_sitenote_category":0},"product_brand":[],"product_cat":[6728,6680],"product_tag":[7049,6815,6760,7325,7396,11672,7643],"class_list":{"0":"post-25526","1":"product","2":"type-product","3":"status-publish","4":"has-post-thumbnail","6":"product_cat-ultime_novita","7":"product_cat-ce","8":"product_tag-capitalismo","9":"product_tag-economia","10":"product_tag-finanza","11":"product_tag-geopolitica","12":"product_tag-globalizzazione","13":"product_tag-mercati","14":"product_tag-politica","15":"pa_guerini_amazon_link-https-www-amazon-it-futuro-riprogettare-mario-deaglio-dp-8862509561","16":"pa_guerini_feltrinelli_link-https-www-lafeltrinelli-it-futuro-da-riprogettare-libro-vari-e-9788862509565queryid97dafcb7877b77d65df130584b4641ad","17":"pa_guerini_ibs_link-https-www-ibs-it-futuro-da-riprogettare-libro-vari-e-9788862509565","18":"pa_guerini_libruniver_link-https-www-libreriauniversitaria-it-futuro-riprogettare-guerini-associati-libro-9788862509565","19":"pa_guerini_mondadori_link-https-www-mondadoristore-it-un-futuro-da-riprogettare-universita-e-professioni-p-9788862509565","21":"first","22":"instock","23":"sale","24":"shipping-taxable","25":"purchasable","26":"product-type-simple"},"yoast_head":"<!-- This site is optimized with the Yoast SEO plugin v25.4 - https:\/\/yoast.com\/wordpress\/plugins\/seo\/ -->\n<title>Un futuro da riprogettare, a cura di M. Deaglio | Guerini Editore<\/title>\n<meta name=\"description\" content=\"Un libro per cercare di capire se anche il ruolo della democrazia rappresentativa del nostro mondo non sia forse messo in gioco.\" \/>\n<meta name=\"robots\" content=\"index, follow, max-snippet:-1, max-image-preview:large, max-video-preview:-1\" \/>\n<link rel=\"canonical\" href=\"https:\/\/www.guerini.it\/index.php\/prodotto\/un-futuro-da-riprogettare\/\" \/>\n<meta property=\"og:locale\" content=\"it_IT\" \/>\n<meta property=\"og:type\" content=\"article\" \/>\n<meta property=\"og:title\" content=\"Un futuro da riprogettare, a cura di M. Deaglio | Guerini Editore\" \/>\n<meta property=\"og:description\" content=\"Un libro per cercare di capire se anche il ruolo della democrazia rappresentativa del nostro mondo non sia forse messo in gioco.\" \/>\n<meta property=\"og:url\" content=\"https:\/\/www.guerini.it\/index.php\/prodotto\/un-futuro-da-riprogettare\/\" \/>\n<meta property=\"og:site_name\" content=\"Guerini e Associati\" \/>\n<meta property=\"article:modified_time\" content=\"2025-05-30T07:38:32+00:00\" \/>\n<meta property=\"og:image\" content=\"https:\/\/www.guerini.it\/wp-content\/uploads\/2025\/05\/UN-FUTURO-DA-RIPROGETTARE-9788862509565-1.webp\" \/>\n\t<meta property=\"og:image:width\" content=\"643\" \/>\n\t<meta property=\"og:image:height\" content=\"1000\" \/>\n\t<meta property=\"og:image:type\" content=\"image\/webp\" \/>\n<meta name=\"twitter:card\" content=\"summary_large_image\" \/>\n<meta name=\"twitter:label1\" content=\"Tempo di lettura stimato\" \/>\n\t<meta name=\"twitter:data1\" content=\"2 minuti\" \/>\n<!-- \/ Yoast SEO plugin. -->","yoast_head_json":{"title":"Un futuro da riprogettare, a cura di M. Deaglio | Guerini Editore","description":"Un libro per cercare di capire se anche il ruolo della democrazia rappresentativa del nostro mondo non sia forse messo in gioco.","robots":{"index":"index","follow":"follow","max-snippet":"max-snippet:-1","max-image-preview":"max-image-preview:large","max-video-preview":"max-video-preview:-1"},"canonical":"https:\/\/www.guerini.it\/index.php\/prodotto\/un-futuro-da-riprogettare\/","og_locale":"it_IT","og_type":"article","og_title":"Un futuro da riprogettare, a cura di M. Deaglio | Guerini Editore","og_description":"Un libro per cercare di capire se anche il ruolo della democrazia rappresentativa del nostro mondo non sia forse messo in gioco.","og_url":"https:\/\/www.guerini.it\/index.php\/prodotto\/un-futuro-da-riprogettare\/","og_site_name":"Guerini e Associati","article_modified_time":"2025-05-30T07:38:32+00:00","og_image":[{"width":643,"height":1000,"url":"https:\/\/www.guerini.it\/wp-content\/uploads\/2025\/05\/UN-FUTURO-DA-RIPROGETTARE-9788862509565-1.webp","type":"image\/webp"}],"twitter_card":"summary_large_image","twitter_misc":{"Tempo di lettura stimato":"2 minuti"},"schema":{"@context":"https:\/\/schema.org","@graph":[{"@type":"WebPage","@id":"https:\/\/www.guerini.it\/index.php\/prodotto\/un-futuro-da-riprogettare\/","url":"https:\/\/www.guerini.it\/index.php\/prodotto\/un-futuro-da-riprogettare\/","name":"Un futuro da riprogettare, a cura di M. Deaglio | Guerini Editore","isPartOf":{"@id":"https:\/\/www.guerini.it\/#website"},"primaryImageOfPage":{"@id":"https:\/\/www.guerini.it\/index.php\/prodotto\/un-futuro-da-riprogettare\/#primaryimage"},"image":{"@id":"https:\/\/www.guerini.it\/index.php\/prodotto\/un-futuro-da-riprogettare\/#primaryimage"},"thumbnailUrl":"https:\/\/www.guerini.it\/wp-content\/uploads\/2025\/05\/UN-FUTURO-DA-RIPROGETTARE-9788862509565-1.webp","datePublished":"2025-05-09T08:43:25+00:00","dateModified":"2025-05-30T07:38:32+00:00","description":"Un libro per cercare di capire se anche il ruolo della democrazia rappresentativa del nostro mondo non sia forse messo in gioco.","breadcrumb":{"@id":"https:\/\/www.guerini.it\/index.php\/prodotto\/un-futuro-da-riprogettare\/#breadcrumb"},"inLanguage":"it-IT","potentialAction":[{"@type":"ReadAction","target":["https:\/\/www.guerini.it\/index.php\/prodotto\/un-futuro-da-riprogettare\/"]}]},{"@type":"ImageObject","inLanguage":"it-IT","@id":"https:\/\/www.guerini.it\/index.php\/prodotto\/un-futuro-da-riprogettare\/#primaryimage","url":"https:\/\/www.guerini.it\/wp-content\/uploads\/2025\/05\/UN-FUTURO-DA-RIPROGETTARE-9788862509565-1.webp","contentUrl":"https:\/\/www.guerini.it\/wp-content\/uploads\/2025\/05\/UN-FUTURO-DA-RIPROGETTARE-9788862509565-1.webp","width":643,"height":1000,"caption":"Front cover di Un futuro da riprogettare, a cura di M. Deaglio, Guerini e Associati, 2025"},{"@type":"BreadcrumbList","@id":"https:\/\/www.guerini.it\/index.php\/prodotto\/un-futuro-da-riprogettare\/#breadcrumb","itemListElement":[{"@type":"ListItem","position":1,"name":"Home","item":"https:\/\/www.guerini.it\/"},{"@type":"ListItem","position":2,"name":"Catalogo","item":"https:\/\/www.guerini.it\/index.php\/negozio\/"},{"@type":"ListItem","position":3,"name":"Un futuro da riprogettare"}]},{"@type":"WebSite","@id":"https:\/\/www.guerini.it\/#website","url":"https:\/\/www.guerini.it\/","name":"Guerini e Associati","description":"30 anni di libri, idee e libert\u00e0","publisher":{"@id":"https:\/\/www.guerini.it\/#organization"},"potentialAction":[{"@type":"SearchAction","target":{"@type":"EntryPoint","urlTemplate":"https:\/\/www.guerini.it\/?s={search_term_string}"},"query-input":{"@type":"PropertyValueSpecification","valueRequired":true,"valueName":"search_term_string"}}],"inLanguage":"it-IT"},{"@type":"Organization","@id":"https:\/\/www.guerini.it\/#organization","name":"Guerini e Associati","url":"https:\/\/www.guerini.it\/","logo":{"@type":"ImageObject","inLanguage":"it-IT","@id":"https:\/\/www.guerini.it\/#\/schema\/logo\/image\/","url":"https:\/\/www.guerini.it\/wp-content\/uploads\/2021\/03\/Logo-Guerini-OK_-e1615831292285.png","contentUrl":"https:\/\/www.guerini.it\/wp-content\/uploads\/2021\/03\/Logo-Guerini-OK_-e1615831292285.png","width":2805,"height":1870,"caption":"Guerini e Associati"},"image":{"@id":"https:\/\/www.guerini.it\/#\/schema\/logo\/image\/"}}]}},"_links":{"self":[{"href":"https:\/\/www.guerini.it\/index.php\/wp-json\/wp\/v2\/product\/25526","targetHints":{"allow":["GET"]}}],"collection":[{"href":"https:\/\/www.guerini.it\/index.php\/wp-json\/wp\/v2\/product"}],"about":[{"href":"https:\/\/www.guerini.it\/index.php\/wp-json\/wp\/v2\/types\/product"}],"wp:featuredmedia":[{"embeddable":true,"href":"https:\/\/www.guerini.it\/index.php\/wp-json\/wp\/v2\/media\/25527"}],"wp:attachment":[{"href":"https:\/\/www.guerini.it\/index.php\/wp-json\/wp\/v2\/media?parent=25526"}],"wp:term":[{"taxonomy":"product_brand","embeddable":true,"href":"https:\/\/www.guerini.it\/index.php\/wp-json\/wp\/v2\/product_brand?post=25526"},{"taxonomy":"product_cat","embeddable":true,"href":"https:\/\/www.guerini.it\/index.php\/wp-json\/wp\/v2\/product_cat?post=25526"},{"taxonomy":"product_tag","embeddable":true,"href":"https:\/\/www.guerini.it\/index.php\/wp-json\/wp\/v2\/product_tag?post=25526"}],"curies":[{"name":"wp","href":"https:\/\/api.w.org\/{rel}","templated":true}]}}

<p style="text-align: justify;">I già precari equilibri mondiali, destabilizzati dai conflitti in corso, sono sempre più sotto stress. Se a ciò associamo gli sviluppi degli ultimi periodi, viene da chiedersi se anche il ruolo della democrazia rappresentativa del nostro mondo non sia forse messo in gioco.<br />
Per provare a rispondere a questa domanda, invece di partire dall’analisi dei mutamenti di una struttura economica, geopolitica, sociale, climatica, produttiva che di fatto non esiste più; invece di cercare di riattaccare a tavolino i cocci di una globalizzazione frantumata, proviamo a partire da una analisi – seppure sommaria – delle nuove caratteristiche che confusamente si intravedono e che potrebbero condurre a una struttura diversa da quella tradizionale. Non dunque una narrazione di cosa aspettarci per l’avvenire, ma piuttosto la proposta di uno strumento – un paio di occhiali – che ci aiuti a vedere un po’ meglio per imbastire un futuro diverso.</p>
<hr />
<p style="text-align: justify;"><b>Mario</b> <b>Deaglio</b> è professore emerito di Economia internazionale all’Università di Torino ed editorialista economico. Come giornalista ha iniziato sulle colonne dell’<a href="https://www.economist.com/"><i>Economist</i></a>, poi su quelle del <a href="https://www.ilsecoloxix.it/"><i>Secolo</i> <i>XIX </i></a>per arrivare a <a href="https://www.lastampa.it/"><i>La</i> <i>Stampa</i></a>. Ha diretto per tre anni Il <a href="https://www.ilsole24ore.com/"><i>Sole</i> <i>24</i> <i>Ore</i></a>. Si occupa prevalentemente dei problemi strutturali del capitalismo moderno.</p>

<p>I già precari equilibri mondiali, destabilizzati dai conflitti in corso, sono sempre più sotto stress. Se a ciò associamo gli sviluppi degli ultimi periodi, viene da chiedersi se anche il [&hellip;]</p>

30 anni di libri, idee e libertà
