{"id":25560,"date":"2025-05-22T16:37:42","date_gmt":"2025-05-22T14:37:42","guid":{"rendered":"https:\/\/www.guerini.it\/?post_type=product&#038;p=25560"},"modified":"2025-06-13T09:58:37","modified_gmt":"2025-06-13T07:58:37","slug":"il-silenzio-dei-negazionisti","status":"publish","type":"product","link":"https:\/\/www.guerini.it\/index.php\/prodotto\/il-silenzio-dei-negazionisti\/","title":{"rendered":"Il silenzio dei negazionisti"},"content":{"rendered":"<p style=\"text-align: justify;\">Febbraio 2020: l\u2019Italia affronta i primi casi di Covid-19 e l\u2019autore, pronto a partire per l\u2019Australia, vede i suoi piani stravolti. Alla meraviglia di una terra lontana si sovrappone l\u2019urgenza di comprendere e combattere una minaccia globale: nasce cos\u00ec il gruppo dei 36 scienziati (virologi, epidemiologi, ingegneri e studiosi dell\u2019aerosol) uniti dalla missione di far comprendere l\u2019importanza della trasmissione aerea del SARS-CoV-2. Nonostante la negazione iniziale dell\u2019OMS, il gruppo persevera e pubblica una lettera-appello sottoscritta da 239 esperti. Nel luglio 2020 l\u2019OMS sembra ammettere la trasmissione aerea del virus, ma per un riconoscimento ufficiale bisogner\u00e0 attendere aprile 2024, a pandemia ormai conclusa. Un percorso tra ostacoli, errori e conquiste che getta luce sulle scelte delle autorit\u00e0 sanitarie e mostra le conseguenze della scienza negata. La pandemia diventa un\u2019occasione per ripensare la salute pubblica, richiamando l\u2019importanza di ascoltare le evidenze scientifiche, soprattutto in tempi di crisi. Una storia di scienza e ostinazione, che mostra quanto lontano si pu\u00f2 arrivare quando la verit\u00e0 conta pi\u00f9 del consenso.<\/p>\n<hr \/>\n<p style=\"text-align: justify;\"><strong>Giorgio Buonanno<\/strong> \u00e8 un ingegnere e ricercatore noto per il suo lavoro sulla qualit\u00e0 dell\u2019aria e la trasmissione per via aerea degli agenti patogeni respiratori. \u00c8 professore all\u2019<a href=\"https:\/\/www.unicas.it\/\">Universit\u00e0 di Cassino e del Lazio Meridionale<\/a> e alla Queensland University of Technology (QUT) di Brisbane. \u00c8 riconosciuto per i suoi studi sulle particelle ambientali e respiratorie, contribuendo alla comprensione della trasmissione del SARS-CoV-2.<\/p>\n","protected":false},"excerpt":{"rendered":"<p>Febbraio 2020: l\u2019Italia affronta i primi casi di Covid-19 e l\u2019autore, pronto a partire per l\u2019Australia, vede i suoi piani stravolti. Alla meraviglia di una terra lontana si sovrappone l\u2019urgenza [&hellip;]<\/p>\n","protected":false},"featured_media":25561,"template":"","meta":{"_editorskit_title_hidden":false,"_editorskit_reading_time":0,"_editorskit_is_block_options_detached":false,"_editorskit_block_options_position":"{}","_monsterinsights_skip_tracking":false,"_monsterinsights_sitenote_active":false,"_monsterinsights_sitenote_note":"","_monsterinsights_sitenote_category":0},"product_brand":[],"product_cat":[11784,6728],"product_tag":[12483,7053,11266,7337,12484],"class_list":{"0":"post-25560","1":"product","2":"type-product","3":"status-publish","4":"has-post-thumbnail","6":"product_cat-biblioteca-contemporanea","7":"product_cat-ultime_novita","8":"product_tag-covid19","9":"product_tag-pandemia","10":"product_tag-ricerca-scientifica","11":"product_tag-sanita","12":"product_tag-scienza-e-salute","13":"pa_guerini_amazon_link-https-www-amazon-it-silenzio-negazionisti-originale-pandemia-covid-19-dp-8862509596","14":"pa_guerini_feltrinelli_link-https-www-lafeltrinelli-it-silenzio-dei-negazionisti-peccato-originale-libro-giorgio-buonanno-e-9788862509596queryid1172b82bf78d673cc41f2094ff539680","15":"pa_guerini_ibs_link-https-www-ibs-it-silenzio-dei-negazionisti-peccato-originale-libro-giorgio-buonanno-e-9788862509596","16":"pa_guerini_libruniver_link-https-www-libreriauniversitaria-it-silenzio-negazionisti-peccato-originale-pandemia-libro-9788862509596","17":"pa_guerini_mondadori_link-https-www-mondadoristore-it-il-silenzio-dei-negazionisti-il-peccato-originale-della-pandemia-da-covid19-universita-e-professioni-giorgio-buonanno-p-9788862509596","19":"first","20":"instock","21":"sale","22":"shipping-taxable","23":"purchasable","24":"product-type-simple"},"yoast_head":"<!-- This site is optimized with the Yoast SEO plugin v25.4 - https:\/\/yoast.com\/wordpress\/plugins\/seo\/ -->\n<title>Giorgio Buonanno, Il silenzio dei negazionisti - Guerini e Associati<\/title>\n<meta name=\"description\" content=\"Un libro che ricostruisce le fasi cruciali della pandemia da COVID-19 per riflettere sul ruolo centrale della scienza nella societ\u00e0 contemporanea.\" \/>\n<meta name=\"robots\" content=\"index, follow, max-snippet:-1, max-image-preview:large, max-video-preview:-1\" \/>\n<link rel=\"canonical\" href=\"https:\/\/www.guerini.it\/index.php\/prodotto\/il-silenzio-dei-negazionisti\/\" \/>\n<meta property=\"og:locale\" content=\"it_IT\" \/>\n<meta property=\"og:type\" content=\"article\" \/>\n<meta property=\"og:title\" content=\"Giorgio Buonanno, Il silenzio dei negazionisti - Guerini e Associati\" \/>\n<meta property=\"og:description\" content=\"Un libro che ricostruisce le fasi cruciali della pandemia da COVID-19 per riflettere sul ruolo centrale della scienza nella societ\u00e0 contemporanea.\" \/>\n<meta property=\"og:url\" content=\"https:\/\/www.guerini.it\/index.php\/prodotto\/il-silenzio-dei-negazionisti\/\" \/>\n<meta property=\"og:site_name\" content=\"Guerini e Associati\" \/>\n<meta property=\"article:modified_time\" content=\"2025-06-13T07:58:37+00:00\" \/>\n<meta property=\"og:image\" content=\"https:\/\/www.guerini.it\/wp-content\/uploads\/2025\/05\/IL-SILENZIO-DEI-NEGAZIONISTI-9788862509596.webp\" \/>\n\t<meta property=\"og:image:width\" content=\"643\" \/>\n\t<meta property=\"og:image:height\" content=\"1000\" \/>\n\t<meta property=\"og:image:type\" content=\"image\/webp\" \/>\n<meta name=\"twitter:card\" content=\"summary_large_image\" \/>\n<meta name=\"twitter:label1\" content=\"Tempo di lettura stimato\" \/>\n\t<meta name=\"twitter:data1\" content=\"2 minuti\" \/>\n<!-- \/ Yoast SEO plugin. -->","yoast_head_json":{"title":"Giorgio Buonanno, Il silenzio dei negazionisti - Guerini e Associati","description":"Un libro che ricostruisce le fasi cruciali della pandemia da COVID-19 per riflettere sul ruolo centrale della scienza nella societ\u00e0 contemporanea.","robots":{"index":"index","follow":"follow","max-snippet":"max-snippet:-1","max-image-preview":"max-image-preview:large","max-video-preview":"max-video-preview:-1"},"canonical":"https:\/\/www.guerini.it\/index.php\/prodotto\/il-silenzio-dei-negazionisti\/","og_locale":"it_IT","og_type":"article","og_title":"Giorgio Buonanno, Il silenzio dei negazionisti - Guerini e Associati","og_description":"Un libro che ricostruisce le fasi cruciali della pandemia da COVID-19 per riflettere sul ruolo centrale della scienza nella societ\u00e0 contemporanea.","og_url":"https:\/\/www.guerini.it\/index.php\/prodotto\/il-silenzio-dei-negazionisti\/","og_site_name":"Guerini e Associati","article_modified_time":"2025-06-13T07:58:37+00:00","og_image":[{"width":643,"height":1000,"url":"https:\/\/www.guerini.it\/wp-content\/uploads\/2025\/05\/IL-SILENZIO-DEI-NEGAZIONISTI-9788862509596.webp","type":"image\/webp"}],"twitter_card":"summary_large_image","twitter_misc":{"Tempo di lettura stimato":"2 minuti"},"schema":{"@context":"https:\/\/schema.org","@graph":[{"@type":"WebPage","@id":"https:\/\/www.guerini.it\/index.php\/prodotto\/il-silenzio-dei-negazionisti\/","url":"https:\/\/www.guerini.it\/index.php\/prodotto\/il-silenzio-dei-negazionisti\/","name":"Giorgio Buonanno, Il silenzio dei negazionisti - Guerini e Associati","isPartOf":{"@id":"https:\/\/www.guerini.it\/#website"},"primaryImageOfPage":{"@id":"https:\/\/www.guerini.it\/index.php\/prodotto\/il-silenzio-dei-negazionisti\/#primaryimage"},"image":{"@id":"https:\/\/www.guerini.it\/index.php\/prodotto\/il-silenzio-dei-negazionisti\/#primaryimage"},"thumbnailUrl":"https:\/\/www.guerini.it\/wp-content\/uploads\/2025\/05\/IL-SILENZIO-DEI-NEGAZIONISTI-9788862509596.webp","datePublished":"2025-05-22T14:37:42+00:00","dateModified":"2025-06-13T07:58:37+00:00","description":"Un libro che ricostruisce le fasi cruciali della pandemia da COVID-19 per riflettere sul ruolo centrale della scienza nella societ\u00e0 contemporanea.","breadcrumb":{"@id":"https:\/\/www.guerini.it\/index.php\/prodotto\/il-silenzio-dei-negazionisti\/#breadcrumb"},"inLanguage":"it-IT","potentialAction":[{"@type":"ReadAction","target":["https:\/\/www.guerini.it\/index.php\/prodotto\/il-silenzio-dei-negazionisti\/"]}]},{"@type":"ImageObject","inLanguage":"it-IT","@id":"https:\/\/www.guerini.it\/index.php\/prodotto\/il-silenzio-dei-negazionisti\/#primaryimage","url":"https:\/\/www.guerini.it\/wp-content\/uploads\/2025\/05\/IL-SILENZIO-DEI-NEGAZIONISTI-9788862509596.webp","contentUrl":"https:\/\/www.guerini.it\/wp-content\/uploads\/2025\/05\/IL-SILENZIO-DEI-NEGAZIONISTI-9788862509596.webp","width":643,"height":1000,"caption":"G. Buonanno, Il silenzio dei negazionisti, Guerini e Associati, 2025"},{"@type":"BreadcrumbList","@id":"https:\/\/www.guerini.it\/index.php\/prodotto\/il-silenzio-dei-negazionisti\/#breadcrumb","itemListElement":[{"@type":"ListItem","position":1,"name":"Home","item":"https:\/\/www.guerini.it\/"},{"@type":"ListItem","position":2,"name":"Catalogo","item":"https:\/\/www.guerini.it\/index.php\/negozio\/"},{"@type":"ListItem","position":3,"name":"Il silenzio dei negazionisti"}]},{"@type":"WebSite","@id":"https:\/\/www.guerini.it\/#website","url":"https:\/\/www.guerini.it\/","name":"Guerini e Associati","description":"30 anni di libri, idee e libert\u00e0","publisher":{"@id":"https:\/\/www.guerini.it\/#organization"},"potentialAction":[{"@type":"SearchAction","target":{"@type":"EntryPoint","urlTemplate":"https:\/\/www.guerini.it\/?s={search_term_string}"},"query-input":{"@type":"PropertyValueSpecification","valueRequired":true,"valueName":"search_term_string"}}],"inLanguage":"it-IT"},{"@type":"Organization","@id":"https:\/\/www.guerini.it\/#organization","name":"Guerini e Associati","url":"https:\/\/www.guerini.it\/","logo":{"@type":"ImageObject","inLanguage":"it-IT","@id":"https:\/\/www.guerini.it\/#\/schema\/logo\/image\/","url":"https:\/\/www.guerini.it\/wp-content\/uploads\/2021\/03\/Logo-Guerini-OK_-e1615831292285.png","contentUrl":"https:\/\/www.guerini.it\/wp-content\/uploads\/2021\/03\/Logo-Guerini-OK_-e1615831292285.png","width":2805,"height":1870,"caption":"Guerini e Associati"},"image":{"@id":"https:\/\/www.guerini.it\/#\/schema\/logo\/image\/"}}]}},"_links":{"self":[{"href":"https:\/\/www.guerini.it\/index.php\/wp-json\/wp\/v2\/product\/25560","targetHints":{"allow":["GET"]}}],"collection":[{"href":"https:\/\/www.guerini.it\/index.php\/wp-json\/wp\/v2\/product"}],"about":[{"href":"https:\/\/www.guerini.it\/index.php\/wp-json\/wp\/v2\/types\/product"}],"wp:featuredmedia":[{"embeddable":true,"href":"https:\/\/www.guerini.it\/index.php\/wp-json\/wp\/v2\/media\/25561"}],"wp:attachment":[{"href":"https:\/\/www.guerini.it\/index.php\/wp-json\/wp\/v2\/media?parent=25560"}],"wp:term":[{"taxonomy":"product_brand","embeddable":true,"href":"https:\/\/www.guerini.it\/index.php\/wp-json\/wp\/v2\/product_brand?post=25560"},{"taxonomy":"product_cat","embeddable":true,"href":"https:\/\/www.guerini.it\/index.php\/wp-json\/wp\/v2\/product_cat?post=25560"},{"taxonomy":"product_tag","embeddable":true,"href":"https:\/\/www.guerini.it\/index.php\/wp-json\/wp\/v2\/product_tag?post=25560"}],"curies":[{"name":"wp","href":"https:\/\/api.w.org\/{rel}","templated":true}]}}

<p style="text-align: justify;">Febbraio 2020: l’Italia affronta i primi casi di Covid-19 e l’autore, pronto a partire per l’Australia, vede i suoi piani stravolti. Alla meraviglia di una terra lontana si sovrappone l’urgenza di comprendere e combattere una minaccia globale: nasce così il gruppo dei 36 scienziati (virologi, epidemiologi, ingegneri e studiosi dell’aerosol) uniti dalla missione di far comprendere l’importanza della trasmissione aerea del SARS-CoV-2. Nonostante la negazione iniziale dell’OMS, il gruppo persevera e pubblica una lettera-appello sottoscritta da 239 esperti. Nel luglio 2020 l’OMS sembra ammettere la trasmissione aerea del virus, ma per un riconoscimento ufficiale bisognerà attendere aprile 2024, a pandemia ormai conclusa. Un percorso tra ostacoli, errori e conquiste che getta luce sulle scelte delle autorità sanitarie e mostra le conseguenze della scienza negata. La pandemia diventa un’occasione per ripensare la salute pubblica, richiamando l’importanza di ascoltare le evidenze scientifiche, soprattutto in tempi di crisi. Una storia di scienza e ostinazione, che mostra quanto lontano si può arrivare quando la verità conta più del consenso.</p>
<hr />
<p style="text-align: justify;"><strong>Giorgio Buonanno</strong> è un ingegnere e ricercatore noto per il suo lavoro sulla qualità dell’aria e la trasmissione per via aerea degli agenti patogeni respiratori. È professore all’<a href="https://www.unicas.it/">Università di Cassino e del Lazio Meridionale</a> e alla Queensland University of Technology (QUT) di Brisbane. È riconosciuto per i suoi studi sulle particelle ambientali e respiratorie, contribuendo alla comprensione della trasmissione del SARS-CoV-2.</p>

<!-- This site is optimized with the Yoast SEO plugin v25.4 - https://yoast.com/wordpress/plugins/seo/ -->
<title>Giorgio Buonanno, Il silenzio dei negazionisti - Guerini e Associati</title>
<meta name="description" content="Un libro che ricostruisce le fasi cruciali della pandemia da COVID-19 per riflettere sul ruolo centrale della scienza nella società contemporanea." />
<meta name="robots" content="index, follow, max-snippet:-1, max-image-preview:large, max-video-preview:-1" />
<link rel="canonical" href="https://www.guerini.it/index.php/prodotto/il-silenzio-dei-negazionisti/" />
<meta property="og:locale" content="it_IT" />
<meta property="og:type" content="article" />
<meta property="og:title" content="Giorgio Buonanno, Il silenzio dei negazionisti - Guerini e Associati" />
<meta property="og:description" content="Un libro che ricostruisce le fasi cruciali della pandemia da COVID-19 per riflettere sul ruolo centrale della scienza nella società contemporanea." />
<meta property="og:url" content="https://www.guerini.it/index.php/prodotto/il-silenzio-dei-negazionisti/" />
<meta property="og:site_name" content="Guerini e Associati" />
<meta property="article:modified_time" content="2025-06-13T07:58:37+00:00" />
<meta property="og:image" content="https://www.guerini.it/wp-content/uploads/2025/05/IL-SILENZIO-DEI-NEGAZIONISTI-9788862509596.webp" />
	<meta property="og:image:width" content="643" />
	<meta property="og:image:height" content="1000" />
	<meta property="og:image:type" content="image/webp" />
<meta name="twitter:card" content="summary_large_image" />
<meta name="twitter:label1" content="Tempo di lettura stimato" />
	<meta name="twitter:data1" content="2 minuti" />
<!-- / Yoast SEO plugin. -->

Un libro che ricostruisce le fasi cruciali della pandemia da COVID-19 per riflettere sul ruolo centrale della scienza nella società contemporanea.

30 anni di libri, idee e libertà
