{"id":25577,"date":"2025-06-05T11:48:55","date_gmt":"2025-06-05T09:48:55","guid":{"rendered":"https:\/\/www.guerini.it\/?post_type=product&#038;p=25577"},"modified":"2025-06-16T11:54:36","modified_gmt":"2025-06-16T09:54:36","slug":"concorso-a-cattedra-scuola-secondaria-volume-2c","status":"publish","type":"product","link":"https:\/\/www.guerini.it\/index.php\/prodotto\/concorso-a-cattedra-scuola-secondaria-volume-2c\/","title":{"rendered":"Concorso a cattedra | Scuola secondaria | Volume 2c"},"content":{"rendered":"<p style=\"text-align: justify;\">Questo manuale, contenente unit\u00e0 di apprendimento (UDA) di discipline di ambito scientifico-matematico (classi di concorso A-26, A-27, A-28, A-47) destinate alla scuola secondaria di primo e di secondo grado, suggerisce piste di lavoro, proposte argomentate e suggestioni operative a quanti, cimentandosi nelle prove concorsuali, intendano diventare gli attori, insieme alle studentesse e agli studenti, del processo di insegnamento\/apprendimento.<br \/>\nA fare da coach sono professionisti del mondo della scuola che, con i loro contributi, invitano a riflettere sui fondamenti e sulla struttura della progettazione curricolare disciplinare e interdisciplinare della classe, il cui solido possesso \u00e8 un elemento indispensabile per chi voglia insegnare. Dalla riflessione si perviene alla definizione concreta di esperienze di apprendimento significativo che tengono costantemente conto del curriculum per competenze, affinch\u00e9 gli studenti siano protagonisti del loro percorso formativo e acquisiscano piena consapevolezza di quale importante ruolo rivesta ci\u00f2 che hanno appreso, interiorizzato e agito nel contesto scolastico ai fini della conquista dell\u2019autonomia e della maturazione personale.<br \/>\nGli autori propongono scenari e modelli sostenuti da robuste conoscenze psicopedagogiche e normative, con lo scopo di rispondere sia all\u2019esigenza di innovare le pratiche didattiche, sia alla richiesta di sperimentare modalit\u00e0 diversificate per l\u2019efficace gestione degli ambienti di apprendimento.<br \/>\nLe unit\u00e0 di apprendimento nascono dall\u2019esperienza diretta di chi opera quotidianamente a contatto con gli studenti. Rappresentano la viva espressione di una pluralit\u00e0 di percorsi possibili in cui anche le tecnologie, insieme ai processi logici e comunicativi, agli aspetti metacognitivi e alla cura della relazione educativa, possono giocare un ruolo rilevante nell\u2019azione didattica e formativa quotidiana.<\/p>\n<hr \/>\n<p style=\"text-align: justify;\"><strong>Antonello Giannelli<\/strong>, Presidente dell\u2019<a href=\"https:\/\/www.anp.it\/\">ANP<\/a> (Associazione nazionale dirigenti pubblici e alte professionalit\u00e0 della scuola), \u00e8 dirigente tecnico ed \u00e8 stato in precedenza dirigente scolastico e preside incaricato. Esperto di tematiche organizzative, gestionali e giuridiche afferenti al settore scolastico, fautore dell\u2019innovazione didattica, \u00e8 autore di numerose pubblicazioni di diritto scolastico. Per le nostre edizioni ha pubblicato <em>Guida teorico-pratica per i dirigenti delle scuole <\/em>(2015) e <em>Concorso dirigenti scolastici<\/em>. <em>Manuale per la preparazione<\/em> (2017 e 2019). Ha curato inoltre i manuali <em>Concorso dirigenti scolastici. Prova Orale<\/em> (2019) e <em>Rivoluzionare la scuola con gentilezza. Idee e proposte didattiche per <\/em><em>vincere una delle maggiori sfide del XXI secolo<\/em> (2019). Con Raffaella Briani e Sandra Scicolone ha curato i manuali <em>Concorso a cattedra 2020. Scuola dell\u2019infanzia<\/em> (voll. 1 e 2), <em>Concorso a cattedra 2020. Scuola primaria<\/em> (voll. 1 e 2) e <em>Concorso dirigenti scolastici<\/em> (2022 e 2023). Con Massimo Faggioli ha curato il volume <em>Concorso a dirigente tecnico. <\/em><em>Manuale per la preparazione<\/em> (2023).<\/p>\n<p style=\"text-align: justify;\"><strong>Raffaella Briani<\/strong>, attualmente distaccata presso l\u2019ANP (Associazione nazionale dirigenti pubblici e alte professionalit\u00e0 della scuola), \u00e8 dirigente scolastico dal 2012. Abilitata all\u2019esercizio della professione forense, \u00e8 autrice di diverse pubblicazioni di diritto amministrativo e di giustizia amministrativa, tra cui la monografia <em>L\u2019istruzione probatoria nel <\/em><em>processo amministrativo<\/em> (2013). Per le nostre edizioni ha curato i manuali <em>Concorso a cattedra 2020. Scuola dell\u2019infanzia <\/em>(voll. 1 e 2), <em>Concorso a cattedra 2020. Scuola primaria<\/em> (voll. 1 e 2) e <em>Concorso dirigenti scolastici<\/em> (2022 e 2023). Ha inoltre collaborato al volume <em>Concorso a dirigente tecnico. Manuale per la preparazione<\/em> curato da Antonello Giannelli e Massimo Faggioli (2023).<\/p>\n<p style=\"text-align: justify;\"><strong>Sandra Scicolone<\/strong>, attuale componente dello staff Nazionale dell\u2019ANP (Associazione Nazionale dirigenti pubblici e alte professionalit\u00e0 della scuola), \u00e8 dirigente scolastico dal 2013. Svolge intensa attivit\u00e0 di formazione e aggiornamento per dirigenti e docenti su tematiche organizzative e didattiche. Per le nostre edizioni ha curato i manuali <em>Concorso dirigenti scolastici. Prova Orale<\/em> (2019),<em> Concorso a cattedra 2020. Scuola dell\u2019infanzia<\/em> (voll. 1 e 2), <em>Concorso <\/em><em>a cattedra 2020. Scuola primaria<\/em> (voll. 1 e 2) e <em>Concorso dirigenti scolastici<\/em> (2022 e 2023).<\/p>\n","protected":false},"excerpt":{"rendered":"<p>Questo manuale, contenente unit\u00e0 di apprendimento (UDA) di discipline di ambito scientifico-matematico (classi di concorso A-26, A-27, A-28, A-47) destinate alla scuola secondaria di primo e di secondo grado, suggerisce [&hellip;]<\/p>\n","protected":false},"featured_media":25578,"template":"","meta":{"_editorskit_title_hidden":false,"_editorskit_reading_time":0,"_editorskit_is_block_options_detached":false,"_editorskit_block_options_position":"{}","_monsterinsights_skip_tracking":false,"_monsterinsights_sitenote_active":false,"_monsterinsights_sitenote_note":"","_monsterinsights_sitenote_category":0},"product_brand":[],"product_cat":[6787,8379,6692],"product_tag":[],"class_list":{"0":"post-25577","1":"product","2":"type-product","3":"status-publish","4":"has-post-thumbnail","6":"product_cat-concorso-pubblico","7":"product_cat-manuali","8":"product_cat-concorso-a-cattedra","9":"pa_guerini_amazon_link-https-www-amazon-it-concorso-cattedra-secondaria-scientifico-matematico-dp-8862509790","10":"pa_guerini_feltrinelli_link-https-www-lafeltrinelli-it-concorso-a-cattedra-scuola-secondaria-libro-vari-e-9788862509794queryidfa6fc46a80f45b7e4b9570289feb0b0d","11":"pa_guerini_ibs_link-https-www-ibs-it-concorso-a-cattedra-scuola-secondaria-libro-vari-e-9788862509794queryidcec344437c34e4eae13f96b8dd48fe85","12":"pa_guerini_libruniver_link-https-www-libreriauniversitaria-it-concorso-cattedra-scuola-secondaria-ambito-libro-9788862509794","13":"pa_guerini_mondadori_link-https-www-mondadoristore-it-concorso-a-cattedra-scuola-secondaria-ambito-scientifico-e-matematico-classi-di-concorso-a26-a27-a28-a47-vol-2c-universita-e-professioni-p-9788862509794","15":"first","16":"instock","17":"sale","18":"shipping-taxable","19":"purchasable","20":"product-type-simple"},"yoast_head":"<!-- This site is optimized with the Yoast SEO plugin v25.4 - https:\/\/yoast.com\/wordpress\/plugins\/seo\/ -->\n<title>Concorso a cattedra | Scuola secondaria | Volume 2c - Guerini e Associati<\/title>\n<meta name=\"description\" content=\"Il volume suggerisce piste di lavoro, proposte argomentate e suggestioni operative per passare l&#039;orale delle classi di concorso A-26, A-27, A-28, A-47\" \/>\n<meta name=\"robots\" content=\"index, follow, max-snippet:-1, max-image-preview:large, max-video-preview:-1\" \/>\n<link rel=\"canonical\" href=\"https:\/\/www.guerini.it\/index.php\/prodotto\/concorso-a-cattedra-scuola-secondaria-volume-2c\/\" \/>\n<meta property=\"og:locale\" content=\"it_IT\" \/>\n<meta property=\"og:type\" content=\"article\" \/>\n<meta property=\"og:title\" content=\"Concorso a cattedra | Scuola secondaria | Volume 2c - Guerini e Associati\" \/>\n<meta property=\"og:description\" content=\"Il volume suggerisce piste di lavoro, proposte argomentate e suggestioni operative per passare l&#039;orale delle classi di concorso A-26, A-27, A-28, A-47\" \/>\n<meta property=\"og:url\" content=\"https:\/\/www.guerini.it\/index.php\/prodotto\/concorso-a-cattedra-scuola-secondaria-volume-2c\/\" \/>\n<meta property=\"og:site_name\" content=\"Guerini e Associati\" \/>\n<meta property=\"article:modified_time\" content=\"2025-06-16T09:54:36+00:00\" \/>\n<meta property=\"og:image\" content=\"https:\/\/www.guerini.it\/wp-content\/uploads\/2025\/06\/Concorso-a-cattedra-2c-9788862509794.webp\" \/>\n\t<meta property=\"og:image:width\" content=\"708\" \/>\n\t<meta property=\"og:image:height\" content=\"1000\" \/>\n\t<meta property=\"og:image:type\" content=\"image\/webp\" \/>\n<meta name=\"twitter:card\" content=\"summary_large_image\" \/>\n<meta name=\"twitter:label1\" content=\"Tempo di lettura stimato\" \/>\n\t<meta name=\"twitter:data1\" content=\"4 minuti\" \/>\n<!-- \/ Yoast SEO plugin. -->","yoast_head_json":{"title":"Concorso a cattedra | Scuola secondaria | Volume 2c - Guerini e Associati","description":"Il volume suggerisce piste di lavoro, proposte argomentate e suggestioni operative per passare l'orale delle classi di concorso A-26, A-27, A-28, A-47","robots":{"index":"index","follow":"follow","max-snippet":"max-snippet:-1","max-image-preview":"max-image-preview:large","max-video-preview":"max-video-preview:-1"},"canonical":"https:\/\/www.guerini.it\/index.php\/prodotto\/concorso-a-cattedra-scuola-secondaria-volume-2c\/","og_locale":"it_IT","og_type":"article","og_title":"Concorso a cattedra | Scuola secondaria | Volume 2c - Guerini e Associati","og_description":"Il volume suggerisce piste di lavoro, proposte argomentate e suggestioni operative per passare l'orale delle classi di concorso A-26, A-27, A-28, A-47","og_url":"https:\/\/www.guerini.it\/index.php\/prodotto\/concorso-a-cattedra-scuola-secondaria-volume-2c\/","og_site_name":"Guerini e Associati","article_modified_time":"2025-06-16T09:54:36+00:00","og_image":[{"width":708,"height":1000,"url":"https:\/\/www.guerini.it\/wp-content\/uploads\/2025\/06\/Concorso-a-cattedra-2c-9788862509794.webp","type":"image\/webp"}],"twitter_card":"summary_large_image","twitter_misc":{"Tempo di lettura stimato":"4 minuti"},"schema":{"@context":"https:\/\/schema.org","@graph":[{"@type":"WebPage","@id":"https:\/\/www.guerini.it\/index.php\/prodotto\/concorso-a-cattedra-scuola-secondaria-volume-2c\/","url":"https:\/\/www.guerini.it\/index.php\/prodotto\/concorso-a-cattedra-scuola-secondaria-volume-2c\/","name":"Concorso a cattedra | Scuola secondaria | Volume 2c - Guerini e Associati","isPartOf":{"@id":"https:\/\/www.guerini.it\/#website"},"primaryImageOfPage":{"@id":"https:\/\/www.guerini.it\/index.php\/prodotto\/concorso-a-cattedra-scuola-secondaria-volume-2c\/#primaryimage"},"image":{"@id":"https:\/\/www.guerini.it\/index.php\/prodotto\/concorso-a-cattedra-scuola-secondaria-volume-2c\/#primaryimage"},"thumbnailUrl":"https:\/\/www.guerini.it\/wp-content\/uploads\/2025\/06\/Concorso-a-cattedra-2c-9788862509794.webp","datePublished":"2025-06-05T09:48:55+00:00","dateModified":"2025-06-16T09:54:36+00:00","description":"Il volume suggerisce piste di lavoro, proposte argomentate e suggestioni operative per passare l'orale delle classi di concorso A-26, A-27, A-28, A-47","breadcrumb":{"@id":"https:\/\/www.guerini.it\/index.php\/prodotto\/concorso-a-cattedra-scuola-secondaria-volume-2c\/#breadcrumb"},"inLanguage":"it-IT","potentialAction":[{"@type":"ReadAction","target":["https:\/\/www.guerini.it\/index.php\/prodotto\/concorso-a-cattedra-scuola-secondaria-volume-2c\/"]}]},{"@type":"ImageObject","inLanguage":"it-IT","@id":"https:\/\/www.guerini.it\/index.php\/prodotto\/concorso-a-cattedra-scuola-secondaria-volume-2c\/#primaryimage","url":"https:\/\/www.guerini.it\/wp-content\/uploads\/2025\/06\/Concorso-a-cattedra-2c-9788862509794.webp","contentUrl":"https:\/\/www.guerini.it\/wp-content\/uploads\/2025\/06\/Concorso-a-cattedra-2c-9788862509794.webp","width":708,"height":1000,"caption":"Front cover di Concorso a cattedra scuola secondaria 2c, a cura di A. Giannelli, R. Briani, S. Scicolone, Guerini e Associati, 2025"},{"@type":"BreadcrumbList","@id":"https:\/\/www.guerini.it\/index.php\/prodotto\/concorso-a-cattedra-scuola-secondaria-volume-2c\/#breadcrumb","itemListElement":[{"@type":"ListItem","position":1,"name":"Home","item":"https:\/\/www.guerini.it\/"},{"@type":"ListItem","position":2,"name":"Catalogo","item":"https:\/\/www.guerini.it\/index.php\/negozio\/"},{"@type":"ListItem","position":3,"name":"Concorso a cattedra | Scuola secondaria | Volume 2c"}]},{"@type":"WebSite","@id":"https:\/\/www.guerini.it\/#website","url":"https:\/\/www.guerini.it\/","name":"Guerini e Associati","description":"30 anni di libri, idee e libert\u00e0","publisher":{"@id":"https:\/\/www.guerini.it\/#organization"},"potentialAction":[{"@type":"SearchAction","target":{"@type":"EntryPoint","urlTemplate":"https:\/\/www.guerini.it\/?s={search_term_string}"},"query-input":{"@type":"PropertyValueSpecification","valueRequired":true,"valueName":"search_term_string"}}],"inLanguage":"it-IT"},{"@type":"Organization","@id":"https:\/\/www.guerini.it\/#organization","name":"Guerini e Associati","url":"https:\/\/www.guerini.it\/","logo":{"@type":"ImageObject","inLanguage":"it-IT","@id":"https:\/\/www.guerini.it\/#\/schema\/logo\/image\/","url":"https:\/\/www.guerini.it\/wp-content\/uploads\/2021\/03\/Logo-Guerini-OK_-e1615831292285.png","contentUrl":"https:\/\/www.guerini.it\/wp-content\/uploads\/2021\/03\/Logo-Guerini-OK_-e1615831292285.png","width":2805,"height":1870,"caption":"Guerini e Associati"},"image":{"@id":"https:\/\/www.guerini.it\/#\/schema\/logo\/image\/"}}]}},"_links":{"self":[{"href":"https:\/\/www.guerini.it\/index.php\/wp-json\/wp\/v2\/product\/25577","targetHints":{"allow":["GET"]}}],"collection":[{"href":"https:\/\/www.guerini.it\/index.php\/wp-json\/wp\/v2\/product"}],"about":[{"href":"https:\/\/www.guerini.it\/index.php\/wp-json\/wp\/v2\/types\/product"}],"wp:featuredmedia":[{"embeddable":true,"href":"https:\/\/www.guerini.it\/index.php\/wp-json\/wp\/v2\/media\/25578"}],"wp:attachment":[{"href":"https:\/\/www.guerini.it\/index.php\/wp-json\/wp\/v2\/media?parent=25577"}],"wp:term":[{"taxonomy":"product_brand","embeddable":true,"href":"https:\/\/www.guerini.it\/index.php\/wp-json\/wp\/v2\/product_brand?post=25577"},{"taxonomy":"product_cat","embeddable":true,"href":"https:\/\/www.guerini.it\/index.php\/wp-json\/wp\/v2\/product_cat?post=25577"},{"taxonomy":"product_tag","embeddable":true,"href":"https:\/\/www.guerini.it\/index.php\/wp-json\/wp\/v2\/product_tag?post=25577"}],"curies":[{"name":"wp","href":"https:\/\/api.w.org\/{rel}","templated":true}]}}

<p style="text-align: justify;">Questo manuale, contenente unità di apprendimento (UDA) di discipline di ambito scientifico-matematico (classi di concorso A-26, A-27, A-28, A-47) destinate alla scuola secondaria di primo e di secondo grado, suggerisce piste di lavoro, proposte argomentate e suggestioni operative a quanti, cimentandosi nelle prove concorsuali, intendano diventare gli attori, insieme alle studentesse e agli studenti, del processo di insegnamento/apprendimento.<br />
A fare da coach sono professionisti del mondo della scuola che, con i loro contributi, invitano a riflettere sui fondamenti e sulla struttura della progettazione curricolare disciplinare e interdisciplinare della classe, il cui solido possesso è un elemento indispensabile per chi voglia insegnare. Dalla riflessione si perviene alla definizione concreta di esperienze di apprendimento significativo che tengono costantemente conto del curriculum per competenze, affinché gli studenti siano protagonisti del loro percorso formativo e acquisiscano piena consapevolezza di quale importante ruolo rivesta ciò che hanno appreso, interiorizzato e agito nel contesto scolastico ai fini della conquista dell’autonomia e della maturazione personale.<br />
Gli autori propongono scenari e modelli sostenuti da robuste conoscenze psicopedagogiche e normative, con lo scopo di rispondere sia all’esigenza di innovare le pratiche didattiche, sia alla richiesta di sperimentare modalità diversificate per l’efficace gestione degli ambienti di apprendimento.<br />
Le unità di apprendimento nascono dall’esperienza diretta di chi opera quotidianamente a contatto con gli studenti. Rappresentano la viva espressione di una pluralità di percorsi possibili in cui anche le tecnologie, insieme ai processi logici e comunicativi, agli aspetti metacognitivi e alla cura della relazione educativa, possono giocare un ruolo rilevante nell’azione didattica e formativa quotidiana.</p>
<hr />
<p style="text-align: justify;"><strong>Antonello Giannelli</strong>, Presidente dell’<a href="https://www.anp.it/">ANP</a> (Associazione nazionale dirigenti pubblici e alte professionalità della scuola), è dirigente tecnico ed è stato in precedenza dirigente scolastico e preside incaricato. Esperto di tematiche organizzative, gestionali e giuridiche afferenti al settore scolastico, fautore dell’innovazione didattica, è autore di numerose pubblicazioni di diritto scolastico. Per le nostre edizioni ha pubblicato <em>Guida teorico-pratica per i dirigenti delle scuole </em>(2015) e <em>Concorso dirigenti scolastici</em>. <em>Manuale per la preparazione</em> (2017 e 2019). Ha curato inoltre i manuali <em>Concorso dirigenti scolastici. Prova Orale</em> (2019) e <em>Rivoluzionare la scuola con gentilezza. Idee e proposte didattiche per </em><em>vincere una delle maggiori sfide del XXI secolo</em> (2019). Con Raffaella Briani e Sandra Scicolone ha curato i manuali <em>Concorso a cattedra 2020. Scuola dell’infanzia</em> (voll. 1 e 2), <em>Concorso a cattedra 2020. Scuola primaria</em> (voll. 1 e 2) e <em>Concorso dirigenti scolastici</em> (2022 e 2023). Con Massimo Faggioli ha curato il volume <em>Concorso a dirigente tecnico. </em><em>Manuale per la preparazione</em> (2023).</p>
<p style="text-align: justify;"><strong>Raffaella Briani</strong>, attualmente distaccata presso l’ANP (Associazione nazionale dirigenti pubblici e alte professionalità della scuola), è dirigente scolastico dal 2012. Abilitata all’esercizio della professione forense, è autrice di diverse pubblicazioni di diritto amministrativo e di giustizia amministrativa, tra cui la monografia <em>L’istruzione probatoria nel </em><em>processo amministrativo</em> (2013). Per le nostre edizioni ha curato i manuali <em>Concorso a cattedra 2020. Scuola dell’infanzia </em>(voll. 1 e 2), <em>Concorso a cattedra 2020. Scuola primaria</em> (voll. 1 e 2) e <em>Concorso dirigenti scolastici</em> (2022 e 2023). Ha inoltre collaborato al volume <em>Concorso a dirigente tecnico. Manuale per la preparazione</em> curato da Antonello Giannelli e Massimo Faggioli (2023).</p>
<p style="text-align: justify;"><strong>Sandra Scicolone</strong>, attuale componente dello staff Nazionale dell’ANP (Associazione Nazionale dirigenti pubblici e alte professionalità della scuola), è dirigente scolastico dal 2013. Svolge intensa attività di formazione e aggiornamento per dirigenti e docenti su tematiche organizzative e didattiche. Per le nostre edizioni ha curato i manuali <em>Concorso dirigenti scolastici. Prova Orale</em> (2019),<em> Concorso a cattedra 2020. Scuola dell’infanzia</em> (voll. 1 e 2), <em>Concorso </em><em>a cattedra 2020. Scuola primaria</em> (voll. 1 e 2) e <em>Concorso dirigenti scolastici</em> (2022 e 2023).</p>

<p>Questo manuale, contenente unità di apprendimento (UDA) di discipline di ambito scientifico-matematico (classi di concorso A-26, A-27, A-28, A-47) destinate alla scuola secondaria di primo e di secondo grado, suggerisce [&hellip;]</p>

30 anni di libri, idee e libertà
