{"id":25647,"date":"2025-07-10T12:01:40","date_gmt":"2025-07-10T10:01:40","guid":{"rendered":"https:\/\/www.guerini.it\/?post_type=product&#038;p=25647"},"modified":"2025-08-07T17:06:21","modified_gmt":"2025-08-07T15:06:21","slug":"la-rivoluzione-del-buon-senso","status":"publish","type":"product","link":"https:\/\/www.guerini.it\/index.php\/prodotto\/la-rivoluzione-del-buon-senso\/","title":{"rendered":"La rivoluzione del buon senso"},"content":{"rendered":"<p style=\"text-align: justify;\">Agli eccessi del wokismo e alle derive del massimalismo, \u00e8 necessario contrapporre una riflessione culturale che si ispiri ai valori di libert\u00e0, parta da una seria considerazione della realt\u00e0, ripristini il fondamentale principio del buon senso. Centralit\u00e0 della persona e cultura del rispetto, responsabilit\u00e0 individuale e considerazione dell\u2019autorit\u00e0, doveri e non solo diritti, importanza del lavoro frutto del talento e dell\u2019impegno, sicurezza come libert\u00e0 dalla paura, riscoperta della nostra storia, consapevolezza della nostra identit\u00e0, fierezza della nostra civilt\u00e0: sono i pilastri culturali di una moderna azione di governo. Attraverso un\u2019analisi storica accurata, il libro costituisce un contributo essenziale per delineare una visione<br \/>\nsolida e coerente, radicata nella tradizione ma capace di affrontare le complessit\u00e0 del mondo contemporaneo. Una visione di futuro che restituisce alla parola Patria il significato di ci\u00f2 che siamo stati, siamo oggi e vogliamo essere un domani. L\u2019orgoglio italiano per il Paese che verr\u00e0.<\/p>\n<hr \/>\n<p style=\"text-align: justify;\"><strong>Giuseppe Valditara<\/strong> \u00e8 professore ordinario di Diritto privato romano all\u2019Universit\u00e0 degli Studi di Torino. Ha pubblicato numerosi libri e articoli scientifici in materia di diritto romano, diritto costituzionale, storia romana. Ha tenuto seminari, lezioni, partecipato a convegni presso diverse universit\u00e0 italiane e straniere. \u00c8 stato preside della facolt\u00e0 di Giurisprudenza dell\u2019Universit\u00e0 Europea di Roma, assessore provinciale all\u2019Istruzione e all\u2019edilizia scolastica della provincia di Milano, senatore della Repubblica, direttore del dipartimento Alta formazione e ricerca del Miur. Dal 22 ottobre 2022 \u00e8 Ministro dell\u2019Istruzione e del Merito della Repubblica italiana. Nel 2020 ha fondato Lettera 150, think thank che coinvolge centinaia di professori e intellettuali nel dibattito politico, economico e culturale nazionale. Nel 2024 ha pubblicato <em>La scuola dei talenti<\/em> (Milano) e nel 2022, per le nostre edizioni, <a href=\"https:\/\/www.guerini.it\/index.php\/prodotto\/alle-radici-romane-della-costituzione\/\"><em>Alle radici romane della Costituzione<\/em><\/a>.<\/p>\n","protected":false},"excerpt":{"rendered":"<p>Agli eccessi del wokismo e alle derive del massimalismo, \u00e8 necessario contrapporre una riflessione culturale che si ispiri ai valori di libert\u00e0, parta da una seria considerazione della realt\u00e0, ripristini [&hellip;]<\/p>\n","protected":false},"featured_media":25648,"template":"","meta":{"_editorskit_title_hidden":false,"_editorskit_reading_time":0,"_editorskit_is_block_options_detached":false,"_editorskit_block_options_position":"{}","_monsterinsights_skip_tracking":false,"_monsterinsights_sitenote_active":false,"_monsterinsights_sitenote_note":"","_monsterinsights_sitenote_category":0},"product_brand":[],"product_cat":[6728,6617],"product_tag":[8025,12579,8169,12580,7643,12581],"class_list":{"0":"post-25647","1":"product","2":"type-product","3":"status-publish","4":"has-post-thumbnail","6":"product_cat-ultime_novita","7":"product_cat-bc","8":"product_tag-cultura","9":"product_tag-destra","10":"product_tag-governo","11":"product_tag-identita-nazionale","12":"product_tag-politica","13":"product_tag-rinnovamento-politico","14":"pa_guerini_amazon_link-https-www-amazon-it-rivoluzione-buon-senso-paese-normale-dp-8862509618","15":"pa_guerini_feltrinelli_link-https-www-lafeltrinelli-it-rivoluzione-del-buon-senso-per-libro-giuseppe-valditara-e-9788862509619","16":"pa_guerini_ibs_link-https-www-ibs-it-rivoluzione-del-buon-senso-per-libro-giuseppe-valditara-e-9788862509619","17":"pa_guerini_libruniver_link-https-www-libreriauniversitaria-it-rivoluzione-buon-senso-paese-normale-libro-9788862509619srsltidafmboornchp5y1ia_qkwgyedm4g8z-onrlxweecyvlsrvulbiemp8fk2","18":"pa_guerini_mondadori_link-https-www-mondadoristore-it-la-rivoluzione-del-buon-senso-per-un-paese-normale-libro-giuseppe-valditara-p-9788862509619","20":"first","21":"instock","22":"sale","23":"shipping-taxable","24":"purchasable","25":"product-type-simple"},"yoast_head":"<!-- This site is optimized with the Yoast SEO plugin v25.4 - https:\/\/yoast.com\/wordpress\/plugins\/seo\/ -->\n<title>Giuseppe Valditara, La rivoluzione del buon senso - Guerini e Associati<\/title>\n<meta name=\"description\" content=\"Agli eccessi e alle derive del massimalismo, \u00e8 necessario contrapporre una riflessione culturale che ripristini il fondamentale principio del buon senso.\" \/>\n<meta name=\"robots\" content=\"index, follow, max-snippet:-1, max-image-preview:large, max-video-preview:-1\" \/>\n<link rel=\"canonical\" href=\"https:\/\/www.guerini.it\/index.php\/prodotto\/la-rivoluzione-del-buon-senso\/\" \/>\n<meta property=\"og:locale\" content=\"it_IT\" \/>\n<meta property=\"og:type\" content=\"article\" \/>\n<meta property=\"og:title\" content=\"Giuseppe Valditara, La rivoluzione del buon senso - Guerini e Associati\" \/>\n<meta property=\"og:description\" content=\"Agli eccessi e alle derive del massimalismo, \u00e8 necessario contrapporre una riflessione culturale che ripristini il fondamentale principio del buon senso.\" \/>\n<meta property=\"og:url\" content=\"https:\/\/www.guerini.it\/index.php\/prodotto\/la-rivoluzione-del-buon-senso\/\" \/>\n<meta property=\"og:site_name\" content=\"Guerini e Associati\" \/>\n<meta property=\"article:modified_time\" content=\"2025-08-07T15:06:21+00:00\" \/>\n<meta property=\"og:image\" content=\"https:\/\/www.guerini.it\/wp-content\/uploads\/2025\/07\/LA-RIVOLUZIONE-DEL-BUON-SENSO-9788862509619.webp\" \/>\n\t<meta property=\"og:image:width\" content=\"643\" \/>\n\t<meta property=\"og:image:height\" content=\"1000\" \/>\n\t<meta property=\"og:image:type\" content=\"image\/webp\" \/>\n<meta name=\"twitter:card\" content=\"summary_large_image\" \/>\n<meta name=\"twitter:label1\" content=\"Tempo di lettura stimato\" \/>\n\t<meta name=\"twitter:data1\" content=\"2 minuti\" \/>\n<!-- \/ Yoast SEO plugin. -->","yoast_head_json":{"title":"Giuseppe Valditara, La rivoluzione del buon senso - Guerini e Associati","description":"Agli eccessi e alle derive del massimalismo, \u00e8 necessario contrapporre una riflessione culturale che ripristini il fondamentale principio del buon senso.","robots":{"index":"index","follow":"follow","max-snippet":"max-snippet:-1","max-image-preview":"max-image-preview:large","max-video-preview":"max-video-preview:-1"},"canonical":"https:\/\/www.guerini.it\/index.php\/prodotto\/la-rivoluzione-del-buon-senso\/","og_locale":"it_IT","og_type":"article","og_title":"Giuseppe Valditara, La rivoluzione del buon senso - Guerini e Associati","og_description":"Agli eccessi e alle derive del massimalismo, \u00e8 necessario contrapporre una riflessione culturale che ripristini il fondamentale principio del buon senso.","og_url":"https:\/\/www.guerini.it\/index.php\/prodotto\/la-rivoluzione-del-buon-senso\/","og_site_name":"Guerini e Associati","article_modified_time":"2025-08-07T15:06:21+00:00","og_image":[{"width":643,"height":1000,"url":"https:\/\/www.guerini.it\/wp-content\/uploads\/2025\/07\/LA-RIVOLUZIONE-DEL-BUON-SENSO-9788862509619.webp","type":"image\/webp"}],"twitter_card":"summary_large_image","twitter_misc":{"Tempo di lettura stimato":"2 minuti"},"schema":{"@context":"https:\/\/schema.org","@graph":[{"@type":"WebPage","@id":"https:\/\/www.guerini.it\/index.php\/prodotto\/la-rivoluzione-del-buon-senso\/","url":"https:\/\/www.guerini.it\/index.php\/prodotto\/la-rivoluzione-del-buon-senso\/","name":"Giuseppe Valditara, La rivoluzione del buon senso - Guerini e Associati","isPartOf":{"@id":"https:\/\/www.guerini.it\/#website"},"primaryImageOfPage":{"@id":"https:\/\/www.guerini.it\/index.php\/prodotto\/la-rivoluzione-del-buon-senso\/#primaryimage"},"image":{"@id":"https:\/\/www.guerini.it\/index.php\/prodotto\/la-rivoluzione-del-buon-senso\/#primaryimage"},"thumbnailUrl":"https:\/\/www.guerini.it\/wp-content\/uploads\/2025\/07\/LA-RIVOLUZIONE-DEL-BUON-SENSO-9788862509619.webp","datePublished":"2025-07-10T10:01:40+00:00","dateModified":"2025-08-07T15:06:21+00:00","description":"Agli eccessi e alle derive del massimalismo, \u00e8 necessario contrapporre una riflessione culturale che ripristini il fondamentale principio del buon senso.","breadcrumb":{"@id":"https:\/\/www.guerini.it\/index.php\/prodotto\/la-rivoluzione-del-buon-senso\/#breadcrumb"},"inLanguage":"it-IT","potentialAction":[{"@type":"ReadAction","target":["https:\/\/www.guerini.it\/index.php\/prodotto\/la-rivoluzione-del-buon-senso\/"]}]},{"@type":"ImageObject","inLanguage":"it-IT","@id":"https:\/\/www.guerini.it\/index.php\/prodotto\/la-rivoluzione-del-buon-senso\/#primaryimage","url":"https:\/\/www.guerini.it\/wp-content\/uploads\/2025\/07\/LA-RIVOLUZIONE-DEL-BUON-SENSO-9788862509619.webp","contentUrl":"https:\/\/www.guerini.it\/wp-content\/uploads\/2025\/07\/LA-RIVOLUZIONE-DEL-BUON-SENSO-9788862509619.webp","width":643,"height":1000,"caption":"Front cover di G. Valditara, La rivoluzione del buon senso, Guerini e Associati, 2025"},{"@type":"BreadcrumbList","@id":"https:\/\/www.guerini.it\/index.php\/prodotto\/la-rivoluzione-del-buon-senso\/#breadcrumb","itemListElement":[{"@type":"ListItem","position":1,"name":"Home","item":"https:\/\/www.guerini.it\/"},{"@type":"ListItem","position":2,"name":"Catalogo","item":"https:\/\/www.guerini.it\/index.php\/negozio\/"},{"@type":"ListItem","position":3,"name":"La rivoluzione del buon senso"}]},{"@type":"WebSite","@id":"https:\/\/www.guerini.it\/#website","url":"https:\/\/www.guerini.it\/","name":"Guerini e Associati","description":"30 anni di libri, idee e libert\u00e0","publisher":{"@id":"https:\/\/www.guerini.it\/#organization"},"potentialAction":[{"@type":"SearchAction","target":{"@type":"EntryPoint","urlTemplate":"https:\/\/www.guerini.it\/?s={search_term_string}"},"query-input":{"@type":"PropertyValueSpecification","valueRequired":true,"valueName":"search_term_string"}}],"inLanguage":"it-IT"},{"@type":"Organization","@id":"https:\/\/www.guerini.it\/#organization","name":"Guerini e Associati","url":"https:\/\/www.guerini.it\/","logo":{"@type":"ImageObject","inLanguage":"it-IT","@id":"https:\/\/www.guerini.it\/#\/schema\/logo\/image\/","url":"https:\/\/www.guerini.it\/wp-content\/uploads\/2021\/03\/Logo-Guerini-OK_-e1615831292285.png","contentUrl":"https:\/\/www.guerini.it\/wp-content\/uploads\/2021\/03\/Logo-Guerini-OK_-e1615831292285.png","width":2805,"height":1870,"caption":"Guerini e Associati"},"image":{"@id":"https:\/\/www.guerini.it\/#\/schema\/logo\/image\/"}}]}},"_links":{"self":[{"href":"https:\/\/www.guerini.it\/index.php\/wp-json\/wp\/v2\/product\/25647","targetHints":{"allow":["GET"]}}],"collection":[{"href":"https:\/\/www.guerini.it\/index.php\/wp-json\/wp\/v2\/product"}],"about":[{"href":"https:\/\/www.guerini.it\/index.php\/wp-json\/wp\/v2\/types\/product"}],"wp:featuredmedia":[{"embeddable":true,"href":"https:\/\/www.guerini.it\/index.php\/wp-json\/wp\/v2\/media\/25648"}],"wp:attachment":[{"href":"https:\/\/www.guerini.it\/index.php\/wp-json\/wp\/v2\/media?parent=25647"}],"wp:term":[{"taxonomy":"product_brand","embeddable":true,"href":"https:\/\/www.guerini.it\/index.php\/wp-json\/wp\/v2\/product_brand?post=25647"},{"taxonomy":"product_cat","embeddable":true,"href":"https:\/\/www.guerini.it\/index.php\/wp-json\/wp\/v2\/product_cat?post=25647"},{"taxonomy":"product_tag","embeddable":true,"href":"https:\/\/www.guerini.it\/index.php\/wp-json\/wp\/v2\/product_tag?post=25647"}],"curies":[{"name":"wp","href":"https:\/\/api.w.org\/{rel}","templated":true}]}}

<p style="text-align: justify;">Agli eccessi del wokismo e alle derive del massimalismo, è necessario contrapporre una riflessione culturale che si ispiri ai valori di libertà, parta da una seria considerazione della realtà, ripristini il fondamentale principio del buon senso. Centralità della persona e cultura del rispetto, responsabilità individuale e considerazione dell’autorità, doveri e non solo diritti, importanza del lavoro frutto del talento e dell’impegno, sicurezza come libertà dalla paura, riscoperta della nostra storia, consapevolezza della nostra identità, fierezza della nostra civiltà: sono i pilastri culturali di una moderna azione di governo. Attraverso un’analisi storica accurata, il libro costituisce un contributo essenziale per delineare una visione<br />
solida e coerente, radicata nella tradizione ma capace di affrontare le complessità del mondo contemporaneo. Una visione di futuro che restituisce alla parola Patria il significato di ciò che siamo stati, siamo oggi e vogliamo essere un domani. L’orgoglio italiano per il Paese che verrà.</p>
<hr />
<p style="text-align: justify;"><strong>Giuseppe Valditara</strong> è professore ordinario di Diritto privato romano all’Università degli Studi di Torino. Ha pubblicato numerosi libri e articoli scientifici in materia di diritto romano, diritto costituzionale, storia romana. Ha tenuto seminari, lezioni, partecipato a convegni presso diverse università italiane e straniere. È stato preside della facoltà di Giurisprudenza dell’Università Europea di Roma, assessore provinciale all’Istruzione e all’edilizia scolastica della provincia di Milano, senatore della Repubblica, direttore del dipartimento Alta formazione e ricerca del Miur. Dal 22 ottobre 2022 è Ministro dell’Istruzione e del Merito della Repubblica italiana. Nel 2020 ha fondato Lettera 150, think thank che coinvolge centinaia di professori e intellettuali nel dibattito politico, economico e culturale nazionale. Nel 2024 ha pubblicato <em>La scuola dei talenti</em> (Milano) e nel 2022, per le nostre edizioni, <a href="https://www.guerini.it/index.php/prodotto/alle-radici-romane-della-costituzione/"><em>Alle radici romane della Costituzione</em></a>.</p>

<p>Agli eccessi del wokismo e alle derive del massimalismo, è necessario contrapporre una riflessione culturale che si ispiri ai valori di libertà, parta da una seria considerazione della realtà, ripristini [&hellip;]</p>

<!-- This site is optimized with the Yoast SEO plugin v25.4 - https://yoast.com/wordpress/plugins/seo/ -->
<title>Giuseppe Valditara, La rivoluzione del buon senso - Guerini e Associati</title>
<meta name="description" content="Agli eccessi e alle derive del massimalismo, è necessario contrapporre una riflessione culturale che ripristini il fondamentale principio del buon senso." />
<meta name="robots" content="index, follow, max-snippet:-1, max-image-preview:large, max-video-preview:-1" />
<link rel="canonical" href="https://www.guerini.it/index.php/prodotto/la-rivoluzione-del-buon-senso/" />
<meta property="og:locale" content="it_IT" />
<meta property="og:type" content="article" />
<meta property="og:title" content="Giuseppe Valditara, La rivoluzione del buon senso - Guerini e Associati" />
<meta property="og:description" content="Agli eccessi e alle derive del massimalismo, è necessario contrapporre una riflessione culturale che ripristini il fondamentale principio del buon senso." />
<meta property="og:url" content="https://www.guerini.it/index.php/prodotto/la-rivoluzione-del-buon-senso/" />
<meta property="og:site_name" content="Guerini e Associati" />
<meta property="article:modified_time" content="2025-08-07T15:06:21+00:00" />
<meta property="og:image" content="https://www.guerini.it/wp-content/uploads/2025/07/LA-RIVOLUZIONE-DEL-BUON-SENSO-9788862509619.webp" />
	<meta property="og:image:width" content="643" />
	<meta property="og:image:height" content="1000" />
	<meta property="og:image:type" content="image/webp" />
<meta name="twitter:card" content="summary_large_image" />
<meta name="twitter:label1" content="Tempo di lettura stimato" />
	<meta name="twitter:data1" content="2 minuti" />
<!-- / Yoast SEO plugin. -->

Agli eccessi e alle derive del massimalismo, è necessario contrapporre una riflessione culturale che ripristini il fondamentale principio del buon senso.

30 anni di libri, idee e libertà
