{"id":25701,"date":"2025-08-01T13:08:39","date_gmt":"2025-08-01T11:08:39","guid":{"rendered":"https:\/\/www.guerini.it\/?post_type=product&#038;p=25701"},"modified":"2025-09-08T09:56:49","modified_gmt":"2025-09-08T07:56:49","slug":"una-questione-di-liberta","status":"publish","type":"product","link":"https:\/\/www.guerini.it\/index.php\/prodotto\/una-questione-di-liberta\/","title":{"rendered":"Una questione di libert\u00e0"},"content":{"rendered":"<p style=\"text-align: justify;\">Lo sviluppo garantito dalle imprese e il metabolismo del libero mercato appaiono in difficolt\u00e0 a causa di molte dinamiche che agiscono in contemporanea. Erano basati su meccanismi, in parte regolati, che assicuravano a una pluralit\u00e0 di attori l\u2019accesso ad aree locali e globali, supportati dalla crescita del mercato interno. Le crisi di oggi rivelano per\u00f2 uno scheletro politico ed economico debole che pu\u00f2 minare la libert\u00e0 d\u2019impresa. Anzitutto nel cuore dell\u2019Europa, laddove il tragitto del potere, attraversato ogni livello della sfera del politico, sembra esserne sortito per sostare nella dimensione del mercato, della finanza, della tecnica. Scosso nel suo universalismo, il Vecchio Continente deve riscoprire i territori come spazi politici e sociali.<br \/>\n\u00c8 nel rapporto delle aree regionali con i flussi internazionali che \u00e8 possibile restituire centralit\u00e0 democratica al fare impresa, riservando ai corpi intermedi la funzione di interconnessione e trasformando i territori in aree di comunit\u00e0.<\/p>\n<hr \/>\n<p><strong>Stefano Binda<\/strong>, laureato in filosofia, si \u00e8 specializzato e ha sempre lavorato nei public affairs. \u00c8 segretario di CNA Lombardia. \u00c8 inoltre autore di <em>Cabotaggi. Orizzonti ed itinerari filosofici<\/em> (2017) e, con Giuseppe Battarino, di <em>Emergenza non eccezione. Frammenti di politica, giustizia, economia <\/em><em>e lavoro al tempo del Covid 19<\/em> (2022).<br \/>\n<strong>Matteo Reale<\/strong>, consulente, affianca le aziende in progetti legati alla strategia d\u2019impresa e al marketing, con attenzione ai nuovi modelli d\u2019impresa responsabile e all\u2019etica d\u2019impresa. \u00c8 presidente di CNA Milano e di ECIPA, ente di formazione di CNA Lombardia.<\/p>\n","protected":false},"excerpt":{"rendered":"<p>Lo sviluppo garantito dalle imprese e il metabolismo del libero mercato appaiono in difficolt\u00e0 a causa di molte dinamiche che agiscono in contemporanea. Erano basati su meccanismi, in parte regolati, [&hellip;]<\/p>\n","protected":false},"featured_media":25702,"template":"","meta":{"_editorskit_title_hidden":false,"_editorskit_reading_time":0,"_editorskit_is_block_options_detached":false,"_editorskit_block_options_position":"{}","_monsterinsights_skip_tracking":false,"_monsterinsights_sitenote_active":false,"_monsterinsights_sitenote_note":"","_monsterinsights_sitenote_category":0},"product_brand":[],"product_cat":[11784,11581,6728],"product_tag":[11012,6815,7579,12470,7643],"class_list":{"0":"post-25701","1":"product","2":"type-product","3":"status-publish","4":"has-post-thumbnail","6":"product_cat-biblioteca-contemporanea","7":"product_cat-politica","8":"product_cat-ultime_novita","9":"product_tag-crisi","10":"product_tag-economia","11":"product_tag-imprese","12":"product_tag-mercato","13":"product_tag-politica","14":"pa_guerini_amazon_link-https-www-amazon-nl-en-stefano-binda-dp-8862509669","15":"pa_guerini_feltrinelli_link-https-www-lafeltrinelli-it-questione-di-liberta-poteri-imprese-libro-stefano-binda-matteo-reale-e-9788862509664","16":"pa_guerini_ibs_link-https-www-ibs-it-questione-di-liberta-poteri-imprese-libro-stefano-binda-matteo-reale-e-9788862509664","17":"pa_guerini_libruniver_link-https-www-libreriauniversitaria-it-questione-liberta-poteri-imprese-territori-libro-9788862509664","18":"pa_guerini_mondadori_link-https-www-mondadoristore-it-una-questione-di-liberta-poteri-imprese-e-territori-nel-cuore-dell-europa-libro-stefano-binda-p-9788862509664","20":"first","21":"instock","22":"sale","23":"shipping-taxable","24":"purchasable","25":"product-type-simple"},"yoast_head":"<!-- This site is optimized with the Yoast SEO plugin v25.4 - https:\/\/yoast.com\/wordpress\/plugins\/seo\/ -->\n<title>Stefano Binda, Matteo Reale, Una questione di libert\u00e0 - Guerini e Associati<\/title>\n<meta name=\"description\" content=\"Crisi del mercato e della politica mettono in difficolt\u00e0 l\u2019impresa: serve ripartire dai territori come spazi di democrazia e sviluppo.\" \/>\n<meta name=\"robots\" content=\"index, follow, max-snippet:-1, max-image-preview:large, max-video-preview:-1\" \/>\n<link rel=\"canonical\" href=\"https:\/\/www.guerini.it\/index.php\/prodotto\/una-questione-di-liberta\/\" \/>\n<meta property=\"og:locale\" content=\"it_IT\" \/>\n<meta property=\"og:type\" content=\"article\" \/>\n<meta property=\"og:title\" content=\"Stefano Binda, Matteo Reale, Una questione di libert\u00e0 - Guerini e Associati\" \/>\n<meta property=\"og:description\" content=\"Crisi del mercato e della politica mettono in difficolt\u00e0 l\u2019impresa: serve ripartire dai territori come spazi di democrazia e sviluppo.\" \/>\n<meta property=\"og:url\" content=\"https:\/\/www.guerini.it\/index.php\/prodotto\/una-questione-di-liberta\/\" \/>\n<meta property=\"og:site_name\" content=\"Guerini e Associati\" \/>\n<meta property=\"article:modified_time\" content=\"2025-09-08T07:56:49+00:00\" \/>\n<meta property=\"og:image\" content=\"https:\/\/www.guerini.it\/wp-content\/uploads\/2025\/08\/UNA-QUESTIONE-DI-LIBERTA-9788862509664.webp\" \/>\n\t<meta property=\"og:image:width\" content=\"667\" \/>\n\t<meta property=\"og:image:height\" content=\"1000\" \/>\n\t<meta property=\"og:image:type\" content=\"image\/webp\" \/>\n<meta name=\"twitter:card\" content=\"summary_large_image\" \/>\n<meta name=\"twitter:label1\" content=\"Tempo di lettura stimato\" \/>\n\t<meta name=\"twitter:data1\" content=\"2 minuti\" \/>\n<!-- \/ Yoast SEO plugin. -->","yoast_head_json":{"title":"Stefano Binda, Matteo Reale, Una questione di libert\u00e0 - Guerini e Associati","description":"Crisi del mercato e della politica mettono in difficolt\u00e0 l\u2019impresa: serve ripartire dai territori come spazi di democrazia e sviluppo.","robots":{"index":"index","follow":"follow","max-snippet":"max-snippet:-1","max-image-preview":"max-image-preview:large","max-video-preview":"max-video-preview:-1"},"canonical":"https:\/\/www.guerini.it\/index.php\/prodotto\/una-questione-di-liberta\/","og_locale":"it_IT","og_type":"article","og_title":"Stefano Binda, Matteo Reale, Una questione di libert\u00e0 - Guerini e Associati","og_description":"Crisi del mercato e della politica mettono in difficolt\u00e0 l\u2019impresa: serve ripartire dai territori come spazi di democrazia e sviluppo.","og_url":"https:\/\/www.guerini.it\/index.php\/prodotto\/una-questione-di-liberta\/","og_site_name":"Guerini e Associati","article_modified_time":"2025-09-08T07:56:49+00:00","og_image":[{"width":667,"height":1000,"url":"https:\/\/www.guerini.it\/wp-content\/uploads\/2025\/08\/UNA-QUESTIONE-DI-LIBERTA-9788862509664.webp","type":"image\/webp"}],"twitter_card":"summary_large_image","twitter_misc":{"Tempo di lettura stimato":"2 minuti"},"schema":{"@context":"https:\/\/schema.org","@graph":[{"@type":"WebPage","@id":"https:\/\/www.guerini.it\/index.php\/prodotto\/una-questione-di-liberta\/","url":"https:\/\/www.guerini.it\/index.php\/prodotto\/una-questione-di-liberta\/","name":"Stefano Binda, Matteo Reale, Una questione di libert\u00e0 - Guerini e Associati","isPartOf":{"@id":"https:\/\/www.guerini.it\/#website"},"primaryImageOfPage":{"@id":"https:\/\/www.guerini.it\/index.php\/prodotto\/una-questione-di-liberta\/#primaryimage"},"image":{"@id":"https:\/\/www.guerini.it\/index.php\/prodotto\/una-questione-di-liberta\/#primaryimage"},"thumbnailUrl":"https:\/\/www.guerini.it\/wp-content\/uploads\/2025\/08\/UNA-QUESTIONE-DI-LIBERTA-9788862509664.webp","datePublished":"2025-08-01T11:08:39+00:00","dateModified":"2025-09-08T07:56:49+00:00","description":"Crisi del mercato e della politica mettono in difficolt\u00e0 l\u2019impresa: serve ripartire dai territori come spazi di democrazia e sviluppo.","breadcrumb":{"@id":"https:\/\/www.guerini.it\/index.php\/prodotto\/una-questione-di-liberta\/#breadcrumb"},"inLanguage":"it-IT","potentialAction":[{"@type":"ReadAction","target":["https:\/\/www.guerini.it\/index.php\/prodotto\/una-questione-di-liberta\/"]}]},{"@type":"ImageObject","inLanguage":"it-IT","@id":"https:\/\/www.guerini.it\/index.php\/prodotto\/una-questione-di-liberta\/#primaryimage","url":"https:\/\/www.guerini.it\/wp-content\/uploads\/2025\/08\/UNA-QUESTIONE-DI-LIBERTA-9788862509664.webp","contentUrl":"https:\/\/www.guerini.it\/wp-content\/uploads\/2025\/08\/UNA-QUESTIONE-DI-LIBERTA-9788862509664.webp","width":667,"height":1000,"caption":"Front cover di S. Binda, M. Reale, Una questione di libert\u00e0, Guerini e Associati, 2025"},{"@type":"BreadcrumbList","@id":"https:\/\/www.guerini.it\/index.php\/prodotto\/una-questione-di-liberta\/#breadcrumb","itemListElement":[{"@type":"ListItem","position":1,"name":"Home","item":"https:\/\/www.guerini.it\/"},{"@type":"ListItem","position":2,"name":"Catalogo","item":"https:\/\/www.guerini.it\/index.php\/negozio\/"},{"@type":"ListItem","position":3,"name":"Una questione di libert\u00e0"}]},{"@type":"WebSite","@id":"https:\/\/www.guerini.it\/#website","url":"https:\/\/www.guerini.it\/","name":"Guerini e Associati","description":"30 anni di libri, idee e libert\u00e0","publisher":{"@id":"https:\/\/www.guerini.it\/#organization"},"potentialAction":[{"@type":"SearchAction","target":{"@type":"EntryPoint","urlTemplate":"https:\/\/www.guerini.it\/?s={search_term_string}"},"query-input":{"@type":"PropertyValueSpecification","valueRequired":true,"valueName":"search_term_string"}}],"inLanguage":"it-IT"},{"@type":"Organization","@id":"https:\/\/www.guerini.it\/#organization","name":"Guerini e Associati","url":"https:\/\/www.guerini.it\/","logo":{"@type":"ImageObject","inLanguage":"it-IT","@id":"https:\/\/www.guerini.it\/#\/schema\/logo\/image\/","url":"https:\/\/www.guerini.it\/wp-content\/uploads\/2021\/03\/Logo-Guerini-OK_-e1615831292285.png","contentUrl":"https:\/\/www.guerini.it\/wp-content\/uploads\/2021\/03\/Logo-Guerini-OK_-e1615831292285.png","width":2805,"height":1870,"caption":"Guerini e Associati"},"image":{"@id":"https:\/\/www.guerini.it\/#\/schema\/logo\/image\/"}}]}},"_links":{"self":[{"href":"https:\/\/www.guerini.it\/index.php\/wp-json\/wp\/v2\/product\/25701","targetHints":{"allow":["GET"]}}],"collection":[{"href":"https:\/\/www.guerini.it\/index.php\/wp-json\/wp\/v2\/product"}],"about":[{"href":"https:\/\/www.guerini.it\/index.php\/wp-json\/wp\/v2\/types\/product"}],"wp:featuredmedia":[{"embeddable":true,"href":"https:\/\/www.guerini.it\/index.php\/wp-json\/wp\/v2\/media\/25702"}],"wp:attachment":[{"href":"https:\/\/www.guerini.it\/index.php\/wp-json\/wp\/v2\/media?parent=25701"}],"wp:term":[{"taxonomy":"product_brand","embeddable":true,"href":"https:\/\/www.guerini.it\/index.php\/wp-json\/wp\/v2\/product_brand?post=25701"},{"taxonomy":"product_cat","embeddable":true,"href":"https:\/\/www.guerini.it\/index.php\/wp-json\/wp\/v2\/product_cat?post=25701"},{"taxonomy":"product_tag","embeddable":true,"href":"https:\/\/www.guerini.it\/index.php\/wp-json\/wp\/v2\/product_tag?post=25701"}],"curies":[{"name":"wp","href":"https:\/\/api.w.org\/{rel}","templated":true}]}}

Una questione di libertà

<p style="text-align: justify;">Lo sviluppo garantito dalle imprese e il metabolismo del libero mercato appaiono in difficoltà a causa di molte dinamiche che agiscono in contemporanea. Erano basati su meccanismi, in parte regolati, che assicuravano a una pluralità di attori l’accesso ad aree locali e globali, supportati dalla crescita del mercato interno. Le crisi di oggi rivelano però uno scheletro politico ed economico debole che può minare la libertà d’impresa. Anzitutto nel cuore dell’Europa, laddove il tragitto del potere, attraversato ogni livello della sfera del politico, sembra esserne sortito per sostare nella dimensione del mercato, della finanza, della tecnica. Scosso nel suo universalismo, il Vecchio Continente deve riscoprire i territori come spazi politici e sociali.<br />
È nel rapporto delle aree regionali con i flussi internazionali che è possibile restituire centralità democratica al fare impresa, riservando ai corpi intermedi la funzione di interconnessione e trasformando i territori in aree di comunità.</p>
<hr />
<p><strong>Stefano Binda</strong>, laureato in filosofia, si è specializzato e ha sempre lavorato nei public affairs. È segretario di CNA Lombardia. È inoltre autore di <em>Cabotaggi. Orizzonti ed itinerari filosofici</em> (2017) e, con Giuseppe Battarino, di <em>Emergenza non eccezione. Frammenti di politica, giustizia, economia </em><em>e lavoro al tempo del Covid 19</em> (2022).<br />
<strong>Matteo Reale</strong>, consulente, affianca le aziende in progetti legati alla strategia d’impresa e al marketing, con attenzione ai nuovi modelli d’impresa responsabile e all’etica d’impresa. È presidente di CNA Milano e di ECIPA, ente di formazione di CNA Lombardia.</p>

<p>Lo sviluppo garantito dalle imprese e il metabolismo del libero mercato appaiono in difficoltà a causa di molte dinamiche che agiscono in contemporanea. Erano basati su meccanismi, in parte regolati, [&hellip;]</p>

<!-- This site is optimized with the Yoast SEO plugin v25.4 - https://yoast.com/wordpress/plugins/seo/ -->
<title>Stefano Binda, Matteo Reale, Una questione di libertà - Guerini e Associati</title>
<meta name="description" content="Crisi del mercato e della politica mettono in difficoltà l’impresa: serve ripartire dai territori come spazi di democrazia e sviluppo." />
<meta name="robots" content="index, follow, max-snippet:-1, max-image-preview:large, max-video-preview:-1" />
<link rel="canonical" href="https://www.guerini.it/index.php/prodotto/una-questione-di-liberta/" />
<meta property="og:locale" content="it_IT" />
<meta property="og:type" content="article" />
<meta property="og:title" content="Stefano Binda, Matteo Reale, Una questione di libertà - Guerini e Associati" />
<meta property="og:description" content="Crisi del mercato e della politica mettono in difficoltà l’impresa: serve ripartire dai territori come spazi di democrazia e sviluppo." />
<meta property="og:url" content="https://www.guerini.it/index.php/prodotto/una-questione-di-liberta/" />
<meta property="og:site_name" content="Guerini e Associati" />
<meta property="article:modified_time" content="2025-09-08T07:56:49+00:00" />
<meta property="og:image" content="https://www.guerini.it/wp-content/uploads/2025/08/UNA-QUESTIONE-DI-LIBERTA-9788862509664.webp" />
	<meta property="og:image:width" content="667" />
	<meta property="og:image:height" content="1000" />
	<meta property="og:image:type" content="image/webp" />
<meta name="twitter:card" content="summary_large_image" />
<meta name="twitter:label1" content="Tempo di lettura stimato" />
	<meta name="twitter:data1" content="2 minuti" />
<!-- / Yoast SEO plugin. -->

Stefano Binda, Matteo Reale, Una questione di libertà - Guerini e Associati

Crisi del mercato e della politica mettono in difficoltà l’impresa: serve ripartire dai territori come spazi di democrazia e sviluppo.

Front cover di S. Binda, M. Reale, Una questione di libertà, Guerini e Associati, 2025

30 anni di libri, idee e libertà
