{"id":25741,"date":"2025-08-08T17:37:43","date_gmt":"2025-08-08T15:37:43","guid":{"rendered":"https:\/\/www.guerini.it\/?post_type=product&#038;p=25741"},"modified":"2025-09-08T10:02:22","modified_gmt":"2025-09-08T08:02:22","slug":"lean-thinking-e-sport-management","status":"publish","type":"product","link":"https:\/\/www.guerini.it\/index.php\/prodotto\/lean-thinking-e-sport-management\/","title":{"rendered":"Lean Thinking e Sport Management"},"content":{"rendered":"<p style=\"text-align: justify;\">E se la Lean Production potesse trasformare non solo le aziende, ma anche il modo in cui viene gestito lo sport? Questo libro nasce da un\u2019intuizione audace: trasferire i principi del pensiero snello, concepiti per l\u2019industria manifatturiera, in un contesto radicalmente diverso per logiche, risorse e cultura organizzativa, come quello di un\u2019associazione sportiva dilettantistica. Ne scaturisce un percorso autentico e concreto che dimostra come il Lean Sport Service possa diventare un modello operativo capace di adattare gli strumenti della Lean Production alle dinamiche reali di una struttura sportiva no-profit. Attraverso esempi reali, riflessioni operative e momenti di leadership condivisa, si evidenzia la sorprendente trasversalit\u00e0 della Lean e il suo potenziale trasformativo non solo nello sport, ma anche nelle organizzazioni di servizi che operano in ambienti complessi e orientati alla relazione. \u00c8 tempo di ripensare lo sport come un ecosistema in cui ogni risorsa conta e ogni processo pu\u00f2 essere migliorato. La Lean \u00e8 il metodo, questo \u00e8 il punto di partenza.<\/p>\n<hr \/>\n<p style=\"text-align: justify;\"><strong>Flavio Alberti<\/strong> \u00e8 un imprenditore con consolidata esperienza nell\u2019ambito della gestione strategica d\u2019impresa e dell\u2019innovazione organizzativa. La sua attivit\u00e0 si \u00e8 progressivamente orientata verso lo studio e l\u2019applicazione dei principi del pensiero Lean e dell\u2019approccio Agile. Riveste anche il ruolo di presidente e direttore generale dello Sci Club Drusci\u00e9 Cortina, una delle realt\u00e0 sportive pi\u00f9 strutturate e affermate nel panorama nazionale e internazionale dello sci alpino giovanile. Sotto la sua direzione, il club ha consolidato la propria identit\u00e0 organizzativa, incrementato significativamente la base associativa e conseguito risultati sportivi di rilievo, mantenendo come riferimento centrale una visione educativa, inclusiva e orientata alla crescita integrale dell\u2019atleta.<\/p>\n","protected":false},"excerpt":{"rendered":"<p>E se la Lean Production potesse trasformare non solo le aziende, ma anche il modo in cui viene gestito lo sport? Questo libro nasce da un\u2019intuizione audace: trasferire i principi [&hellip;]<\/p>\n","protected":false},"featured_media":25742,"template":"","meta":{"_editorskit_title_hidden":false,"_editorskit_reading_time":0,"_editorskit_is_block_options_detached":false,"_editorskit_block_options_position":"{}","_monsterinsights_skip_tracking":false,"_monsterinsights_sitenote_active":false,"_monsterinsights_sitenote_note":"","_monsterinsights_sitenote_category":0},"product_brand":[],"product_cat":[6805,6728],"product_tag":[7474,12624,12623,7020,12622],"class_list":{"0":"post-25741","1":"product","2":"type-product","3":"status-publish","4":"has-post-thumbnail","6":"product_cat-guerini-next","7":"product_cat-ultime_novita","8":"product_tag-coaching","9":"product_tag-comunicazione-e-organizzazione-aziendale","10":"product_tag-eployer-branding","11":"product_tag-formazione","12":"product_tag-recruiting","13":"pa_guerini_amazon_link-https-www-amazon-it-thinking-management-ottimizzazione-processi-sportive-dp-8868966018","14":"pa_guerini_feltrinelli_link-https-www-lafeltrinelli-it-lean-thinking-and-sport-management-libro-flavio-alberti-e-9788868966010","15":"pa_guerini_ibs_link-https-www-ibs-it-lean-thinking-and-sport-management-libro-flavio-alberti-e-9788868966010","16":"pa_guerini_libruniver_link-https-www-libreriauniversitaria-it-lean-thinking-and-sport-management-libro-9788868966010","17":"pa_guerini_mondadori_link-https-www-mondadoristore-it-lean-thinking-and-sport-management-ottimizzazione-dei-processi-nelle-societa-sportive-il-caso-sci-club-druscie-cortina-libro-flavio-alberti-p-9788868966010","19":"first","20":"instock","21":"sale","22":"shipping-taxable","23":"purchasable","24":"product-type-simple"},"yoast_head":"<!-- This site is optimized with the Yoast SEO plugin v25.4 - https:\/\/yoast.com\/wordpress\/plugins\/seo\/ -->\n<title>Flavio Alberti, Lean thinking e sport management - Guerini Editore<\/title>\n<meta name=\"description\" content=\"Un libro che applica in modo innovativo i principi del pensiero snello, nati per l\u2019industria, al mondo delle associazioni sportive dilettantistiche.\" \/>\n<meta name=\"robots\" content=\"index, follow, max-snippet:-1, max-image-preview:large, max-video-preview:-1\" \/>\n<link rel=\"canonical\" href=\"https:\/\/www.guerini.it\/index.php\/prodotto\/lean-thinking-e-sport-management\/\" \/>\n<meta property=\"og:locale\" content=\"it_IT\" \/>\n<meta property=\"og:type\" content=\"article\" \/>\n<meta property=\"og:title\" content=\"Flavio Alberti, Lean thinking e sport management - Guerini Editore\" \/>\n<meta property=\"og:description\" content=\"Un libro che applica in modo innovativo i principi del pensiero snello, nati per l\u2019industria, al mondo delle associazioni sportive dilettantistiche.\" \/>\n<meta property=\"og:url\" content=\"https:\/\/www.guerini.it\/index.php\/prodotto\/lean-thinking-e-sport-management\/\" \/>\n<meta property=\"og:site_name\" content=\"Guerini e Associati\" \/>\n<meta property=\"article:modified_time\" content=\"2025-09-08T08:02:22+00:00\" \/>\n<meta property=\"og:image\" content=\"https:\/\/www.guerini.it\/wp-content\/uploads\/2025\/08\/9788868966010_Lean-thinking-e-sport-management.webp\" \/>\n\t<meta property=\"og:image:width\" content=\"643\" \/>\n\t<meta property=\"og:image:height\" content=\"1000\" \/>\n\t<meta property=\"og:image:type\" content=\"image\/webp\" \/>\n<meta name=\"twitter:card\" content=\"summary_large_image\" \/>\n<meta name=\"twitter:label1\" content=\"Tempo di lettura stimato\" \/>\n\t<meta name=\"twitter:data1\" content=\"2 minuti\" \/>\n<!-- \/ Yoast SEO plugin. -->","yoast_head_json":{"title":"Flavio Alberti, Lean thinking e sport management - Guerini Editore","description":"Un libro che applica in modo innovativo i principi del pensiero snello, nati per l\u2019industria, al mondo delle associazioni sportive dilettantistiche.","robots":{"index":"index","follow":"follow","max-snippet":"max-snippet:-1","max-image-preview":"max-image-preview:large","max-video-preview":"max-video-preview:-1"},"canonical":"https:\/\/www.guerini.it\/index.php\/prodotto\/lean-thinking-e-sport-management\/","og_locale":"it_IT","og_type":"article","og_title":"Flavio Alberti, Lean thinking e sport management - Guerini Editore","og_description":"Un libro che applica in modo innovativo i principi del pensiero snello, nati per l\u2019industria, al mondo delle associazioni sportive dilettantistiche.","og_url":"https:\/\/www.guerini.it\/index.php\/prodotto\/lean-thinking-e-sport-management\/","og_site_name":"Guerini e Associati","article_modified_time":"2025-09-08T08:02:22+00:00","og_image":[{"width":643,"height":1000,"url":"https:\/\/www.guerini.it\/wp-content\/uploads\/2025\/08\/9788868966010_Lean-thinking-e-sport-management.webp","type":"image\/webp"}],"twitter_card":"summary_large_image","twitter_misc":{"Tempo di lettura stimato":"2 minuti"},"schema":{"@context":"https:\/\/schema.org","@graph":[{"@type":"WebPage","@id":"https:\/\/www.guerini.it\/index.php\/prodotto\/lean-thinking-e-sport-management\/","url":"https:\/\/www.guerini.it\/index.php\/prodotto\/lean-thinking-e-sport-management\/","name":"Flavio Alberti, Lean thinking e sport management - Guerini Editore","isPartOf":{"@id":"https:\/\/www.guerini.it\/#website"},"primaryImageOfPage":{"@id":"https:\/\/www.guerini.it\/index.php\/prodotto\/lean-thinking-e-sport-management\/#primaryimage"},"image":{"@id":"https:\/\/www.guerini.it\/index.php\/prodotto\/lean-thinking-e-sport-management\/#primaryimage"},"thumbnailUrl":"https:\/\/www.guerini.it\/wp-content\/uploads\/2025\/08\/9788868966010_Lean-thinking-e-sport-management.webp","datePublished":"2025-08-08T15:37:43+00:00","dateModified":"2025-09-08T08:02:22+00:00","description":"Un libro che applica in modo innovativo i principi del pensiero snello, nati per l\u2019industria, al mondo delle associazioni sportive dilettantistiche.","breadcrumb":{"@id":"https:\/\/www.guerini.it\/index.php\/prodotto\/lean-thinking-e-sport-management\/#breadcrumb"},"inLanguage":"it-IT","potentialAction":[{"@type":"ReadAction","target":["https:\/\/www.guerini.it\/index.php\/prodotto\/lean-thinking-e-sport-management\/"]}]},{"@type":"ImageObject","inLanguage":"it-IT","@id":"https:\/\/www.guerini.it\/index.php\/prodotto\/lean-thinking-e-sport-management\/#primaryimage","url":"https:\/\/www.guerini.it\/wp-content\/uploads\/2025\/08\/9788868966010_Lean-thinking-e-sport-management.webp","contentUrl":"https:\/\/www.guerini.it\/wp-content\/uploads\/2025\/08\/9788868966010_Lean-thinking-e-sport-management.webp","width":643,"height":1000,"caption":"Flavio Alberti, Lean thinking e sport management, Guerini Next, 2025"},{"@type":"BreadcrumbList","@id":"https:\/\/www.guerini.it\/index.php\/prodotto\/lean-thinking-e-sport-management\/#breadcrumb","itemListElement":[{"@type":"ListItem","position":1,"name":"Home","item":"https:\/\/www.guerini.it\/"},{"@type":"ListItem","position":2,"name":"Catalogo","item":"https:\/\/www.guerini.it\/index.php\/negozio\/"},{"@type":"ListItem","position":3,"name":"Lean Thinking e Sport Management"}]},{"@type":"WebSite","@id":"https:\/\/www.guerini.it\/#website","url":"https:\/\/www.guerini.it\/","name":"Guerini e Associati","description":"30 anni di libri, idee e libert\u00e0","publisher":{"@id":"https:\/\/www.guerini.it\/#organization"},"potentialAction":[{"@type":"SearchAction","target":{"@type":"EntryPoint","urlTemplate":"https:\/\/www.guerini.it\/?s={search_term_string}"},"query-input":{"@type":"PropertyValueSpecification","valueRequired":true,"valueName":"search_term_string"}}],"inLanguage":"it-IT"},{"@type":"Organization","@id":"https:\/\/www.guerini.it\/#organization","name":"Guerini e Associati","url":"https:\/\/www.guerini.it\/","logo":{"@type":"ImageObject","inLanguage":"it-IT","@id":"https:\/\/www.guerini.it\/#\/schema\/logo\/image\/","url":"https:\/\/www.guerini.it\/wp-content\/uploads\/2021\/03\/Logo-Guerini-OK_-e1615831292285.png","contentUrl":"https:\/\/www.guerini.it\/wp-content\/uploads\/2021\/03\/Logo-Guerini-OK_-e1615831292285.png","width":2805,"height":1870,"caption":"Guerini e Associati"},"image":{"@id":"https:\/\/www.guerini.it\/#\/schema\/logo\/image\/"}}]}},"_links":{"self":[{"href":"https:\/\/www.guerini.it\/index.php\/wp-json\/wp\/v2\/product\/25741","targetHints":{"allow":["GET"]}}],"collection":[{"href":"https:\/\/www.guerini.it\/index.php\/wp-json\/wp\/v2\/product"}],"about":[{"href":"https:\/\/www.guerini.it\/index.php\/wp-json\/wp\/v2\/types\/product"}],"wp:featuredmedia":[{"embeddable":true,"href":"https:\/\/www.guerini.it\/index.php\/wp-json\/wp\/v2\/media\/25742"}],"wp:attachment":[{"href":"https:\/\/www.guerini.it\/index.php\/wp-json\/wp\/v2\/media?parent=25741"}],"wp:term":[{"taxonomy":"product_brand","embeddable":true,"href":"https:\/\/www.guerini.it\/index.php\/wp-json\/wp\/v2\/product_brand?post=25741"},{"taxonomy":"product_cat","embeddable":true,"href":"https:\/\/www.guerini.it\/index.php\/wp-json\/wp\/v2\/product_cat?post=25741"},{"taxonomy":"product_tag","embeddable":true,"href":"https:\/\/www.guerini.it\/index.php\/wp-json\/wp\/v2\/product_tag?post=25741"}],"curies":[{"name":"wp","href":"https:\/\/api.w.org\/{rel}","templated":true}]}}