{"id":25743,"date":"2025-08-08T18:09:03","date_gmt":"2025-08-08T16:09:03","guid":{"rendered":"https:\/\/www.guerini.it\/?post_type=product&#038;p=25743"},"modified":"2025-12-19T12:11:39","modified_gmt":"2025-12-19T11:11:39","slug":"bambini-rapiti-bambini-contesi","status":"publish","type":"product","link":"https:\/\/www.guerini.it\/index.php\/prodotto\/bambini-rapiti-bambini-contesi\/","title":{"rendered":"Bambini rapiti, bambini contesi"},"content":{"rendered":"<p style=\"text-align: justify;\">Il tema dei battesimi forzati di bambini, noto al grande pubblico in specie per il caso storico del piccolo Edgardo Mortara rapito per motivi religiosi e mai pi\u00f9 restituito alla famiglia ebraica nella Bologna del 1858 e per il film <em>Rapito<\/em> (2023) di Marco Bellocchio, \u00e8 al centro di questo volume. Anche dopo il clamore internazionale suscitato dal caso e dopo la fine del potere temporale della Chiesa cattolica, il dibattito sulla liceit\u00e0 o meno dei battesimi forzati non si \u00e8 mai fermato a livello teologico e giuridico, cos\u00ec come l\u2019indagine storica volta a valutare la ricaduta della pratica. Tale pratica, che ha origini antiche, non pu\u00f2 dirsi terminata, dal momento che il Codice di diritto canonico contempla a tutt\u2019oggi la possibilit\u00e0 di battezzare contro la volont\u00e0 genitoriale. Partendo da una prospettiva storica che tocca in particolare l\u2019et\u00e0 moderna e il periodo della Shoah giungendo ai giorni nostri, il libro propone un\u2019ampia disamina di tale tematica, che intercetta differenti piani quali quello storico, teologico, giuridico, psicologico, offrendo al lettore un percorso esaustivo che si conclude con un accorato appello al Pontefice: \u00e8 ancora accettabile, oggi, che il Codice di diritto canonico consenta il battesimo dei pi\u00f9 piccoli contro la volont\u00e0 delle famiglie, persino non cattoliche? Non si dovrebbe procedere alla cancellazione definitiva dell\u2019articolo del Codice di diritto canonico che ancora permette tale pratica?<\/p>\n<hr \/>\n<p style=\"text-align: justify;\"><strong>Elisa Bianchi<\/strong>, gi\u00e0 docente di Geografia della popolazione presso il Dipartimento di Geografia e Scienze Umane dell\u2019Ambiente dell\u2019Universit\u00e0 degli Studi di Milano, \u00e8 Presidente dell\u2019Associazione Italiana Amici dell\u2019Universit\u00e0 di Gerusalemme, che dal 1977 promuove cultura e formazione senza frontiere. Per le nostre edizioni ha pubblicato <em>Etnia e cultura in Israele. Gli ebrei etiopi tra assimilazione e integrazione<\/em> (1997); <em>Un finto rabbino, una subdola guida, un diario che riappare. Viaggio in Yemen di Joseph Hal\u00e9vy<\/em> (2003). Ha inoltre curato, con Paola Vita Finzi, <em>Donne ebree protagoniste. Tra il XIX e il XX secolo<\/em> (2023).<\/p>\n<p style=\"text-align: justify;\"><strong>El\u00e8na Mortara<\/strong>, critica letteraria, docente di Letteratura Anglo-americana presso l\u2019Universit\u00e0 degli Studi di Roma \u00abTor Vergata\u00bb, attualmente nel Dottorato di Letterature, Lingue e Culture straniere moderne di questa Universit\u00e0, \u00e8 autrice di studi su Philip Roth, Isaac B. Singer e gli altri protagonisti del filone letterario ebraico-americano e, pi\u00f9 in generale, su dinamiche interculturali e interreligiose in contesti transnazionali. Da tempo \u00e8 impegnata nel dibattito sulla liceit\u00e0 dei battesimi forzati. Tra le sue pubblicazioni, oltre a curatele per i Meridiani Mondadori e la Utet: <em>Letteratura ebraico-americana dalle origini alla Sho\u00e0<\/em> (2006) e <em>Writing for Justice: Victor S\u00e9jour, the Kidnapping of Edgardo Mortara, and the Age of Transatlantic Emancipations<\/em> (2015), vincitore del premio europeo, American Studies Network Book Prize 2016. \u00c8 membro del Consiglio Direttivo della Associazione Italiana Amici dell\u2019Universit\u00e0 di Gerusalemme.<\/p>\n","protected":false},"excerpt":{"rendered":"<p>Il tema dei battesimi forzati di bambini, noto al grande pubblico in specie per il caso storico del piccolo Edgardo Mortara rapito per motivi religiosi e mai pi\u00f9 restituito alla [&hellip;]<\/p>\n","protected":false},"featured_media":25744,"template":"","meta":{"_editorskit_title_hidden":false,"_editorskit_reading_time":0,"_editorskit_is_block_options_detached":false,"_editorskit_block_options_position":"{}","_monsterinsights_skip_tracking":false,"_monsterinsights_sitenote_active":false,"_monsterinsights_sitenote_note":"","_monsterinsights_sitenote_category":0},"product_brand":[],"product_cat":[11784,6728],"product_tag":[7332,6822,12629,10715,12628],"class_list":{"0":"post-25743","1":"product","2":"type-product","3":"status-publish","4":"has-post-thumbnail","6":"product_cat-biblioteca-contemporanea","7":"product_cat-ultime_novita","8":"product_tag-ebraismo","9":"product_tag-educazione","10":"product_tag-memoria-e-shoa","11":"product_tag-solidarieta","12":"product_tag-storia-delle-religioni","13":"pa_guerini_amazon_link-https-www-amazon-it-bambini-bambini-contesi-battesimi-fratellanza-dp-886250960x","14":"pa_guerini_feltrinelli_link-https-www-lafeltrinelli-it-bambini-rapiti-bambini-contesi-battesimi-libro-elisa-bianchi-elena-mortara-e-9788862509602","15":"pa_guerini_ibs_link-https-www-ibs-it-bambini-rapiti-bambini-contesi-battesimi-libro-elisa-bianchi-elena-mortara-e-9788862509602","16":"pa_guerini_libruniver_link-https-www-libreriauniversitaria-it-bambini-rapiti-bambini-contesi-battesimi-libro-9788862509602","17":"pa_guerini_mondadori_link-https-www-mondadoristore-it-bambini-rapiti-bambini-contesi-k-ebook-italiano-elisa-bianchi-p-9788881955329","19":"first","20":"instock","21":"sale","22":"shipping-taxable","23":"purchasable","24":"product-type-simple"},"yoast_head":"<!-- This site is optimized with the Yoast SEO plugin v25.4 - https:\/\/yoast.com\/wordpress\/plugins\/seo\/ -->\n<title>Bambini rapiti, bambini contesi, a cura di E. Bianchi, E. Mortara | Guerini Editore<\/title>\n<meta name=\"description\" content=\"Al centro del volume il dibattito sulla liceit\u00e0 o meno dei battesimi forzati, che non si \u00e8 mai fermato a livello teologico e giuridico.\" \/>\n<meta name=\"robots\" content=\"index, follow, max-snippet:-1, max-image-preview:large, max-video-preview:-1\" \/>\n<link rel=\"canonical\" href=\"https:\/\/www.guerini.it\/index.php\/prodotto\/bambini-rapiti-bambini-contesi\/\" \/>\n<meta property=\"og:locale\" content=\"it_IT\" \/>\n<meta property=\"og:type\" content=\"article\" \/>\n<meta property=\"og:title\" content=\"Bambini rapiti, bambini contesi, a cura di E. Bianchi, E. Mortara | Guerini Editore\" \/>\n<meta property=\"og:description\" content=\"Al centro del volume il dibattito sulla liceit\u00e0 o meno dei battesimi forzati, che non si \u00e8 mai fermato a livello teologico e giuridico.\" \/>\n<meta property=\"og:url\" content=\"https:\/\/www.guerini.it\/index.php\/prodotto\/bambini-rapiti-bambini-contesi\/\" \/>\n<meta property=\"og:site_name\" content=\"Guerini e Associati\" \/>\n<meta property=\"article:modified_time\" content=\"2025-12-19T11:11:39+00:00\" \/>\n<meta property=\"og:image\" content=\"https:\/\/www.guerini.it\/wp-content\/uploads\/2025\/08\/9788862509602_Bambini-rapiti-bambini-contesi.webp\" \/>\n\t<meta property=\"og:image:width\" content=\"667\" \/>\n\t<meta property=\"og:image:height\" content=\"1000\" \/>\n\t<meta property=\"og:image:type\" content=\"image\/webp\" \/>\n<meta name=\"twitter:card\" content=\"summary_large_image\" \/>\n<meta name=\"twitter:label1\" content=\"Tempo di lettura stimato\" \/>\n\t<meta name=\"twitter:data1\" content=\"3 minuti\" \/>\n<!-- \/ Yoast SEO plugin. -->","yoast_head_json":{"title":"Bambini rapiti, bambini contesi, a cura di E. Bianchi, E. Mortara | Guerini Editore","description":"Al centro del volume il dibattito sulla liceit\u00e0 o meno dei battesimi forzati, che non si \u00e8 mai fermato a livello teologico e giuridico.","robots":{"index":"index","follow":"follow","max-snippet":"max-snippet:-1","max-image-preview":"max-image-preview:large","max-video-preview":"max-video-preview:-1"},"canonical":"https:\/\/www.guerini.it\/index.php\/prodotto\/bambini-rapiti-bambini-contesi\/","og_locale":"it_IT","og_type":"article","og_title":"Bambini rapiti, bambini contesi, a cura di E. Bianchi, E. Mortara | Guerini Editore","og_description":"Al centro del volume il dibattito sulla liceit\u00e0 o meno dei battesimi forzati, che non si \u00e8 mai fermato a livello teologico e giuridico.","og_url":"https:\/\/www.guerini.it\/index.php\/prodotto\/bambini-rapiti-bambini-contesi\/","og_site_name":"Guerini e Associati","article_modified_time":"2025-12-19T11:11:39+00:00","og_image":[{"width":667,"height":1000,"url":"https:\/\/www.guerini.it\/wp-content\/uploads\/2025\/08\/9788862509602_Bambini-rapiti-bambini-contesi.webp","type":"image\/webp"}],"twitter_card":"summary_large_image","twitter_misc":{"Tempo di lettura stimato":"3 minuti"},"schema":{"@context":"https:\/\/schema.org","@graph":[{"@type":"WebPage","@id":"https:\/\/www.guerini.it\/index.php\/prodotto\/bambini-rapiti-bambini-contesi\/","url":"https:\/\/www.guerini.it\/index.php\/prodotto\/bambini-rapiti-bambini-contesi\/","name":"Bambini rapiti, bambini contesi, a cura di E. Bianchi, E. Mortara | Guerini Editore","isPartOf":{"@id":"https:\/\/www.guerini.it\/#website"},"primaryImageOfPage":{"@id":"https:\/\/www.guerini.it\/index.php\/prodotto\/bambini-rapiti-bambini-contesi\/#primaryimage"},"image":{"@id":"https:\/\/www.guerini.it\/index.php\/prodotto\/bambini-rapiti-bambini-contesi\/#primaryimage"},"thumbnailUrl":"https:\/\/www.guerini.it\/wp-content\/uploads\/2025\/08\/9788862509602_Bambini-rapiti-bambini-contesi.webp","datePublished":"2025-08-08T16:09:03+00:00","dateModified":"2025-12-19T11:11:39+00:00","description":"Al centro del volume il dibattito sulla liceit\u00e0 o meno dei battesimi forzati, che non si \u00e8 mai fermato a livello teologico e giuridico.","breadcrumb":{"@id":"https:\/\/www.guerini.it\/index.php\/prodotto\/bambini-rapiti-bambini-contesi\/#breadcrumb"},"inLanguage":"it-IT","potentialAction":[{"@type":"ReadAction","target":["https:\/\/www.guerini.it\/index.php\/prodotto\/bambini-rapiti-bambini-contesi\/"]}]},{"@type":"ImageObject","inLanguage":"it-IT","@id":"https:\/\/www.guerini.it\/index.php\/prodotto\/bambini-rapiti-bambini-contesi\/#primaryimage","url":"https:\/\/www.guerini.it\/wp-content\/uploads\/2025\/08\/9788862509602_Bambini-rapiti-bambini-contesi.webp","contentUrl":"https:\/\/www.guerini.it\/wp-content\/uploads\/2025\/08\/9788862509602_Bambini-rapiti-bambini-contesi.webp","width":667,"height":1000,"caption":"Bambini rapiti, bambini contesi, a cura di E. Bianchi, E. Mortara, Guerini e Associati, 2025."},{"@type":"BreadcrumbList","@id":"https:\/\/www.guerini.it\/index.php\/prodotto\/bambini-rapiti-bambini-contesi\/#breadcrumb","itemListElement":[{"@type":"ListItem","position":1,"name":"Home","item":"https:\/\/www.guerini.it\/"},{"@type":"ListItem","position":2,"name":"Catalogo","item":"https:\/\/www.guerini.it\/index.php\/negozio\/"},{"@type":"ListItem","position":3,"name":"Bambini rapiti, bambini contesi"}]},{"@type":"WebSite","@id":"https:\/\/www.guerini.it\/#website","url":"https:\/\/www.guerini.it\/","name":"Guerini e Associati","description":"30 anni di libri, idee e libert\u00e0","publisher":{"@id":"https:\/\/www.guerini.it\/#organization"},"potentialAction":[{"@type":"SearchAction","target":{"@type":"EntryPoint","urlTemplate":"https:\/\/www.guerini.it\/?s={search_term_string}"},"query-input":{"@type":"PropertyValueSpecification","valueRequired":true,"valueName":"search_term_string"}}],"inLanguage":"it-IT"},{"@type":"Organization","@id":"https:\/\/www.guerini.it\/#organization","name":"Guerini e Associati","url":"https:\/\/www.guerini.it\/","logo":{"@type":"ImageObject","inLanguage":"it-IT","@id":"https:\/\/www.guerini.it\/#\/schema\/logo\/image\/","url":"https:\/\/www.guerini.it\/wp-content\/uploads\/2021\/03\/Logo-Guerini-OK_-e1615831292285.png","contentUrl":"https:\/\/www.guerini.it\/wp-content\/uploads\/2021\/03\/Logo-Guerini-OK_-e1615831292285.png","width":2805,"height":1870,"caption":"Guerini e Associati"},"image":{"@id":"https:\/\/www.guerini.it\/#\/schema\/logo\/image\/"}}]}},"_links":{"self":[{"href":"https:\/\/www.guerini.it\/index.php\/wp-json\/wp\/v2\/product\/25743","targetHints":{"allow":["GET"]}}],"collection":[{"href":"https:\/\/www.guerini.it\/index.php\/wp-json\/wp\/v2\/product"}],"about":[{"href":"https:\/\/www.guerini.it\/index.php\/wp-json\/wp\/v2\/types\/product"}],"wp:featuredmedia":[{"embeddable":true,"href":"https:\/\/www.guerini.it\/index.php\/wp-json\/wp\/v2\/media\/25744"}],"wp:attachment":[{"href":"https:\/\/www.guerini.it\/index.php\/wp-json\/wp\/v2\/media?parent=25743"}],"wp:term":[{"taxonomy":"product_brand","embeddable":true,"href":"https:\/\/www.guerini.it\/index.php\/wp-json\/wp\/v2\/product_brand?post=25743"},{"taxonomy":"product_cat","embeddable":true,"href":"https:\/\/www.guerini.it\/index.php\/wp-json\/wp\/v2\/product_cat?post=25743"},{"taxonomy":"product_tag","embeddable":true,"href":"https:\/\/www.guerini.it\/index.php\/wp-json\/wp\/v2\/product_tag?post=25743"}],"curies":[{"name":"wp","href":"https:\/\/api.w.org\/{rel}","templated":true}]}}

<p style="text-align: justify;">Il tema dei battesimi forzati di bambini, noto al grande pubblico in specie per il caso storico del piccolo Edgardo Mortara rapito per motivi religiosi e mai più restituito alla famiglia ebraica nella Bologna del 1858 e per il film <em>Rapito</em> (2023) di Marco Bellocchio, è al centro di questo volume. Anche dopo il clamore internazionale suscitato dal caso e dopo la fine del potere temporale della Chiesa cattolica, il dibattito sulla liceità o meno dei battesimi forzati non si è mai fermato a livello teologico e giuridico, così come l’indagine storica volta a valutare la ricaduta della pratica. Tale pratica, che ha origini antiche, non può dirsi terminata, dal momento che il Codice di diritto canonico contempla a tutt’oggi la possibilità di battezzare contro la volontà genitoriale. Partendo da una prospettiva storica che tocca in particolare l’età moderna e il periodo della Shoah giungendo ai giorni nostri, il libro propone un’ampia disamina di tale tematica, che intercetta differenti piani quali quello storico, teologico, giuridico, psicologico, offrendo al lettore un percorso esaustivo che si conclude con un accorato appello al Pontefice: è ancora accettabile, oggi, che il Codice di diritto canonico consenta il battesimo dei più piccoli contro la volontà delle famiglie, persino non cattoliche? Non si dovrebbe procedere alla cancellazione definitiva dell’articolo del Codice di diritto canonico che ancora permette tale pratica?</p>
<hr />
<p style="text-align: justify;"><strong>Elisa Bianchi</strong>, già docente di Geografia della popolazione presso il Dipartimento di Geografia e Scienze Umane dell’Ambiente dell’Università degli Studi di Milano, è Presidente dell’Associazione Italiana Amici dell’Università di Gerusalemme, che dal 1977 promuove cultura e formazione senza frontiere. Per le nostre edizioni ha pubblicato <em>Etnia e cultura in Israele. Gli ebrei etiopi tra assimilazione e integrazione</em> (1997); <em>Un finto rabbino, una subdola guida, un diario che riappare. Viaggio in Yemen di Joseph Halévy</em> (2003). Ha inoltre curato, con Paola Vita Finzi, <em>Donne ebree protagoniste. Tra il XIX e il XX secolo</em> (2023).</p>
<p style="text-align: justify;"><strong>Elèna Mortara</strong>, critica letteraria, docente di Letteratura Anglo-americana presso l’Università degli Studi di Roma «Tor Vergata», attualmente nel Dottorato di Letterature, Lingue e Culture straniere moderne di questa Università, è autrice di studi su Philip Roth, Isaac B. Singer e gli altri protagonisti del filone letterario ebraico-americano e, più in generale, su dinamiche interculturali e interreligiose in contesti transnazionali. Da tempo è impegnata nel dibattito sulla liceità dei battesimi forzati. Tra le sue pubblicazioni, oltre a curatele per i Meridiani Mondadori e la Utet: <em>Letteratura ebraico-americana dalle origini alla Shoà</em> (2006) e <em>Writing for Justice: Victor Séjour, the Kidnapping of Edgardo Mortara, and the Age of Transatlantic Emancipations</em> (2015), vincitore del premio europeo, American Studies Network Book Prize 2016. È membro del Consiglio Direttivo della Associazione Italiana Amici dell’Università di Gerusalemme.</p>

<p>Il tema dei battesimi forzati di bambini, noto al grande pubblico in specie per il caso storico del piccolo Edgardo Mortara rapito per motivi religiosi e mai più restituito alla [&hellip;]</p>

<!-- This site is optimized with the Yoast SEO plugin v25.4 - https://yoast.com/wordpress/plugins/seo/ -->
<title>Bambini rapiti, bambini contesi, a cura di E. Bianchi, E. Mortara | Guerini Editore</title>
<meta name="description" content="Al centro del volume il dibattito sulla liceità o meno dei battesimi forzati, che non si è mai fermato a livello teologico e giuridico." />
<meta name="robots" content="index, follow, max-snippet:-1, max-image-preview:large, max-video-preview:-1" />
<link rel="canonical" href="https://www.guerini.it/index.php/prodotto/bambini-rapiti-bambini-contesi/" />
<meta property="og:locale" content="it_IT" />
<meta property="og:type" content="article" />
<meta property="og:title" content="Bambini rapiti, bambini contesi, a cura di E. Bianchi, E. Mortara | Guerini Editore" />
<meta property="og:description" content="Al centro del volume il dibattito sulla liceità o meno dei battesimi forzati, che non si è mai fermato a livello teologico e giuridico." />
<meta property="og:url" content="https://www.guerini.it/index.php/prodotto/bambini-rapiti-bambini-contesi/" />
<meta property="og:site_name" content="Guerini e Associati" />
<meta property="article:modified_time" content="2025-12-19T11:11:39+00:00" />
<meta property="og:image" content="https://www.guerini.it/wp-content/uploads/2025/08/9788862509602_Bambini-rapiti-bambini-contesi.webp" />
	<meta property="og:image:width" content="667" />
	<meta property="og:image:height" content="1000" />
	<meta property="og:image:type" content="image/webp" />
<meta name="twitter:card" content="summary_large_image" />
<meta name="twitter:label1" content="Tempo di lettura stimato" />
	<meta name="twitter:data1" content="3 minuti" />
<!-- / Yoast SEO plugin. -->

Al centro del volume il dibattito sulla liceità o meno dei battesimi forzati, che non si è mai fermato a livello teologico e giuridico.

30 anni di libri, idee e libertà
