{"id":25835,"date":"2025-10-10T11:31:04","date_gmt":"2025-10-10T09:31:04","guid":{"rendered":"https:\/\/www.guerini.it\/?post_type=product&#038;p=25835"},"modified":"2026-02-24T18:21:09","modified_gmt":"2026-02-24T17:21:09","slug":"ursula-gates","status":"publish","type":"product","link":"https:\/\/www.guerini.it\/index.php\/prodotto\/ursula-gates\/","title":{"rendered":"Ursula Gates"},"content":{"rendered":"<p style=\"text-align: justify;\">5 aprile 2023. A Liegi viene depositata una denuncia penale senza precedenti: nel mirino c\u2019\u00e8 la presidente della Commissione europea Ursula von der Leyen. Corruzione, abuso di potere, distruzione di documenti: accuse legate alla trattativa segreta, condotta via sms, con l\u2019amministratore delegato di Pfizer, Albert Bourla. Sul piatto, contratti miliardari e il diritto dei cittadini europei alla trasparenza.<br \/>\nDa qui prende avvio l\u2019\u00abSMSgate\u00bb, un caso che ha scosso le istituzioni europee e messo a nudo i meccanismi opachi nella gestione della crisi Covid. In questo libro, Fr\u00e9d\u00e9ric Baldan racconta la sua vicenda in prima persona e porta alla luce ci\u00f2 che rimane nascosto: partendo dalla vera storia della von der Leyen, svela le lobby che plasmano le decisioni politiche e i conflitti di interesse che minano la fiducia democratica, smaschera una giustizia (europea) succube del potere politico.<br \/>\nL\u2019inchiesta, documentata e coraggiosa, evidenzia il male oscuro che offusca la credibilit\u00e0 dell\u2019Unione Europea. Chi ha guidato davvero la gestione della pandemia? Quali interessi prevalgono sui diritti fondamentali dei cittadini? E come possiamo recuperare il controllo delle nostre vite?<\/p>\n<p style=\"text-align: center;\"><em>Non un pamphlet, n\u00e9 semplicemente l\u2019ennesimo saggio di denuncia ma molto di pi\u00f9: una testimonianza di straordinario coraggio e decisamente rara. Il lobbista Baldan, ispirato dal suo risveglio, denuncia innanzitutto il lato oscuro del mondo con cui ha convissuto per molti anni, quello delle lobby pi\u00f9 potenti e che si dipana fra istituzioni nazionali e soprattutto internazionali. E lo fa con una precisione straordinaria, documentando tutte le sue affermazioni e le sue deduzioni.<\/em><br \/>\n<strong>Marcello Foa<\/strong><\/p>\n<hr \/>\n<p style=\"text-align: justify;\"><strong>FR\u00c9D\u00c9RIC BALDAN<\/strong> \u00e8 un ex lobbista europeo, primo attore nel procedimento penale contro Ursula von der Leyen, attivista per i diritti fondamentali e autore. Il caso legale da lui avviato \u00e8 stato riportato da pi\u00f9 di 150 media in pi\u00f9 di 30 paesi. La sua azione \u00e8 riconosciuta come storica e senza precedenti nell\u2019UE.<\/p>\n","protected":false},"excerpt":{"rendered":"<p>5 aprile 2023. A Liegi viene depositata una denuncia penale senza precedenti: nel mirino c\u2019\u00e8 la presidente della Commissione europea Ursula von der Leyen. Corruzione, abuso di potere, distruzione di [&hellip;]<\/p>\n","protected":false},"featured_media":25836,"template":"","meta":{"_editorskit_title_hidden":false,"_editorskit_reading_time":0,"_editorskit_is_block_options_detached":false,"_editorskit_block_options_position":"{}","_monsterinsights_skip_tracking":false,"_monsterinsights_sitenote_active":false,"_monsterinsights_sitenote_note":"","_monsterinsights_sitenote_category":0},"product_brand":[],"product_cat":[6806,12325,6728],"product_tag":[8475,13015,7643,13016,13017],"class_list":{"0":"post-25835","1":"product","2":"type-product","3":"status-publish","4":"has-post-thumbnail","6":"product_cat-senza-categoria","7":"product_cat-scintille","8":"product_cat-ultime_novita","9":"product_tag-attualita","10":"product_tag-corruzione","11":"product_tag-politica","12":"product_tag-unione-europea","13":"product_tag-ursula-von-der-leyen","14":"pa_guerini_amazon_link-https-www-amazon-it-dp-b0fwptp3v5","15":"pa_guerini_feltrinelli_link-https-www-lafeltrinelli-it-ursula-gates-von-der-leyen-libro-frederic-baldan-e-9788862509671","16":"pa_guerini_ibs_link-https-www-ibs-it-ursula-gates-von-der-leyen-libro-frederic-baldan-e-9788862509671","17":"pa_guerini_libruniver_link-https-www-libreriauniversitaria-it-ursula-gates-von-der-leyen-libro-9788862509671","18":"pa_guerini_mondadori_link-https-www-mondadoristore-it-ursula-gates-la-von-der-leyen-e-il-potere-delle-lobby-a-bruxelles-libro-frederic-baldan-p-9788862509671","20":"first","21":"instock","22":"sale","23":"shipping-taxable","24":"purchasable","25":"product-type-simple"},"yoast_head":"<!-- This site is optimized with the Yoast SEO plugin v25.4 - https:\/\/yoast.com\/wordpress\/plugins\/seo\/ -->\n<title>Fr\u00e9d\u00e9ric Baldan, Ursula Gates - Guerini e Associati<\/title>\n<meta name=\"description\" content=\"Un\u2019inchiesta che rivela opacit\u00e0, corruzione e conflitti di interesse che minano trasparenza e fiducia nelle istituzioni europee.\" \/>\n<meta name=\"robots\" content=\"index, follow, max-snippet:-1, max-image-preview:large, max-video-preview:-1\" \/>\n<link rel=\"canonical\" href=\"https:\/\/www.guerini.it\/index.php\/prodotto\/ursula-gates\/\" \/>\n<meta property=\"og:locale\" content=\"it_IT\" \/>\n<meta property=\"og:type\" content=\"article\" \/>\n<meta property=\"og:title\" content=\"Fr\u00e9d\u00e9ric Baldan, Ursula Gates - Guerini e Associati\" \/>\n<meta property=\"og:description\" content=\"Un\u2019inchiesta che rivela opacit\u00e0, corruzione e conflitti di interesse che minano trasparenza e fiducia nelle istituzioni europee.\" \/>\n<meta property=\"og:url\" content=\"https:\/\/www.guerini.it\/index.php\/prodotto\/ursula-gates\/\" \/>\n<meta property=\"og:site_name\" content=\"Guerini e Associati\" \/>\n<meta property=\"article:modified_time\" content=\"2026-02-24T17:21:09+00:00\" \/>\n<meta property=\"og:image\" content=\"https:\/\/www.guerini.it\/wp-content\/uploads\/2025\/10\/9788862509671.webp\" \/>\n\t<meta property=\"og:image:width\" content=\"667\" \/>\n\t<meta property=\"og:image:height\" content=\"1000\" \/>\n\t<meta property=\"og:image:type\" content=\"image\/webp\" \/>\n<meta name=\"twitter:card\" content=\"summary_large_image\" \/>\n<meta name=\"twitter:label1\" content=\"Tempo di lettura stimato\" \/>\n\t<meta name=\"twitter:data1\" content=\"2 minuti\" \/>\n<!-- \/ Yoast SEO plugin. -->","yoast_head_json":{"title":"Fr\u00e9d\u00e9ric Baldan, Ursula Gates - Guerini e Associati","description":"Un\u2019inchiesta che rivela opacit\u00e0, corruzione e conflitti di interesse che minano trasparenza e fiducia nelle istituzioni europee.","robots":{"index":"index","follow":"follow","max-snippet":"max-snippet:-1","max-image-preview":"max-image-preview:large","max-video-preview":"max-video-preview:-1"},"canonical":"https:\/\/www.guerini.it\/index.php\/prodotto\/ursula-gates\/","og_locale":"it_IT","og_type":"article","og_title":"Fr\u00e9d\u00e9ric Baldan, Ursula Gates - Guerini e Associati","og_description":"Un\u2019inchiesta che rivela opacit\u00e0, corruzione e conflitti di interesse che minano trasparenza e fiducia nelle istituzioni europee.","og_url":"https:\/\/www.guerini.it\/index.php\/prodotto\/ursula-gates\/","og_site_name":"Guerini e Associati","article_modified_time":"2026-02-24T17:21:09+00:00","og_image":[{"width":667,"height":1000,"url":"https:\/\/www.guerini.it\/wp-content\/uploads\/2025\/10\/9788862509671.webp","type":"image\/webp"}],"twitter_card":"summary_large_image","twitter_misc":{"Tempo di lettura stimato":"2 minuti"},"schema":{"@context":"https:\/\/schema.org","@graph":[{"@type":"WebPage","@id":"https:\/\/www.guerini.it\/index.php\/prodotto\/ursula-gates\/","url":"https:\/\/www.guerini.it\/index.php\/prodotto\/ursula-gates\/","name":"Fr\u00e9d\u00e9ric Baldan, Ursula Gates - Guerini e Associati","isPartOf":{"@id":"https:\/\/www.guerini.it\/#website"},"primaryImageOfPage":{"@id":"https:\/\/www.guerini.it\/index.php\/prodotto\/ursula-gates\/#primaryimage"},"image":{"@id":"https:\/\/www.guerini.it\/index.php\/prodotto\/ursula-gates\/#primaryimage"},"thumbnailUrl":"https:\/\/www.guerini.it\/wp-content\/uploads\/2025\/10\/9788862509671.webp","datePublished":"2025-10-10T09:31:04+00:00","dateModified":"2026-02-24T17:21:09+00:00","description":"Un\u2019inchiesta che rivela opacit\u00e0, corruzione e conflitti di interesse che minano trasparenza e fiducia nelle istituzioni europee.","breadcrumb":{"@id":"https:\/\/www.guerini.it\/index.php\/prodotto\/ursula-gates\/#breadcrumb"},"inLanguage":"it-IT","potentialAction":[{"@type":"ReadAction","target":["https:\/\/www.guerini.it\/index.php\/prodotto\/ursula-gates\/"]}]},{"@type":"ImageObject","inLanguage":"it-IT","@id":"https:\/\/www.guerini.it\/index.php\/prodotto\/ursula-gates\/#primaryimage","url":"https:\/\/www.guerini.it\/wp-content\/uploads\/2025\/10\/9788862509671.webp","contentUrl":"https:\/\/www.guerini.it\/wp-content\/uploads\/2025\/10\/9788862509671.webp","width":667,"height":1000,"caption":"Front cover di Fr\u00e9d\u00e9ric Baldan, Ursula Gates, Guerini e Associati, 2025"},{"@type":"BreadcrumbList","@id":"https:\/\/www.guerini.it\/index.php\/prodotto\/ursula-gates\/#breadcrumb","itemListElement":[{"@type":"ListItem","position":1,"name":"Home","item":"https:\/\/www.guerini.it\/"},{"@type":"ListItem","position":2,"name":"Catalogo","item":"https:\/\/www.guerini.it\/index.php\/negozio\/"},{"@type":"ListItem","position":3,"name":"Ursula Gates"}]},{"@type":"WebSite","@id":"https:\/\/www.guerini.it\/#website","url":"https:\/\/www.guerini.it\/","name":"Guerini e Associati","description":"30 anni di libri, idee e libert\u00e0","publisher":{"@id":"https:\/\/www.guerini.it\/#organization"},"potentialAction":[{"@type":"SearchAction","target":{"@type":"EntryPoint","urlTemplate":"https:\/\/www.guerini.it\/?s={search_term_string}"},"query-input":{"@type":"PropertyValueSpecification","valueRequired":true,"valueName":"search_term_string"}}],"inLanguage":"it-IT"},{"@type":"Organization","@id":"https:\/\/www.guerini.it\/#organization","name":"Guerini e Associati","url":"https:\/\/www.guerini.it\/","logo":{"@type":"ImageObject","inLanguage":"it-IT","@id":"https:\/\/www.guerini.it\/#\/schema\/logo\/image\/","url":"https:\/\/www.guerini.it\/wp-content\/uploads\/2021\/03\/Logo-Guerini-OK_-e1615831292285.png","contentUrl":"https:\/\/www.guerini.it\/wp-content\/uploads\/2021\/03\/Logo-Guerini-OK_-e1615831292285.png","width":2805,"height":1870,"caption":"Guerini e Associati"},"image":{"@id":"https:\/\/www.guerini.it\/#\/schema\/logo\/image\/"}}]}},"_links":{"self":[{"href":"https:\/\/www.guerini.it\/index.php\/wp-json\/wp\/v2\/product\/25835","targetHints":{"allow":["GET"]}}],"collection":[{"href":"https:\/\/www.guerini.it\/index.php\/wp-json\/wp\/v2\/product"}],"about":[{"href":"https:\/\/www.guerini.it\/index.php\/wp-json\/wp\/v2\/types\/product"}],"wp:featuredmedia":[{"embeddable":true,"href":"https:\/\/www.guerini.it\/index.php\/wp-json\/wp\/v2\/media\/25836"}],"wp:attachment":[{"href":"https:\/\/www.guerini.it\/index.php\/wp-json\/wp\/v2\/media?parent=25835"}],"wp:term":[{"taxonomy":"product_brand","embeddable":true,"href":"https:\/\/www.guerini.it\/index.php\/wp-json\/wp\/v2\/product_brand?post=25835"},{"taxonomy":"product_cat","embeddable":true,"href":"https:\/\/www.guerini.it\/index.php\/wp-json\/wp\/v2\/product_cat?post=25835"},{"taxonomy":"product_tag","embeddable":true,"href":"https:\/\/www.guerini.it\/index.php\/wp-json\/wp\/v2\/product_tag?post=25835"}],"curies":[{"name":"wp","href":"https:\/\/api.w.org\/{rel}","templated":true}]}}

<p style="text-align: justify;">5 aprile 2023. A Liegi viene depositata una denuncia penale senza precedenti: nel mirino c’è la presidente della Commissione europea Ursula von der Leyen. Corruzione, abuso di potere, distruzione di documenti: accuse legate alla trattativa segreta, condotta via sms, con l’amministratore delegato di Pfizer, Albert Bourla. Sul piatto, contratti miliardari e il diritto dei cittadini europei alla trasparenza.<br />
Da qui prende avvio l’«SMSgate», un caso che ha scosso le istituzioni europee e messo a nudo i meccanismi opachi nella gestione della crisi Covid. In questo libro, Frédéric Baldan racconta la sua vicenda in prima persona e porta alla luce ciò che rimane nascosto: partendo dalla vera storia della von der Leyen, svela le lobby che plasmano le decisioni politiche e i conflitti di interesse che minano la fiducia democratica, smaschera una giustizia (europea) succube del potere politico.<br />
L’inchiesta, documentata e coraggiosa, evidenzia il male oscuro che offusca la credibilità dell’Unione Europea. Chi ha guidato davvero la gestione della pandemia? Quali interessi prevalgono sui diritti fondamentali dei cittadini? E come possiamo recuperare il controllo delle nostre vite?</p>
<p style="text-align: center;"><em>Non un pamphlet, né semplicemente l’ennesimo saggio di denuncia ma molto di più: una testimonianza di straordinario coraggio e decisamente rara. Il lobbista Baldan, ispirato dal suo risveglio, denuncia innanzitutto il lato oscuro del mondo con cui ha convissuto per molti anni, quello delle lobby più potenti e che si dipana fra istituzioni nazionali e soprattutto internazionali. E lo fa con una precisione straordinaria, documentando tutte le sue affermazioni e le sue deduzioni.</em><br />
<strong>Marcello Foa</strong></p>
<hr />
<p style="text-align: justify;"><strong>FRÉDÉRIC BALDAN</strong> è un ex lobbista europeo, primo attore nel procedimento penale contro Ursula von der Leyen, attivista per i diritti fondamentali e autore. Il caso legale da lui avviato è stato riportato da più di 150 media in più di 30 paesi. La sua azione è riconosciuta come storica e senza precedenti nell’UE.</p>

<p>5 aprile 2023. A Liegi viene depositata una denuncia penale senza precedenti: nel mirino c’è la presidente della Commissione europea Ursula von der Leyen. Corruzione, abuso di potere, distruzione di [&hellip;]</p>

<!-- This site is optimized with the Yoast SEO plugin v25.4 - https://yoast.com/wordpress/plugins/seo/ -->
<title>Frédéric Baldan, Ursula Gates - Guerini e Associati</title>
<meta name="description" content="Un’inchiesta che rivela opacità, corruzione e conflitti di interesse che minano trasparenza e fiducia nelle istituzioni europee." />
<meta name="robots" content="index, follow, max-snippet:-1, max-image-preview:large, max-video-preview:-1" />
<link rel="canonical" href="https://www.guerini.it/index.php/prodotto/ursula-gates/" />
<meta property="og:locale" content="it_IT" />
<meta property="og:type" content="article" />
<meta property="og:title" content="Frédéric Baldan, Ursula Gates - Guerini e Associati" />
<meta property="og:description" content="Un’inchiesta che rivela opacità, corruzione e conflitti di interesse che minano trasparenza e fiducia nelle istituzioni europee." />
<meta property="og:url" content="https://www.guerini.it/index.php/prodotto/ursula-gates/" />
<meta property="og:site_name" content="Guerini e Associati" />
<meta property="article:modified_time" content="2026-02-24T17:21:09+00:00" />
<meta property="og:image" content="https://www.guerini.it/wp-content/uploads/2025/10/9788862509671.webp" />
	<meta property="og:image:width" content="667" />
	<meta property="og:image:height" content="1000" />
	<meta property="og:image:type" content="image/webp" />
<meta name="twitter:card" content="summary_large_image" />
<meta name="twitter:label1" content="Tempo di lettura stimato" />
	<meta name="twitter:data1" content="2 minuti" />
<!-- / Yoast SEO plugin. -->

Frédéric Baldan, Ursula Gates - Guerini e Associati

Un’inchiesta che rivela opacità, corruzione e conflitti di interesse che minano trasparenza e fiducia nelle istituzioni europee.

Front cover di Frédéric Baldan, Ursula Gates, Guerini e Associati, 2025

30 anni di libri, idee e libertà
