{"id":25848,"date":"2025-10-15T12:13:27","date_gmt":"2025-10-15T10:13:27","guid":{"rendered":"https:\/\/www.guerini.it\/?post_type=product&#038;p=25848"},"modified":"2025-11-07T14:47:36","modified_gmt":"2025-11-07T13:47:36","slug":"sociologia-dellia","status":"publish","type":"product","link":"https:\/\/www.guerini.it\/index.php\/prodotto\/sociologia-dellia\/","title":{"rendered":"Sociologia dell\u2019IA"},"content":{"rendered":"<p style=\"text-align: justify;\">La tecnologia accompagna da sempre il cammino dell\u2019umanit\u00e0: ogni sua innovazione, pur portando benefici straordinari, ha sollevato nuove sfide etiche e sociali, ridefinendo in profondit\u00e0 l\u2019economia, la politica e la cultura. Essa \u00e8 un prodotto dell\u2019attivit\u00e0 umana che si manifesta in tutto il suo \u00abterribile splendore\u00bb, come forza ambivalente capace di trasformare radicalmente il mondo. \u00c8 da questo presupposto che muove il nuovo volume di Mauro Ferraresi, scritto in collaborazione con Massimiliano Raffa. Il libro propone una lettura sociologica delle trasformazioni introdotte dalle tecnologie emergenti e soprattutto dall\u2019Intelligenza Artificiale, protagonista indiscussa della contemporaneit\u00e0. Il cuore della riflessione \u00e8 dedicato proprio alle sorprendenti capacit\u00e0 dell\u2019IA di generare significato, creativit\u00e0 e forse persino coscienza; e alle questioni etiche e di governance che inevitabilmente pone. Tra queste, spicca il delicato equilibrio, oggi pi\u00f9 che mai centrale, tra democrazia e sorveglianza, tra libert\u00e0 individuale e controllo sistemico.<\/p>\n<hr \/>\n<p style=\"text-align: justify;\"><strong>Mauro Ferraresi <\/strong>\u00e8 professore associato di Comunicazione all\u2019Universit\u00e0 IULM di Milano, dove ha diretto il corso di laurea in Moda e Industrie creative ed \u00e8 attualmente responsabile della Terza Missione per il suo Dipartimento. I suoi interessi di ricerca riguardano l\u2019analisi dei processi di comunicazione, con particolare attenzione alla funzione sociale delle nuove tecnologie e alle tra\u00adsformazioni identitarie generate dall\u2019avvento del digitale. In questo ambito ha condotto ricerche, sia di base sia applicate, a livello nazionale e internaziona\u00adle, sui temi delle differenze culturali, della pubblicit\u00e0 e dei brand, dei processi di consumo e della condizione giovanile. Per le nostre edizioni ha pubblicato <a href=\"https:\/\/www.guerini.it\/index.php\/prodotto\/bello-buono-e-ben-fatto\/\"><em>Bello, buono e ben fatto<\/em><\/a> (2014) e <a href=\"https:\/\/www.guerini.it\/index.php\/prodotto\/le-nuove-leve-del-consumo\/\"><em>Le nuove leve del consumo<\/em><\/a> (2016). \u00c8 direttore della collana <a href=\"https:\/\/www.guerini.it\/index.php\/categoria-prodotto\/default-category\/economia-e-management\/societa-comunicazione-impresa\/\"><em>Societ\u00e0, comunicazione e impresa<\/em><\/a>.<br \/>\n<strong>Massimiliano Raffa <\/strong>\u00e8 research fellow presso l\u2019Universit\u00e0 dell\u2019Insubria. Si oc\u00adcupa principalmente di forme simboliche, teoria sociale e produzione cultura\u00adle. I suoi lavori sono stati presentati in occasione di convegni tenutisi presso numerose universit\u00e0, tra cui l\u2019Universit\u00e0 di Oxford, il King\u2019s College di Londra e la Sorbonne Nouvelle di Parigi. Ha svolto attivit\u00e0 didattica presso istituzioni italiane (IULM, UniSalento, Roma Tre, SAE) e periodi di ricerca alle universit\u00e0 di Liverpool e di Utrecht. \u00c8 autore di una monografia sulla relazione tra musica e media algoritmici.<\/p>\n","protected":false},"excerpt":{"rendered":"<p>La tecnologia accompagna da sempre il cammino dell\u2019umanit\u00e0: ogni sua innovazione, pur portando benefici straordinari, ha sollevato nuove sfide etiche e sociali, ridefinendo in profondit\u00e0 l\u2019economia, la politica e la [&hellip;]<\/p>\n","protected":false},"featured_media":25849,"template":"","meta":{"_editorskit_title_hidden":false,"_editorskit_reading_time":0,"_editorskit_is_block_options_detached":false,"_editorskit_block_options_position":"{}","_monsterinsights_skip_tracking":false,"_monsterinsights_sitenote_active":false,"_monsterinsights_sitenote_note":"","_monsterinsights_sitenote_category":0},"product_brand":[],"product_cat":[6805,6709],"product_tag":[7206,7501,6816,6750],"class_list":{"0":"post-25848","1":"product","2":"type-product","3":"status-publish","4":"has-post-thumbnail","6":"product_cat-guerini-next","7":"product_cat-societa-comunicazione-impresa","8":"product_tag-etica","9":"product_tag-intelligenza-artificiale","10":"product_tag-societa","11":"product_tag-tecnologia","12":"pa_guerini_amazon_link-https-www-amazon-it-sociologia-dellia-creativit-coscienza-potere-dp-8868966271","13":"pa_guerini_feltrinelli_link-https-www-lafeltrinelli-it-sociologia-dell-ia-creativita-coscienza-libro-mauro-ferraresi-massimiliano-raffa-e-9788868966270","14":"pa_guerini_ibs_link-https-www-ibs-it-sociologia-dell-ia-creativita-coscienza-libro-mauro-ferraresi-massimiliano-raffa-e-9788868966270","15":"pa_guerini_libruniver_link-https-www-libreriauniversitaria-it-sociologia-ia-creativita-coscienza-potere-libro-9788868966270","16":"pa_guerini_mondadori_link-https-www-mondadoristore-it-sociologia-dell-ia-creativita-coscienza-potere-p-9788868966270","18":"first","19":"instock","20":"sale","21":"shipping-taxable","22":"purchasable","23":"product-type-simple"},"yoast_head":"<!-- This site is optimized with the Yoast SEO plugin v25.4 - https:\/\/yoast.com\/wordpress\/plugins\/seo\/ -->\n<title>Sociologia dell\u2019IA - Guerini e Associati<\/title>\n<meta name=\"description\" content=\"Una lettura sociologica delle trasformazioni introdotte dalle tecnologie emergenti e soprattutto dall\u2019Intelligenza Artificiale.\" \/>\n<meta name=\"robots\" content=\"index, follow, max-snippet:-1, max-image-preview:large, max-video-preview:-1\" \/>\n<link rel=\"canonical\" href=\"https:\/\/www.guerini.it\/index.php\/prodotto\/sociologia-dellia\/\" \/>\n<meta property=\"og:locale\" content=\"it_IT\" \/>\n<meta property=\"og:type\" content=\"article\" \/>\n<meta property=\"og:title\" content=\"Sociologia dell\u2019IA - Guerini e Associati\" \/>\n<meta property=\"og:description\" content=\"Una lettura sociologica delle trasformazioni introdotte dalle tecnologie emergenti e soprattutto dall\u2019Intelligenza Artificiale.\" \/>\n<meta property=\"og:url\" content=\"https:\/\/www.guerini.it\/index.php\/prodotto\/sociologia-dellia\/\" \/>\n<meta property=\"og:site_name\" content=\"Guerini e Associati\" \/>\n<meta property=\"article:modified_time\" content=\"2025-11-07T13:47:36+00:00\" \/>\n<meta property=\"og:image\" content=\"https:\/\/www.guerini.it\/wp-content\/uploads\/2025\/10\/9788868966270.webp\" \/>\n\t<meta property=\"og:image:width\" content=\"667\" \/>\n\t<meta property=\"og:image:height\" content=\"1000\" \/>\n\t<meta property=\"og:image:type\" content=\"image\/webp\" \/>\n<meta name=\"twitter:card\" content=\"summary_large_image\" \/>\n<meta name=\"twitter:label1\" content=\"Tempo di lettura stimato\" \/>\n\t<meta name=\"twitter:data1\" content=\"3 minuti\" \/>\n<!-- \/ Yoast SEO plugin. -->","yoast_head_json":{"title":"Sociologia dell\u2019IA - Guerini e Associati","description":"Una lettura sociologica delle trasformazioni introdotte dalle tecnologie emergenti e soprattutto dall\u2019Intelligenza Artificiale.","robots":{"index":"index","follow":"follow","max-snippet":"max-snippet:-1","max-image-preview":"max-image-preview:large","max-video-preview":"max-video-preview:-1"},"canonical":"https:\/\/www.guerini.it\/index.php\/prodotto\/sociologia-dellia\/","og_locale":"it_IT","og_type":"article","og_title":"Sociologia dell\u2019IA - Guerini e Associati","og_description":"Una lettura sociologica delle trasformazioni introdotte dalle tecnologie emergenti e soprattutto dall\u2019Intelligenza Artificiale.","og_url":"https:\/\/www.guerini.it\/index.php\/prodotto\/sociologia-dellia\/","og_site_name":"Guerini e Associati","article_modified_time":"2025-11-07T13:47:36+00:00","og_image":[{"width":667,"height":1000,"url":"https:\/\/www.guerini.it\/wp-content\/uploads\/2025\/10\/9788868966270.webp","type":"image\/webp"}],"twitter_card":"summary_large_image","twitter_misc":{"Tempo di lettura stimato":"3 minuti"},"schema":{"@context":"https:\/\/schema.org","@graph":[{"@type":"WebPage","@id":"https:\/\/www.guerini.it\/index.php\/prodotto\/sociologia-dellia\/","url":"https:\/\/www.guerini.it\/index.php\/prodotto\/sociologia-dellia\/","name":"Sociologia dell\u2019IA - Guerini e Associati","isPartOf":{"@id":"https:\/\/www.guerini.it\/#website"},"primaryImageOfPage":{"@id":"https:\/\/www.guerini.it\/index.php\/prodotto\/sociologia-dellia\/#primaryimage"},"image":{"@id":"https:\/\/www.guerini.it\/index.php\/prodotto\/sociologia-dellia\/#primaryimage"},"thumbnailUrl":"https:\/\/www.guerini.it\/wp-content\/uploads\/2025\/10\/9788868966270.webp","datePublished":"2025-10-15T10:13:27+00:00","dateModified":"2025-11-07T13:47:36+00:00","description":"Una lettura sociologica delle trasformazioni introdotte dalle tecnologie emergenti e soprattutto dall\u2019Intelligenza Artificiale.","breadcrumb":{"@id":"https:\/\/www.guerini.it\/index.php\/prodotto\/sociologia-dellia\/#breadcrumb"},"inLanguage":"it-IT","potentialAction":[{"@type":"ReadAction","target":["https:\/\/www.guerini.it\/index.php\/prodotto\/sociologia-dellia\/"]}]},{"@type":"ImageObject","inLanguage":"it-IT","@id":"https:\/\/www.guerini.it\/index.php\/prodotto\/sociologia-dellia\/#primaryimage","url":"https:\/\/www.guerini.it\/wp-content\/uploads\/2025\/10\/9788868966270.webp","contentUrl":"https:\/\/www.guerini.it\/wp-content\/uploads\/2025\/10\/9788868966270.webp","width":667,"height":1000,"caption":"Front cover di M. Ferraresi, M. Raffa, Sociologia dell\u2019IA, Guerini Next, 2025"},{"@type":"BreadcrumbList","@id":"https:\/\/www.guerini.it\/index.php\/prodotto\/sociologia-dellia\/#breadcrumb","itemListElement":[{"@type":"ListItem","position":1,"name":"Home","item":"https:\/\/www.guerini.it\/"},{"@type":"ListItem","position":2,"name":"Catalogo","item":"https:\/\/www.guerini.it\/index.php\/negozio\/"},{"@type":"ListItem","position":3,"name":"Sociologia dell\u2019IA"}]},{"@type":"WebSite","@id":"https:\/\/www.guerini.it\/#website","url":"https:\/\/www.guerini.it\/","name":"Guerini e Associati","description":"30 anni di libri, idee e libert\u00e0","publisher":{"@id":"https:\/\/www.guerini.it\/#organization"},"potentialAction":[{"@type":"SearchAction","target":{"@type":"EntryPoint","urlTemplate":"https:\/\/www.guerini.it\/?s={search_term_string}"},"query-input":{"@type":"PropertyValueSpecification","valueRequired":true,"valueName":"search_term_string"}}],"inLanguage":"it-IT"},{"@type":"Organization","@id":"https:\/\/www.guerini.it\/#organization","name":"Guerini e Associati","url":"https:\/\/www.guerini.it\/","logo":{"@type":"ImageObject","inLanguage":"it-IT","@id":"https:\/\/www.guerini.it\/#\/schema\/logo\/image\/","url":"https:\/\/www.guerini.it\/wp-content\/uploads\/2021\/03\/Logo-Guerini-OK_-e1615831292285.png","contentUrl":"https:\/\/www.guerini.it\/wp-content\/uploads\/2021\/03\/Logo-Guerini-OK_-e1615831292285.png","width":2805,"height":1870,"caption":"Guerini e Associati"},"image":{"@id":"https:\/\/www.guerini.it\/#\/schema\/logo\/image\/"}}]}},"_links":{"self":[{"href":"https:\/\/www.guerini.it\/index.php\/wp-json\/wp\/v2\/product\/25848","targetHints":{"allow":["GET"]}}],"collection":[{"href":"https:\/\/www.guerini.it\/index.php\/wp-json\/wp\/v2\/product"}],"about":[{"href":"https:\/\/www.guerini.it\/index.php\/wp-json\/wp\/v2\/types\/product"}],"wp:featuredmedia":[{"embeddable":true,"href":"https:\/\/www.guerini.it\/index.php\/wp-json\/wp\/v2\/media\/25849"}],"wp:attachment":[{"href":"https:\/\/www.guerini.it\/index.php\/wp-json\/wp\/v2\/media?parent=25848"}],"wp:term":[{"taxonomy":"product_brand","embeddable":true,"href":"https:\/\/www.guerini.it\/index.php\/wp-json\/wp\/v2\/product_brand?post=25848"},{"taxonomy":"product_cat","embeddable":true,"href":"https:\/\/www.guerini.it\/index.php\/wp-json\/wp\/v2\/product_cat?post=25848"},{"taxonomy":"product_tag","embeddable":true,"href":"https:\/\/www.guerini.it\/index.php\/wp-json\/wp\/v2\/product_tag?post=25848"}],"curies":[{"name":"wp","href":"https:\/\/api.w.org\/{rel}","templated":true}]}}

<p style="text-align: justify;">La tecnologia accompagna da sempre il cammino dell’umanità: ogni sua innovazione, pur portando benefici straordinari, ha sollevato nuove sfide etiche e sociali, ridefinendo in profondità l’economia, la politica e la cultura. Essa è un prodotto dell’attività umana che si manifesta in tutto il suo «terribile splendore», come forza ambivalente capace di trasformare radicalmente il mondo. È da questo presupposto che muove il nuovo volume di Mauro Ferraresi, scritto in collaborazione con Massimiliano Raffa. Il libro propone una lettura sociologica delle trasformazioni introdotte dalle tecnologie emergenti e soprattutto dall’Intelligenza Artificiale, protagonista indiscussa della contemporaneità. Il cuore della riflessione è dedicato proprio alle sorprendenti capacità dell’IA di generare significato, creatività e forse persino coscienza; e alle questioni etiche e di governance che inevitabilmente pone. Tra queste, spicca il delicato equilibrio, oggi più che mai centrale, tra democrazia e sorveglianza, tra libertà individuale e controllo sistemico.</p>
<hr />
<p style="text-align: justify;"><strong>Mauro Ferraresi </strong>è professore associato di Comunicazione all’Università IULM di Milano, dove ha diretto il corso di laurea in Moda e Industrie creative ed è attualmente responsabile della Terza Missione per il suo Dipartimento. I suoi interessi di ricerca riguardano l’analisi dei processi di comunicazione, con particolare attenzione alla funzione sociale delle nuove tecnologie e alle tra­sformazioni identitarie generate dall’avvento del digitale. In questo ambito ha condotto ricerche, sia di base sia applicate, a livello nazionale e internaziona­le, sui temi delle differenze culturali, della pubblicità e dei brand, dei processi di consumo e della condizione giovanile. Per le nostre edizioni ha pubblicato <a href="https://www.guerini.it/index.php/prodotto/bello-buono-e-ben-fatto/"><em>Bello, buono e ben fatto</em></a> (2014) e <a href="https://www.guerini.it/index.php/prodotto/le-nuove-leve-del-consumo/"><em>Le nuove leve del consumo</em></a> (2016). È direttore della collana <a href="https://www.guerini.it/index.php/categoria-prodotto/default-category/economia-e-management/societa-comunicazione-impresa/"><em>Società, comunicazione e impresa</em></a>.<br />
<strong>Massimiliano Raffa </strong>è research fellow presso l’Università dell’Insubria. Si oc­cupa principalmente di forme simboliche, teoria sociale e produzione cultura­le. I suoi lavori sono stati presentati in occasione di convegni tenutisi presso numerose università, tra cui l’Università di Oxford, il King’s College di Londra e la Sorbonne Nouvelle di Parigi. Ha svolto attività didattica presso istituzioni italiane (IULM, UniSalento, Roma Tre, SAE) e periodi di ricerca alle università di Liverpool e di Utrecht. È autore di una monografia sulla relazione tra musica e media algoritmici.</p>

<p>La tecnologia accompagna da sempre il cammino dell’umanità: ogni sua innovazione, pur portando benefici straordinari, ha sollevato nuove sfide etiche e sociali, ridefinendo in profondità l’economia, la politica e la [&hellip;]</p>

30 anni di libri, idee e libertà
