{"id":25932,"date":"2025-11-07T12:07:44","date_gmt":"2025-11-07T11:07:44","guid":{"rendered":"https:\/\/www.guerini.it\/?post_type=product&#038;p=25932"},"modified":"2025-11-07T12:07:45","modified_gmt":"2025-11-07T11:07:45","slug":"la-vita-e-limpresa-secondo-valter","status":"publish","type":"product","link":"https:\/\/www.guerini.it\/index.php\/prodotto\/la-vita-e-limpresa-secondo-valter\/","title":{"rendered":"La vita e l&#8217;impresa secondo Valter"},"content":{"rendered":"<p style=\"text-align: justify;\">Valter Bellosi \u00e8 nato nel 1966 a Lissone: il terzo, in ordine di tempo, dei figli di Giancarlo e Gianpiera Galimberti. Sia il pap\u00e0 che la mamma non ci sono pi\u00f9, il primo se n\u2019\u00e8 andato nel 2007 e la seconda l\u2019ha seguito nel <em>totalmente altro<\/em> 14 anni dopo. \u00abMio padre costruiva camere matrimoniali, era un uomo buono e di carattere generoso. Mia mamma mi voleva bene e io ne volevo tanto a entrambi\u00bb: Valter ricorda cos\u00ec, con poche e scarne parole, i suoi genitori, senza alcuna particolare enfasi. La sua personalit\u00e0 prorompente lo induce a pensare e proiettarsi sempre verso il futuro, lasciando poco spazio ai ricordi del passato e soprattutto ai rimpianti. \u00abQuello che \u00e8 stato \u00e8 stato \u2013 afferma con sbrigativo pragmatismo \u2013, \u00e8 quello che sar\u00e0 che conta veramente\u00bb.<\/p>\n<hr \/>\n<p style=\"text-align: justify;\">A <strong>Luciano Landoni<\/strong> piace molto leggere e scrivere ed \u00e8 perfettamente d\u2019accordo con Leo Longanesi secondo cui il giornalista \u00e8 colui che \u201cspiega benissimo quello che non sa\u201d. Adora la propria famiglia, impazzisce per l\u2019Inter, apprezza incondizionatamente i film di James Bond (in particolare le interpretazioni di Sean Connery) e quelli di fantascienza (soprattutto i grandi classici degli anni Cinquanta del secolo scorso), colleziona sin dall\u2019infanzia le avventure dell\u2019intrepido Tex Willer e da autentico <em>bauscia<\/em> interista \u00e8 convinto che il suo unico vero limite sia\u2026 l\u2019infinito.<\/p>\n","protected":false},"excerpt":{"rendered":"<p>Valter Bellosi \u00e8 nato nel 1966 a Lissone: il terzo, in ordine di tempo, dei figli di Giancarlo e Gianpiera Galimberti. Sia il pap\u00e0 che la mamma non ci sono [&hellip;]<\/p>\n","protected":false},"featured_media":25933,"template":"","meta":{"_editorskit_title_hidden":false,"_editorskit_reading_time":0,"_editorskit_is_block_options_detached":false,"_editorskit_block_options_position":"{}","_monsterinsights_skip_tracking":false,"_monsterinsights_sitenote_active":false,"_monsterinsights_sitenote_note":"","_monsterinsights_sitenote_category":0},"product_brand":[],"product_cat":[6805],"product_tag":[8241,6968],"class_list":{"0":"post-25932","1":"product","2":"type-product","3":"status-publish","4":"has-post-thumbnail","6":"product_cat-guerini-next","7":"product_tag-azienda","8":"product_tag-impresa","10":"first","11":"instock","12":"sale","13":"shipping-taxable","14":"purchasable","15":"product-type-simple"},"yoast_head":"<!-- This site is optimized with the Yoast SEO plugin v25.4 - https:\/\/yoast.com\/wordpress\/plugins\/seo\/ -->\n<title>Luciano Landoni, La vita e l&#039;impresa secondo Valter - Guerini e Associati<\/title>\n<meta name=\"description\" content=\"Valter Bellosi \u00e8 un ciclone umano di emozioni e motivazioni, un autentico caterpillar passionale che ti travolge con il suo entusiasmo professionale.\" \/>\n<meta name=\"robots\" content=\"index, follow, max-snippet:-1, max-image-preview:large, max-video-preview:-1\" \/>\n<link rel=\"canonical\" href=\"https:\/\/www.guerini.it\/index.php\/prodotto\/la-vita-e-limpresa-secondo-valter\/\" \/>\n<meta property=\"og:locale\" content=\"it_IT\" \/>\n<meta property=\"og:type\" content=\"article\" \/>\n<meta property=\"og:title\" content=\"Luciano Landoni, La vita e l&#039;impresa secondo Valter - Guerini e Associati\" \/>\n<meta property=\"og:description\" content=\"Valter Bellosi \u00e8 un ciclone umano di emozioni e motivazioni, un autentico caterpillar passionale che ti travolge con il suo entusiasmo professionale.\" \/>\n<meta property=\"og:url\" content=\"https:\/\/www.guerini.it\/index.php\/prodotto\/la-vita-e-limpresa-secondo-valter\/\" \/>\n<meta property=\"og:site_name\" content=\"Guerini e Associati\" \/>\n<meta property=\"article:modified_time\" content=\"2025-11-07T11:07:45+00:00\" \/>\n<meta property=\"og:image\" content=\"https:\/\/www.guerini.it\/wp-content\/uploads\/2025\/11\/9788868965884.webp\" \/>\n\t<meta property=\"og:image:width\" content=\"667\" \/>\n\t<meta property=\"og:image:height\" content=\"1000\" \/>\n\t<meta property=\"og:image:type\" content=\"image\/webp\" \/>\n<meta name=\"twitter:card\" content=\"summary_large_image\" \/>\n<meta name=\"twitter:label1\" content=\"Tempo di lettura stimato\" \/>\n\t<meta name=\"twitter:data1\" content=\"2 minuti\" \/>\n<!-- \/ Yoast SEO plugin. -->","yoast_head_json":{"title":"Luciano Landoni, La vita e l'impresa secondo Valter - Guerini e Associati","description":"Valter Bellosi \u00e8 un ciclone umano di emozioni e motivazioni, un autentico caterpillar passionale che ti travolge con il suo entusiasmo professionale.","robots":{"index":"index","follow":"follow","max-snippet":"max-snippet:-1","max-image-preview":"max-image-preview:large","max-video-preview":"max-video-preview:-1"},"canonical":"https:\/\/www.guerini.it\/index.php\/prodotto\/la-vita-e-limpresa-secondo-valter\/","og_locale":"it_IT","og_type":"article","og_title":"Luciano Landoni, La vita e l'impresa secondo Valter - Guerini e Associati","og_description":"Valter Bellosi \u00e8 un ciclone umano di emozioni e motivazioni, un autentico caterpillar passionale che ti travolge con il suo entusiasmo professionale.","og_url":"https:\/\/www.guerini.it\/index.php\/prodotto\/la-vita-e-limpresa-secondo-valter\/","og_site_name":"Guerini e Associati","article_modified_time":"2025-11-07T11:07:45+00:00","og_image":[{"width":667,"height":1000,"url":"https:\/\/www.guerini.it\/wp-content\/uploads\/2025\/11\/9788868965884.webp","type":"image\/webp"}],"twitter_card":"summary_large_image","twitter_misc":{"Tempo di lettura stimato":"2 minuti"},"schema":{"@context":"https:\/\/schema.org","@graph":[{"@type":"WebPage","@id":"https:\/\/www.guerini.it\/index.php\/prodotto\/la-vita-e-limpresa-secondo-valter\/","url":"https:\/\/www.guerini.it\/index.php\/prodotto\/la-vita-e-limpresa-secondo-valter\/","name":"Luciano Landoni, La vita e l'impresa secondo Valter - Guerini e Associati","isPartOf":{"@id":"https:\/\/www.guerini.it\/#website"},"primaryImageOfPage":{"@id":"https:\/\/www.guerini.it\/index.php\/prodotto\/la-vita-e-limpresa-secondo-valter\/#primaryimage"},"image":{"@id":"https:\/\/www.guerini.it\/index.php\/prodotto\/la-vita-e-limpresa-secondo-valter\/#primaryimage"},"thumbnailUrl":"https:\/\/www.guerini.it\/wp-content\/uploads\/2025\/11\/9788868965884.webp","datePublished":"2025-11-07T11:07:44+00:00","dateModified":"2025-11-07T11:07:45+00:00","description":"Valter Bellosi \u00e8 un ciclone umano di emozioni e motivazioni, un autentico caterpillar passionale che ti travolge con il suo entusiasmo professionale.","breadcrumb":{"@id":"https:\/\/www.guerini.it\/index.php\/prodotto\/la-vita-e-limpresa-secondo-valter\/#breadcrumb"},"inLanguage":"it-IT","potentialAction":[{"@type":"ReadAction","target":["https:\/\/www.guerini.it\/index.php\/prodotto\/la-vita-e-limpresa-secondo-valter\/"]}]},{"@type":"ImageObject","inLanguage":"it-IT","@id":"https:\/\/www.guerini.it\/index.php\/prodotto\/la-vita-e-limpresa-secondo-valter\/#primaryimage","url":"https:\/\/www.guerini.it\/wp-content\/uploads\/2025\/11\/9788868965884.webp","contentUrl":"https:\/\/www.guerini.it\/wp-content\/uploads\/2025\/11\/9788868965884.webp","width":667,"height":1000,"caption":"Front Cover di Luciano Landoni, La vita e l'Impresa secondo Valter, 2024, Guerini Next"},{"@type":"BreadcrumbList","@id":"https:\/\/www.guerini.it\/index.php\/prodotto\/la-vita-e-limpresa-secondo-valter\/#breadcrumb","itemListElement":[{"@type":"ListItem","position":1,"name":"Home","item":"https:\/\/www.guerini.it\/"},{"@type":"ListItem","position":2,"name":"Catalogo","item":"https:\/\/www.guerini.it\/index.php\/negozio\/"},{"@type":"ListItem","position":3,"name":"La vita e l&#8217;impresa secondo Valter"}]},{"@type":"WebSite","@id":"https:\/\/www.guerini.it\/#website","url":"https:\/\/www.guerini.it\/","name":"Guerini e Associati","description":"30 anni di libri, idee e libert\u00e0","publisher":{"@id":"https:\/\/www.guerini.it\/#organization"},"potentialAction":[{"@type":"SearchAction","target":{"@type":"EntryPoint","urlTemplate":"https:\/\/www.guerini.it\/?s={search_term_string}"},"query-input":{"@type":"PropertyValueSpecification","valueRequired":true,"valueName":"search_term_string"}}],"inLanguage":"it-IT"},{"@type":"Organization","@id":"https:\/\/www.guerini.it\/#organization","name":"Guerini e Associati","url":"https:\/\/www.guerini.it\/","logo":{"@type":"ImageObject","inLanguage":"it-IT","@id":"https:\/\/www.guerini.it\/#\/schema\/logo\/image\/","url":"https:\/\/www.guerini.it\/wp-content\/uploads\/2021\/03\/Logo-Guerini-OK_-e1615831292285.png","contentUrl":"https:\/\/www.guerini.it\/wp-content\/uploads\/2021\/03\/Logo-Guerini-OK_-e1615831292285.png","width":2805,"height":1870,"caption":"Guerini e Associati"},"image":{"@id":"https:\/\/www.guerini.it\/#\/schema\/logo\/image\/"}}]}},"_links":{"self":[{"href":"https:\/\/www.guerini.it\/index.php\/wp-json\/wp\/v2\/product\/25932","targetHints":{"allow":["GET"]}}],"collection":[{"href":"https:\/\/www.guerini.it\/index.php\/wp-json\/wp\/v2\/product"}],"about":[{"href":"https:\/\/www.guerini.it\/index.php\/wp-json\/wp\/v2\/types\/product"}],"wp:featuredmedia":[{"embeddable":true,"href":"https:\/\/www.guerini.it\/index.php\/wp-json\/wp\/v2\/media\/25933"}],"wp:attachment":[{"href":"https:\/\/www.guerini.it\/index.php\/wp-json\/wp\/v2\/media?parent=25932"}],"wp:term":[{"taxonomy":"product_brand","embeddable":true,"href":"https:\/\/www.guerini.it\/index.php\/wp-json\/wp\/v2\/product_brand?post=25932"},{"taxonomy":"product_cat","embeddable":true,"href":"https:\/\/www.guerini.it\/index.php\/wp-json\/wp\/v2\/product_cat?post=25932"},{"taxonomy":"product_tag","embeddable":true,"href":"https:\/\/www.guerini.it\/index.php\/wp-json\/wp\/v2\/product_tag?post=25932"}],"curies":[{"name":"wp","href":"https:\/\/api.w.org\/{rel}","templated":true}]}}

<p style="text-align: justify;">Valter Bellosi è nato nel 1966 a Lissone: il terzo, in ordine di tempo, dei figli di Giancarlo e Gianpiera Galimberti. Sia il papà che la mamma non ci sono più, il primo se n’è andato nel 2007 e la seconda l’ha seguito nel <em>totalmente altro</em> 14 anni dopo. «Mio padre costruiva camere matrimoniali, era un uomo buono e di carattere generoso. Mia mamma mi voleva bene e io ne volevo tanto a entrambi»: Valter ricorda così, con poche e scarne parole, i suoi genitori, senza alcuna particolare enfasi. La sua personalità prorompente lo induce a pensare e proiettarsi sempre verso il futuro, lasciando poco spazio ai ricordi del passato e soprattutto ai rimpianti. «Quello che è stato è stato – afferma con sbrigativo pragmatismo –, è quello che sarà che conta veramente».</p>
<hr />
<p style="text-align: justify;">A <strong>Luciano Landoni</strong> piace molto leggere e scrivere ed è perfettamente d’accordo con Leo Longanesi secondo cui il giornalista è colui che “spiega benissimo quello che non sa”. Adora la propria famiglia, impazzisce per l’Inter, apprezza incondizionatamente i film di James Bond (in particolare le interpretazioni di Sean Connery) e quelli di fantascienza (soprattutto i grandi classici degli anni Cinquanta del secolo scorso), colleziona sin dall’infanzia le avventure dell’intrepido Tex Willer e da autentico <em>bauscia</em> interista è convinto che il suo unico vero limite sia… l’infinito.</p>

<p>Valter Bellosi è nato nel 1966 a Lissone: il terzo, in ordine di tempo, dei figli di Giancarlo e Gianpiera Galimberti. Sia il papà che la mamma non ci sono [&hellip;]</p>

<!-- This site is optimized with the Yoast SEO plugin v25.4 - https://yoast.com/wordpress/plugins/seo/ -->
<title>Luciano Landoni, La vita e l&#039;impresa secondo Valter - Guerini e Associati</title>
<meta name="description" content="Valter Bellosi è un ciclone umano di emozioni e motivazioni, un autentico caterpillar passionale che ti travolge con il suo entusiasmo professionale." />
<meta name="robots" content="index, follow, max-snippet:-1, max-image-preview:large, max-video-preview:-1" />
<link rel="canonical" href="https://www.guerini.it/index.php/prodotto/la-vita-e-limpresa-secondo-valter/" />
<meta property="og:locale" content="it_IT" />
<meta property="og:type" content="article" />
<meta property="og:title" content="Luciano Landoni, La vita e l&#039;impresa secondo Valter - Guerini e Associati" />
<meta property="og:description" content="Valter Bellosi è un ciclone umano di emozioni e motivazioni, un autentico caterpillar passionale che ti travolge con il suo entusiasmo professionale." />
<meta property="og:url" content="https://www.guerini.it/index.php/prodotto/la-vita-e-limpresa-secondo-valter/" />
<meta property="og:site_name" content="Guerini e Associati" />
<meta property="article:modified_time" content="2025-11-07T11:07:45+00:00" />
<meta property="og:image" content="https://www.guerini.it/wp-content/uploads/2025/11/9788868965884.webp" />
	<meta property="og:image:width" content="667" />
	<meta property="og:image:height" content="1000" />
	<meta property="og:image:type" content="image/webp" />
<meta name="twitter:card" content="summary_large_image" />
<meta name="twitter:label1" content="Tempo di lettura stimato" />
	<meta name="twitter:data1" content="2 minuti" />
<!-- / Yoast SEO plugin. -->

Valter Bellosi è un ciclone umano di emozioni e motivazioni, un autentico caterpillar passionale che ti travolge con il suo entusiasmo professionale.

30 anni di libri, idee e libertà
