{"id":25936,"date":"2025-11-07T14:23:13","date_gmt":"2025-11-07T13:23:13","guid":{"rendered":"https:\/\/www.guerini.it\/?post_type=product&#038;p=25936"},"modified":"2026-04-07T14:43:08","modified_gmt":"2026-04-07T12:43:08","slug":"dilemma-digitale","status":"publish","type":"product","link":"https:\/\/www.guerini.it\/index.php\/prodotto\/dilemma-digitale\/","title":{"rendered":"Dilemma Digitale"},"content":{"rendered":"<p style=\"text-align: justify;\">L\u2019intelligenza artificiale non \u00e8 un destino, ma una possibilit\u00e0 che chiama in causa la responsabilit\u00e0 umana. Dietro l\u2019apparente neutralit\u00e0 della tecnologia si intrecciano scelte economiche, politiche ed etiche che ridisegnano il nostro modo di abitare il mondo. Comprenderle significa esercitare una saggezza capace di orientare l\u2019innovazione verso il bene comune.<br \/>\nTra mito e futuro, conoscenza e potere, si gioca una delle sfide pi\u00f9 radicali del nostro tempo: comprendere cosa significhi essere intelligenti, liberi, umani. Dal pensiero di Turing alle interfacce neurali, dalle fabbriche intelligenti alla ricerca di una saggezza possibile, emerge infatti l\u2019urgenza di un nuovo equilibrio: perch\u00e9 l\u2019etica torni a essere la bussola con cui guardare al futuro, prima che sia la tecnologia a decidere per noi.<\/p>\n<hr \/>\n<p style=\"text-align: justify;\"><strong>Giacomo Venir<\/strong>, laureato all\u2019Universit\u00e0 degli Studi di Milano Bicocca nel corso di laurea in Management e design dei servizi, \u00e8 appassionato di tecnologia, scrittura e romanzi. Attualmente lavora nel mondo della formazione professionale, ma il suo amore per la divulgazione e per i temi trattati in questo libro lo sfidano a reinventarsi di continuo<\/p>\n","protected":false},"excerpt":{"rendered":"<p>L\u2019intelligenza artificiale non \u00e8 un destino, ma una possibilit\u00e0 che chiama in causa la responsabilit\u00e0 umana. Dietro l\u2019apparente neutralit\u00e0 della tecnologia si intrecciano scelte economiche, politiche ed etiche che ridisegnano [&hellip;]<\/p>\n","protected":false},"featured_media":25938,"template":"","meta":{"_editorskit_title_hidden":false,"_editorskit_reading_time":0,"_editorskit_is_block_options_detached":false,"_editorskit_block_options_position":"{}","_monsterinsights_skip_tracking":false,"_monsterinsights_sitenote_active":false,"_monsterinsights_sitenote_note":"","_monsterinsights_sitenote_category":0},"product_brand":[],"product_cat":[6805],"product_tag":[7206,7501,13098,6816,6750],"class_list":{"0":"post-25936","1":"product","2":"type-product","3":"status-publish","4":"has-post-thumbnail","6":"product_cat-guerini-next","7":"product_tag-etica","8":"product_tag-intelligenza-artificiale","9":"product_tag-scienze-umane","10":"product_tag-societa","11":"product_tag-tecnologia","12":"pa_guerini_amazon_link-https-www-amazon-it-dilemma-digitale-letica-nellera-dellintelligenza-dp-8868966131","13":"pa_guerini_feltrinelli_link-https-www-lafeltrinelli-it-dilemma-digitale-etica-nell-era-libro-giacomo-venir-e-9788868966133","14":"pa_guerini_ibs_link-https-www-ibs-it-dilemma-digitale-etica-nell-era-libro-giacomo-venir-e-9788868966133","15":"pa_guerini_libruniver_link-https-www-libreriauniversitaria-it-dilemma-digitale-etica-era-intelligenza-libro-9788868966133","16":"pa_guerini_mondadori_link-https-www-mondadoristore-it-dilemma-digitale-l-etica-nell-era-dell-intelligenza-artificiale-libro-giacomo-venir-p-9788868966133","18":"first","19":"instock","20":"sale","21":"shipping-taxable","22":"purchasable","23":"product-type-simple"},"yoast_head":"<!-- This site is optimized with the Yoast SEO plugin v25.4 - https:\/\/yoast.com\/wordpress\/plugins\/seo\/ -->\n<title>Giacomo Venir, Dilemma Digitale - Guerini Edizioni<\/title>\n<meta name=\"description\" content=\"Serve un nuovo equilibrio affinch\u00e9 l\u2019etica torni a essere la bussola con cui orientare il futuro, prima che sia la tecnologia a decidere al nostro posto.\" \/>\n<meta name=\"robots\" content=\"index, follow, max-snippet:-1, max-image-preview:large, max-video-preview:-1\" \/>\n<link rel=\"canonical\" href=\"https:\/\/www.guerini.it\/index.php\/prodotto\/dilemma-digitale\/\" \/>\n<meta property=\"og:locale\" content=\"it_IT\" \/>\n<meta property=\"og:type\" content=\"article\" \/>\n<meta property=\"og:title\" content=\"Giacomo Venir, Dilemma Digitale - Guerini Edizioni\" \/>\n<meta property=\"og:description\" content=\"Serve un nuovo equilibrio affinch\u00e9 l\u2019etica torni a essere la bussola con cui orientare il futuro, prima che sia la tecnologia a decidere al nostro posto.\" \/>\n<meta property=\"og:url\" content=\"https:\/\/www.guerini.it\/index.php\/prodotto\/dilemma-digitale\/\" \/>\n<meta property=\"og:site_name\" content=\"Guerini e Associati\" \/>\n<meta property=\"article:modified_time\" content=\"2026-04-07T12:43:08+00:00\" \/>\n<meta property=\"og:image\" content=\"https:\/\/www.guerini.it\/wp-content\/uploads\/2025\/11\/9788868966133.webp\" \/>\n\t<meta property=\"og:image:width\" content=\"643\" \/>\n\t<meta property=\"og:image:height\" content=\"1000\" \/>\n\t<meta property=\"og:image:type\" content=\"image\/webp\" \/>\n<meta name=\"twitter:card\" content=\"summary_large_image\" \/>\n<meta name=\"twitter:label1\" content=\"Tempo di lettura stimato\" \/>\n\t<meta name=\"twitter:data1\" content=\"2 minuti\" \/>\n<!-- \/ Yoast SEO plugin. -->","yoast_head_json":{"title":"Giacomo Venir, Dilemma Digitale - Guerini Edizioni","description":"Serve un nuovo equilibrio affinch\u00e9 l\u2019etica torni a essere la bussola con cui orientare il futuro, prima che sia la tecnologia a decidere al nostro posto.","robots":{"index":"index","follow":"follow","max-snippet":"max-snippet:-1","max-image-preview":"max-image-preview:large","max-video-preview":"max-video-preview:-1"},"canonical":"https:\/\/www.guerini.it\/index.php\/prodotto\/dilemma-digitale\/","og_locale":"it_IT","og_type":"article","og_title":"Giacomo Venir, Dilemma Digitale - Guerini Edizioni","og_description":"Serve un nuovo equilibrio affinch\u00e9 l\u2019etica torni a essere la bussola con cui orientare il futuro, prima che sia la tecnologia a decidere al nostro posto.","og_url":"https:\/\/www.guerini.it\/index.php\/prodotto\/dilemma-digitale\/","og_site_name":"Guerini e Associati","article_modified_time":"2026-04-07T12:43:08+00:00","og_image":[{"width":643,"height":1000,"url":"https:\/\/www.guerini.it\/wp-content\/uploads\/2025\/11\/9788868966133.webp","type":"image\/webp"}],"twitter_card":"summary_large_image","twitter_misc":{"Tempo di lettura stimato":"2 minuti"},"schema":{"@context":"https:\/\/schema.org","@graph":[{"@type":"WebPage","@id":"https:\/\/www.guerini.it\/index.php\/prodotto\/dilemma-digitale\/","url":"https:\/\/www.guerini.it\/index.php\/prodotto\/dilemma-digitale\/","name":"Giacomo Venir, Dilemma Digitale - Guerini Edizioni","isPartOf":{"@id":"https:\/\/www.guerini.it\/#website"},"primaryImageOfPage":{"@id":"https:\/\/www.guerini.it\/index.php\/prodotto\/dilemma-digitale\/#primaryimage"},"image":{"@id":"https:\/\/www.guerini.it\/index.php\/prodotto\/dilemma-digitale\/#primaryimage"},"thumbnailUrl":"https:\/\/www.guerini.it\/wp-content\/uploads\/2025\/11\/9788868966133.webp","datePublished":"2025-11-07T13:23:13+00:00","dateModified":"2026-04-07T12:43:08+00:00","description":"Serve un nuovo equilibrio affinch\u00e9 l\u2019etica torni a essere la bussola con cui orientare il futuro, prima che sia la tecnologia a decidere al nostro posto.","breadcrumb":{"@id":"https:\/\/www.guerini.it\/index.php\/prodotto\/dilemma-digitale\/#breadcrumb"},"inLanguage":"it-IT","potentialAction":[{"@type":"ReadAction","target":["https:\/\/www.guerini.it\/index.php\/prodotto\/dilemma-digitale\/"]}]},{"@type":"ImageObject","inLanguage":"it-IT","@id":"https:\/\/www.guerini.it\/index.php\/prodotto\/dilemma-digitale\/#primaryimage","url":"https:\/\/www.guerini.it\/wp-content\/uploads\/2025\/11\/9788868966133.webp","contentUrl":"https:\/\/www.guerini.it\/wp-content\/uploads\/2025\/11\/9788868966133.webp","width":643,"height":1000,"caption":"Front cover di Giacomo Venir, Dilemma Digitale, 2025, Guerini Next"},{"@type":"BreadcrumbList","@id":"https:\/\/www.guerini.it\/index.php\/prodotto\/dilemma-digitale\/#breadcrumb","itemListElement":[{"@type":"ListItem","position":1,"name":"Home","item":"https:\/\/www.guerini.it\/"},{"@type":"ListItem","position":2,"name":"Catalogo","item":"https:\/\/www.guerini.it\/index.php\/negozio\/"},{"@type":"ListItem","position":3,"name":"Dilemma Digitale"}]},{"@type":"WebSite","@id":"https:\/\/www.guerini.it\/#website","url":"https:\/\/www.guerini.it\/","name":"Guerini e Associati","description":"30 anni di libri, idee e libert\u00e0","publisher":{"@id":"https:\/\/www.guerini.it\/#organization"},"potentialAction":[{"@type":"SearchAction","target":{"@type":"EntryPoint","urlTemplate":"https:\/\/www.guerini.it\/?s={search_term_string}"},"query-input":{"@type":"PropertyValueSpecification","valueRequired":true,"valueName":"search_term_string"}}],"inLanguage":"it-IT"},{"@type":"Organization","@id":"https:\/\/www.guerini.it\/#organization","name":"Guerini e Associati","url":"https:\/\/www.guerini.it\/","logo":{"@type":"ImageObject","inLanguage":"it-IT","@id":"https:\/\/www.guerini.it\/#\/schema\/logo\/image\/","url":"https:\/\/www.guerini.it\/wp-content\/uploads\/2021\/03\/Logo-Guerini-OK_-e1615831292285.png","contentUrl":"https:\/\/www.guerini.it\/wp-content\/uploads\/2021\/03\/Logo-Guerini-OK_-e1615831292285.png","width":2805,"height":1870,"caption":"Guerini e Associati"},"image":{"@id":"https:\/\/www.guerini.it\/#\/schema\/logo\/image\/"}}]}},"_links":{"self":[{"href":"https:\/\/www.guerini.it\/index.php\/wp-json\/wp\/v2\/product\/25936","targetHints":{"allow":["GET"]}}],"collection":[{"href":"https:\/\/www.guerini.it\/index.php\/wp-json\/wp\/v2\/product"}],"about":[{"href":"https:\/\/www.guerini.it\/index.php\/wp-json\/wp\/v2\/types\/product"}],"wp:featuredmedia":[{"embeddable":true,"href":"https:\/\/www.guerini.it\/index.php\/wp-json\/wp\/v2\/media\/25938"}],"wp:attachment":[{"href":"https:\/\/www.guerini.it\/index.php\/wp-json\/wp\/v2\/media?parent=25936"}],"wp:term":[{"taxonomy":"product_brand","embeddable":true,"href":"https:\/\/www.guerini.it\/index.php\/wp-json\/wp\/v2\/product_brand?post=25936"},{"taxonomy":"product_cat","embeddable":true,"href":"https:\/\/www.guerini.it\/index.php\/wp-json\/wp\/v2\/product_cat?post=25936"},{"taxonomy":"product_tag","embeddable":true,"href":"https:\/\/www.guerini.it\/index.php\/wp-json\/wp\/v2\/product_tag?post=25936"}],"curies":[{"name":"wp","href":"https:\/\/api.w.org\/{rel}","templated":true}]}}