{"id":25940,"date":"2025-11-07T16:09:23","date_gmt":"2025-11-07T15:09:23","guid":{"rendered":"https:\/\/www.guerini.it\/?post_type=product&#038;p=25940"},"modified":"2026-04-28T15:24:48","modified_gmt":"2026-04-28T13:24:48","slug":"piccolo-e-digitale","status":"publish","type":"product","link":"https:\/\/www.guerini.it\/index.php\/prodotto\/piccolo-e-digitale\/","title":{"rendered":"Piccolo \u00e8 digitale?"},"content":{"rendered":"<p style=\"text-align: justify;\">Quanto pi\u00f9 rapido e profondo \u00e8 il cambiamento nell\u2019ambiente esterno di un\u2019impresa, tanto pi\u00f9 \u00e8 essenziale che un insieme mirato di risorse e capacit\u00e0 interne \u2013 spesso rappresentate da tecnologie digitali e competenze \u2013 costituisca la base di una strategia di lungo termine. In un contesto di trasformazione digitale, le imprese, e in particolare le PMI, devono saper orchestrare risorse (tecnologie digitali) e capacit\u00e0 organizzative per affrontare l\u2019innovazione. Tuttavia, la letteratura ha finora trascurato i percorsi di implementazione (l\u2019ordine dei livelli tecnologici) e la combinazione in insiemi integrati (bundle). Mancano inoltre studi con una visione olistica che valorizzi la sinergia tra bundle tecnologici, capacit\u00e0 organizzative e competenze individuali, elementi che devono evolversi insieme per sostenere la trasformazione digitale delle PMI e migliorarne le performance. Questo volume presenta i risultati del progetto PRIN \u00abPaths and Bundles in Industry 4.0\u00bb, con l\u2019obiettivo di offrire nuove prospettive sui percorsi di trasformazione digitale delle PMI. La ricerca ha coinvolto un ampio campione di PMI italiane attive in vari settori in Friuli-Venezia Giulia e Toscana, chiarendo il ruolo abilitante e potenziante delle diverse tecnologie e capacit\u00e0.<\/p>\n<p style=\"text-align: justify;\"><a href=\"http:\/\/creativecommons.org\/licenses\/by-nc-nd\/4.0\/\" rel=\"license\"><img decoding=\"async\" style=\"border-width: 0;\" src=\"https:\/\/i.creativecommons.org\/l\/by-nc-nd\/4.0\/88x31.png\" alt=\"Licenza Creative Commons\" \/><\/a><br \/>\nQuest&#8217;opera \u00e8 distribuita con Licenza <a href=\"http:\/\/creativecommons.org\/licenses\/by-nc-nd\/4.0\/\" rel=\"license\">Creative Commons Attribuzione &#8211; Non commerciale &#8211; Non opere derivate 4.0 Internazionale<\/a>.<\/p>\n<p><strong>Scarica in formato <a href=\"https:\/\/www.mediafire.com\/file\/r0xyudiprat6vj7\/Piccolo_%25C3%25A8_digitale_Battistella%252C_Gitto_Guerini_2025.pdf\/file\">Open access<\/a><\/strong><\/p>\n<hr \/>\n<p style=\"text-align: justify;\"><strong>Cinzia Battistella<\/strong> \u00e8 professoressa associata di Ingegneria economico-gestionale presso l\u2019Universit\u00e0 degli Studi di Udine, dove \u00e8 docente di Innovation Management, Project Management e Sustainability Management. Svolge la propria attivit\u00e0 di ricerca nel campo dell\u2019Ingegneria gestionale focalizzandosi sui filoni della gestione dell\u2019innovazione (open innovation, startupping e sviluppo nuovo prodotto-servizio) e della strategia (foresight, modelli di business ed ecosistemi di business). Si interessa di trend, in particolare digitalizzazione, sostenibilit\u00e0 e servitizzazione. \u00c8 autrice di oltre 150 pubblicazioni prevalentemente a diffusione internazionale, tra cui i libri <em>Corporate Foresight, The Road to Servitization<\/em> e La sostenibilit\u00e0 non costa. Per la Regione Friuli Venezia Giulia, si occupa di reingegnerizzazione di procedure complesse in ambito PNRR.<\/p>\n<p style=\"text-align: justify;\"><strong>Simone Gitto<\/strong> \u00e8 professore associato di Ingegneria economico-gestionale presso l\u2019Universit\u00e0 degli Studi di Siena, dove \u00e8 docente di Economia e organizzazione aziendale e Managerial Economics. \u00c8 delegato del Rettore alla formazione continua. I suoi principali argomenti di ricerca includono: trasformazione digitale, gestione sanitaria, metodi di previsione e di supporto alle decisioni, produttivit\u00e0 e crescita economica, trasporto aereo. \u00c8 responsabile di progetto e membro di progetti di ricerca finanziati da enti pubblici e privati. \u00c8 inventore di un brevetto. I suoi articoli sono stati pubblicati su riviste internazionali quali <em>British Journal of Management, International Journal of Production Economics, Management Decision, Journal of Cleaner Production, Technological Forecasting and Social change, Transportation Research Part A.<\/em><\/p>\n","protected":false},"excerpt":{"rendered":"<p>Quanto pi\u00f9 rapido e profondo \u00e8 il cambiamento nell\u2019ambiente esterno di un\u2019impresa, tanto pi\u00f9 \u00e8 essenziale che un insieme mirato di risorse e capacit\u00e0 interne \u2013 spesso rappresentate da tecnologie [&hellip;]<\/p>\n","protected":false},"featured_media":25941,"template":"","meta":{"_editorskit_title_hidden":false,"_editorskit_reading_time":0,"_editorskit_is_block_options_detached":false,"_editorskit_block_options_position":"{}","_monsterinsights_skip_tracking":false,"_monsterinsights_sitenote_active":false,"_monsterinsights_sitenote_note":"","_monsterinsights_sitenote_category":0},"product_brand":[],"product_cat":[8828,6654,6689],"product_tag":[7949,10639,7579,10828,6750],"class_list":{"0":"post-25940","1":"product","2":"type-product","3":"status-publish","4":"has-post-thumbnail","6":"product_cat-persone-strumenti-e-organizzazioni","7":"product_cat-ei","8":"product_cat-ccr","9":"product_tag-digitale","10":"product_tag-iindustria-4-0","11":"product_tag-imprese","12":"product_tag-pmi","13":"product_tag-tecnologia","14":"pa_guerini_amazon_link-https-www-amazon-it-piccolo-digitale-tecnologie-capability-piccole-dp-8862503687","15":"pa_guerini_feltrinelli_link-https-www-lafeltrinelli-it-piccolo-digitale-tecnologie-capability-40-libro-vari-e-9788862503686","16":"pa_guerini_ibs_link-https-www-ibs-it-piccolo-digitale-tecnologie-capability-40-libro-vari-e-9788862503686","17":"pa_guerini_libruniver_link-https-www-libreriauniversitaria-it-piccolo-digitale-tecnologie-capability-4-libro-9788862503686","18":"pa_guerini_mondadori_link-https-www-mondadoristore-it-piccolo-e-digitale-tecnologie-e-capability-40-nelle-piccole-e-medie-imprese-libro-p-9788862503686","20":"first","21":"instock","22":"sale","23":"shipping-taxable","24":"purchasable","25":"product-type-simple"},"yoast_head":"<!-- This site is optimized with the Yoast SEO plugin v25.4 - https:\/\/yoast.com\/wordpress\/plugins\/seo\/ -->\n<title>Piccolo \u00e8 digitale? a cura di C. Battistella, S. Gitto - Guerini e Associati<\/title>\n<meta name=\"description\" content=\"Scopri come le PMI italiane orchestrano tecnologie digitali e capacit\u00e0 organizzative per la trasformazione digitale e la crescita.\" \/>\n<meta name=\"robots\" content=\"index, follow, max-snippet:-1, max-image-preview:large, max-video-preview:-1\" \/>\n<link rel=\"canonical\" href=\"https:\/\/www.guerini.it\/index.php\/prodotto\/piccolo-e-digitale\/\" \/>\n<meta property=\"og:locale\" content=\"it_IT\" \/>\n<meta property=\"og:type\" content=\"article\" \/>\n<meta property=\"og:title\" content=\"Piccolo \u00e8 digitale? a cura di C. Battistella, S. Gitto - Guerini e Associati\" \/>\n<meta property=\"og:description\" content=\"Scopri come le PMI italiane orchestrano tecnologie digitali e capacit\u00e0 organizzative per la trasformazione digitale e la crescita.\" \/>\n<meta property=\"og:url\" content=\"https:\/\/www.guerini.it\/index.php\/prodotto\/piccolo-e-digitale\/\" \/>\n<meta property=\"og:site_name\" content=\"Guerini e Associati\" \/>\n<meta property=\"article:modified_time\" content=\"2026-04-28T13:24:48+00:00\" \/>\n<meta property=\"og:image\" content=\"https:\/\/www.guerini.it\/wp-content\/uploads\/2025\/11\/9788862503686.webp\" \/>\n\t<meta property=\"og:image:width\" content=\"479\" \/>\n\t<meta property=\"og:image:height\" content=\"747\" \/>\n\t<meta property=\"og:image:type\" content=\"image\/webp\" \/>\n<meta name=\"twitter:card\" content=\"summary_large_image\" \/>\n<meta name=\"twitter:label1\" content=\"Tempo di lettura stimato\" \/>\n\t<meta name=\"twitter:data1\" content=\"3 minuti\" \/>\n<!-- \/ Yoast SEO plugin. -->","yoast_head_json":{"title":"Piccolo \u00e8 digitale? a cura di C. Battistella, S. Gitto - Guerini e Associati","description":"Scopri come le PMI italiane orchestrano tecnologie digitali e capacit\u00e0 organizzative per la trasformazione digitale e la crescita.","robots":{"index":"index","follow":"follow","max-snippet":"max-snippet:-1","max-image-preview":"max-image-preview:large","max-video-preview":"max-video-preview:-1"},"canonical":"https:\/\/www.guerini.it\/index.php\/prodotto\/piccolo-e-digitale\/","og_locale":"it_IT","og_type":"article","og_title":"Piccolo \u00e8 digitale? a cura di C. Battistella, S. Gitto - Guerini e Associati","og_description":"Scopri come le PMI italiane orchestrano tecnologie digitali e capacit\u00e0 organizzative per la trasformazione digitale e la crescita.","og_url":"https:\/\/www.guerini.it\/index.php\/prodotto\/piccolo-e-digitale\/","og_site_name":"Guerini e Associati","article_modified_time":"2026-04-28T13:24:48+00:00","og_image":[{"width":479,"height":747,"url":"https:\/\/www.guerini.it\/wp-content\/uploads\/2025\/11\/9788862503686.webp","type":"image\/webp"}],"twitter_card":"summary_large_image","twitter_misc":{"Tempo di lettura stimato":"3 minuti"},"schema":{"@context":"https:\/\/schema.org","@graph":[{"@type":"WebPage","@id":"https:\/\/www.guerini.it\/index.php\/prodotto\/piccolo-e-digitale\/","url":"https:\/\/www.guerini.it\/index.php\/prodotto\/piccolo-e-digitale\/","name":"Piccolo \u00e8 digitale? a cura di C. Battistella, S. Gitto - Guerini e Associati","isPartOf":{"@id":"https:\/\/www.guerini.it\/#website"},"primaryImageOfPage":{"@id":"https:\/\/www.guerini.it\/index.php\/prodotto\/piccolo-e-digitale\/#primaryimage"},"image":{"@id":"https:\/\/www.guerini.it\/index.php\/prodotto\/piccolo-e-digitale\/#primaryimage"},"thumbnailUrl":"https:\/\/www.guerini.it\/wp-content\/uploads\/2025\/11\/9788862503686.webp","datePublished":"2025-11-07T15:09:23+00:00","dateModified":"2026-04-28T13:24:48+00:00","description":"Scopri come le PMI italiane orchestrano tecnologie digitali e capacit\u00e0 organizzative per la trasformazione digitale e la crescita.","breadcrumb":{"@id":"https:\/\/www.guerini.it\/index.php\/prodotto\/piccolo-e-digitale\/#breadcrumb"},"inLanguage":"it-IT","potentialAction":[{"@type":"ReadAction","target":["https:\/\/www.guerini.it\/index.php\/prodotto\/piccolo-e-digitale\/"]}]},{"@type":"ImageObject","inLanguage":"it-IT","@id":"https:\/\/www.guerini.it\/index.php\/prodotto\/piccolo-e-digitale\/#primaryimage","url":"https:\/\/www.guerini.it\/wp-content\/uploads\/2025\/11\/9788862503686.webp","contentUrl":"https:\/\/www.guerini.it\/wp-content\/uploads\/2025\/11\/9788862503686.webp","width":479,"height":747,"caption":"Front cover di Piccolo \u00e8 digitale?, a cura di Cinzia Battistella, Simone Gitto, Guerini e Associati, 2025"},{"@type":"BreadcrumbList","@id":"https:\/\/www.guerini.it\/index.php\/prodotto\/piccolo-e-digitale\/#breadcrumb","itemListElement":[{"@type":"ListItem","position":1,"name":"Home","item":"https:\/\/www.guerini.it\/"},{"@type":"ListItem","position":2,"name":"Catalogo","item":"https:\/\/www.guerini.it\/index.php\/negozio\/"},{"@type":"ListItem","position":3,"name":"Piccolo \u00e8 digitale?"}]},{"@type":"WebSite","@id":"https:\/\/www.guerini.it\/#website","url":"https:\/\/www.guerini.it\/","name":"Guerini e Associati","description":"30 anni di libri, idee e libert\u00e0","publisher":{"@id":"https:\/\/www.guerini.it\/#organization"},"potentialAction":[{"@type":"SearchAction","target":{"@type":"EntryPoint","urlTemplate":"https:\/\/www.guerini.it\/?s={search_term_string}"},"query-input":{"@type":"PropertyValueSpecification","valueRequired":true,"valueName":"search_term_string"}}],"inLanguage":"it-IT"},{"@type":"Organization","@id":"https:\/\/www.guerini.it\/#organization","name":"Guerini e Associati","url":"https:\/\/www.guerini.it\/","logo":{"@type":"ImageObject","inLanguage":"it-IT","@id":"https:\/\/www.guerini.it\/#\/schema\/logo\/image\/","url":"https:\/\/www.guerini.it\/wp-content\/uploads\/2021\/03\/Logo-Guerini-OK_-e1615831292285.png","contentUrl":"https:\/\/www.guerini.it\/wp-content\/uploads\/2021\/03\/Logo-Guerini-OK_-e1615831292285.png","width":2805,"height":1870,"caption":"Guerini e Associati"},"image":{"@id":"https:\/\/www.guerini.it\/#\/schema\/logo\/image\/"}}]}},"_links":{"self":[{"href":"https:\/\/www.guerini.it\/index.php\/wp-json\/wp\/v2\/product\/25940","targetHints":{"allow":["GET"]}}],"collection":[{"href":"https:\/\/www.guerini.it\/index.php\/wp-json\/wp\/v2\/product"}],"about":[{"href":"https:\/\/www.guerini.it\/index.php\/wp-json\/wp\/v2\/types\/product"}],"wp:featuredmedia":[{"embeddable":true,"href":"https:\/\/www.guerini.it\/index.php\/wp-json\/wp\/v2\/media\/25941"}],"wp:attachment":[{"href":"https:\/\/www.guerini.it\/index.php\/wp-json\/wp\/v2\/media?parent=25940"}],"wp:term":[{"taxonomy":"product_brand","embeddable":true,"href":"https:\/\/www.guerini.it\/index.php\/wp-json\/wp\/v2\/product_brand?post=25940"},{"taxonomy":"product_cat","embeddable":true,"href":"https:\/\/www.guerini.it\/index.php\/wp-json\/wp\/v2\/product_cat?post=25940"},{"taxonomy":"product_tag","embeddable":true,"href":"https:\/\/www.guerini.it\/index.php\/wp-json\/wp\/v2\/product_tag?post=25940"}],"curies":[{"name":"wp","href":"https:\/\/api.w.org\/{rel}","templated":true}]}}

Piccolo è digitale?

<p style="text-align: justify;">Quanto più rapido e profondo è il cambiamento nell’ambiente esterno di un’impresa, tanto più è essenziale che un insieme mirato di risorse e capacità interne – spesso rappresentate da tecnologie digitali e competenze – costituisca la base di una strategia di lungo termine. In un contesto di trasformazione digitale, le imprese, e in particolare le PMI, devono saper orchestrare risorse (tecnologie digitali) e capacità organizzative per affrontare l’innovazione. Tuttavia, la letteratura ha finora trascurato i percorsi di implementazione (l’ordine dei livelli tecnologici) e la combinazione in insiemi integrati (bundle). Mancano inoltre studi con una visione olistica che valorizzi la sinergia tra bundle tecnologici, capacità organizzative e competenze individuali, elementi che devono evolversi insieme per sostenere la trasformazione digitale delle PMI e migliorarne le performance. Questo volume presenta i risultati del progetto PRIN «Paths and Bundles in Industry 4.0», con l’obiettivo di offrire nuove prospettive sui percorsi di trasformazione digitale delle PMI. La ricerca ha coinvolto un ampio campione di PMI italiane attive in vari settori in Friuli-Venezia Giulia e Toscana, chiarendo il ruolo abilitante e potenziante delle diverse tecnologie e capacità.</p>
<p style="text-align: justify;"><a href="http://creativecommons.org/licenses/by-nc-nd/4.0/" rel="license"><img decoding="async" style="border-width: 0;" src="https://i.creativecommons.org/l/by-nc-nd/4.0/88x31.png" alt="Licenza Creative Commons" /></a><br />
Quest&#8217;opera è distribuita con Licenza <a href="http://creativecommons.org/licenses/by-nc-nd/4.0/" rel="license">Creative Commons Attribuzione &#8211; Non commerciale &#8211; Non opere derivate 4.0 Internazionale</a>.</p>
<p><strong>Scarica in formato <a href="https://www.mediafire.com/file/r0xyudiprat6vj7/Piccolo_%25C3%25A8_digitale_Battistella%252C_Gitto_Guerini_2025.pdf/file">Open access</a></strong></p>
<hr />
<p style="text-align: justify;"><strong>Cinzia Battistella</strong> è professoressa associata di Ingegneria economico-gestionale presso l’Università degli Studi di Udine, dove è docente di Innovation Management, Project Management e Sustainability Management. Svolge la propria attività di ricerca nel campo dell’Ingegneria gestionale focalizzandosi sui filoni della gestione dell’innovazione (open innovation, startupping e sviluppo nuovo prodotto-servizio) e della strategia (foresight, modelli di business ed ecosistemi di business). Si interessa di trend, in particolare digitalizzazione, sostenibilità e servitizzazione. È autrice di oltre 150 pubblicazioni prevalentemente a diffusione internazionale, tra cui i libri <em>Corporate Foresight, The Road to Servitization</em> e La sostenibilità non costa. Per la Regione Friuli Venezia Giulia, si occupa di reingegnerizzazione di procedure complesse in ambito PNRR.</p>
<p style="text-align: justify;"><strong>Simone Gitto</strong> è professore associato di Ingegneria economico-gestionale presso l’Università degli Studi di Siena, dove è docente di Economia e organizzazione aziendale e Managerial Economics. È delegato del Rettore alla formazione continua. I suoi principali argomenti di ricerca includono: trasformazione digitale, gestione sanitaria, metodi di previsione e di supporto alle decisioni, produttività e crescita economica, trasporto aereo. È responsabile di progetto e membro di progetti di ricerca finanziati da enti pubblici e privati. È inventore di un brevetto. I suoi articoli sono stati pubblicati su riviste internazionali quali <em>British Journal of Management, International Journal of Production Economics, Management Decision, Journal of Cleaner Production, Technological Forecasting and Social change, Transportation Research Part A.</em></p>

<p>Quanto più rapido e profondo è il cambiamento nell’ambiente esterno di un’impresa, tanto più è essenziale che un insieme mirato di risorse e capacità interne – spesso rappresentate da tecnologie [&hellip;]</p>

<!-- This site is optimized with the Yoast SEO plugin v25.4 - https://yoast.com/wordpress/plugins/seo/ -->
<title>Piccolo è digitale? a cura di C. Battistella, S. Gitto - Guerini e Associati</title>
<meta name="description" content="Scopri come le PMI italiane orchestrano tecnologie digitali e capacità organizzative per la trasformazione digitale e la crescita." />
<meta name="robots" content="index, follow, max-snippet:-1, max-image-preview:large, max-video-preview:-1" />
<link rel="canonical" href="https://www.guerini.it/index.php/prodotto/piccolo-e-digitale/" />
<meta property="og:locale" content="it_IT" />
<meta property="og:type" content="article" />
<meta property="og:title" content="Piccolo è digitale? a cura di C. Battistella, S. Gitto - Guerini e Associati" />
<meta property="og:description" content="Scopri come le PMI italiane orchestrano tecnologie digitali e capacità organizzative per la trasformazione digitale e la crescita." />
<meta property="og:url" content="https://www.guerini.it/index.php/prodotto/piccolo-e-digitale/" />
<meta property="og:site_name" content="Guerini e Associati" />
<meta property="article:modified_time" content="2026-04-28T13:24:48+00:00" />
<meta property="og:image" content="https://www.guerini.it/wp-content/uploads/2025/11/9788862503686.webp" />
	<meta property="og:image:width" content="479" />
	<meta property="og:image:height" content="747" />
	<meta property="og:image:type" content="image/webp" />
<meta name="twitter:card" content="summary_large_image" />
<meta name="twitter:label1" content="Tempo di lettura stimato" />
	<meta name="twitter:data1" content="3 minuti" />
<!-- / Yoast SEO plugin. -->

Piccolo è digitale? a cura di C. Battistella, S. Gitto - Guerini e Associati

Scopri come le PMI italiane orchestrano tecnologie digitali e capacità organizzative per la trasformazione digitale e la crescita.

Front cover di Piccolo è digitale?, a cura di Cinzia Battistella, Simone Gitto, Guerini e Associati, 2025

30 anni di libri, idee e libertà
