{"id":25996,"date":"2025-12-09T11:29:50","date_gmt":"2025-12-09T10:29:50","guid":{"rendered":"https:\/\/www.guerini.it\/?post_type=product&#038;p=25996"},"modified":"2026-01-19T15:29:45","modified_gmt":"2026-01-19T14:29:45","slug":"il-problema-siamo-noi","status":"publish","type":"product","link":"https:\/\/www.guerini.it\/index.php\/prodotto\/il-problema-siamo-noi\/","title":{"rendered":"Il problema siamo noi"},"content":{"rendered":"<p style=\"text-align: justify;\">Mentre algoritmi e macchine imparano a elaborare dati, prevedere scelte e sostituire attivit\u00e0 umane, la vera sfida resta quella di sempre: il nostro modo di pensare, decidere e convivere.<br \/>\nLa tecnologia non inventa nuovi difetti, li amplifica: superficialit\u00e0, distrazione, mancanza di visione.<br \/>\nIn queste pagine, Danilo Broggi raccoglie cinque anni di riflessioni pubblicate sul mensile <em>Longitude,<\/em> attraversando scenari che spaziano dall\u2019economia globale alla geopolitica, dall\u2019ambiente al lavoro, dalla salute alla cultura digitale.<br \/>\nOgni saggio mostra come la tecnologia non crei problemi nuovi, ma metta in luce i limiti antichi delle nostre societ\u00e0: brame di potere, miopia politica e sociale, incapacit\u00e0 di costruire futuro, difficolt\u00e0 nel collaborare.<br \/>\nQuesto testo non \u00e8 un atto d\u2019accusa contro l\u2019innovazione esponenziale o l\u2019Intelligenza Artificiale, ma un invito a ripensare a noi stessi: a riscoprire la forza della collaborazione, il valore della comunit\u00e0 e la responsabilit\u00e0 condivisa.<br \/>\nPerch\u00e9 la vera partita non si gioca tra uomo e macchina, ma tra societ\u00e0 disgregata e societ\u00e0 consapevole.<\/p>\n<hr \/>\n<p style=\"text-align: justify;\"><strong>Danilo Broggi<\/strong>, nato a Milano nel 1960, imprenditore e startupper, manager pubblico e privato, gi\u00e0 presidente nazionale di Confapi (Confederazione italiana della piccola e media industria), amministratore delegato di Consip e Atac, presidente di Retelit e PosteAssicura, consigliere di amministrazione di aziende private di diversi settori (banche e finanza, assicurazioni, industria e servizi), presidente in carica del Centro per la Cultura di Impresa. Per le nostre edizioni ha pubblicato <em>Diario di bordo. Tra innovazione e cambiamento<\/em> (2018) e <em>Connessi e confusi. Orientarsi nell\u2019oceano dell\u2019innovazione<\/em> (2022).<\/p>\n","protected":false},"excerpt":{"rendered":"<p>Mentre algoritmi e macchine imparano a elaborare dati, prevedere scelte e sostituire attivit\u00e0 umane, la vera sfida resta quella di sempre: il nostro modo di pensare, decidere e convivere. La [&hellip;]<\/p>\n","protected":false},"featured_media":25999,"template":"","meta":{"_editorskit_title_hidden":false,"_editorskit_reading_time":0,"_editorskit_is_block_options_detached":false,"_editorskit_block_options_position":"{}","_monsterinsights_skip_tracking":false,"_monsterinsights_sitenote_active":false,"_monsterinsights_sitenote_note":"","_monsterinsights_sitenote_category":0},"product_brand":[],"product_cat":[11784,6728,6527],"product_tag":[6745,6750,13253],"class_list":{"0":"post-25996","1":"product","2":"type-product","3":"status-publish","4":"has-post-thumbnail","6":"product_cat-biblioteca-contemporanea","7":"product_cat-ultime_novita","8":"product_cat-attualita","9":"product_tag-innovazione","10":"product_tag-tecnologia","11":"product_tag-umanesimo-digitale","12":"pa_guerini_amazon_link-https-www-amazon-it-problema-siamo-stupidit-intelligenza-artificiale-dp-8862503555","13":"pa_guerini_feltrinelli_link-https-www-lafeltrinelli-it-problema-siamo-noi-stupidita-umana-libro-danilo-broggi-e-9788862503556","14":"pa_guerini_ibs_link-https-www-ibs-it-problema-siamo-noi-stupidita-umana-libro-danilo-broggi-e-9788862503556","15":"pa_guerini_libruniver_link-https-www-libreriauniversitaria-it-problema-siamo-noi-stupidita-umana-libro-9788862503556","16":"pa_guerini_mondadori_link-https-www-mondadoristore-it-il-problema-siamo-noi-stupidita-umana-e-intelligenza-artificiale-libro-danilo-broggi-p-9788862503556","18":"first","19":"instock","20":"sale","21":"shipping-taxable","22":"purchasable","23":"product-type-simple"},"yoast_head":"<!-- This site is optimized with the Yoast SEO plugin v25.4 - https:\/\/yoast.com\/wordpress\/plugins\/seo\/ -->\n<title>Danilo Broggi, Il problema siamo noi - Guerini e Associati<\/title>\n<meta name=\"description\" content=\"Una raccolta di appunti e spunti che stimolano il pensiero critico, tra intelligenza artificiale, lavoro e comunicazione.\" \/>\n<meta name=\"robots\" content=\"index, follow, max-snippet:-1, max-image-preview:large, max-video-preview:-1\" \/>\n<link rel=\"canonical\" href=\"https:\/\/www.guerini.it\/index.php\/prodotto\/il-problema-siamo-noi\/\" \/>\n<meta property=\"og:locale\" content=\"it_IT\" \/>\n<meta property=\"og:type\" content=\"article\" \/>\n<meta property=\"og:title\" content=\"Danilo Broggi, Il problema siamo noi - Guerini e Associati\" \/>\n<meta property=\"og:description\" content=\"Una raccolta di appunti e spunti che stimolano il pensiero critico, tra intelligenza artificiale, lavoro e comunicazione.\" \/>\n<meta property=\"og:url\" content=\"https:\/\/www.guerini.it\/index.php\/prodotto\/il-problema-siamo-noi\/\" \/>\n<meta property=\"og:site_name\" content=\"Guerini e Associati\" \/>\n<meta property=\"article:modified_time\" content=\"2026-01-19T14:29:45+00:00\" \/>\n<meta property=\"og:image\" content=\"https:\/\/www.guerini.it\/wp-content\/uploads\/2025\/12\/IL-PROBLEMA-SIAMO-NOI_9788862503556.webp\" \/>\n\t<meta property=\"og:image:width\" content=\"643\" \/>\n\t<meta property=\"og:image:height\" content=\"1000\" \/>\n\t<meta property=\"og:image:type\" content=\"image\/webp\" \/>\n<meta name=\"twitter:card\" content=\"summary_large_image\" \/>\n<meta name=\"twitter:label1\" content=\"Tempo di lettura stimato\" \/>\n\t<meta name=\"twitter:data1\" content=\"2 minuti\" \/>\n<!-- \/ Yoast SEO plugin. -->","yoast_head_json":{"title":"Danilo Broggi, Il problema siamo noi - Guerini e Associati","description":"Una raccolta di appunti e spunti che stimolano il pensiero critico, tra intelligenza artificiale, lavoro e comunicazione.","robots":{"index":"index","follow":"follow","max-snippet":"max-snippet:-1","max-image-preview":"max-image-preview:large","max-video-preview":"max-video-preview:-1"},"canonical":"https:\/\/www.guerini.it\/index.php\/prodotto\/il-problema-siamo-noi\/","og_locale":"it_IT","og_type":"article","og_title":"Danilo Broggi, Il problema siamo noi - Guerini e Associati","og_description":"Una raccolta di appunti e spunti che stimolano il pensiero critico, tra intelligenza artificiale, lavoro e comunicazione.","og_url":"https:\/\/www.guerini.it\/index.php\/prodotto\/il-problema-siamo-noi\/","og_site_name":"Guerini e Associati","article_modified_time":"2026-01-19T14:29:45+00:00","og_image":[{"width":643,"height":1000,"url":"https:\/\/www.guerini.it\/wp-content\/uploads\/2025\/12\/IL-PROBLEMA-SIAMO-NOI_9788862503556.webp","type":"image\/webp"}],"twitter_card":"summary_large_image","twitter_misc":{"Tempo di lettura stimato":"2 minuti"},"schema":{"@context":"https:\/\/schema.org","@graph":[{"@type":"WebPage","@id":"https:\/\/www.guerini.it\/index.php\/prodotto\/il-problema-siamo-noi\/","url":"https:\/\/www.guerini.it\/index.php\/prodotto\/il-problema-siamo-noi\/","name":"Danilo Broggi, Il problema siamo noi - Guerini e Associati","isPartOf":{"@id":"https:\/\/www.guerini.it\/#website"},"primaryImageOfPage":{"@id":"https:\/\/www.guerini.it\/index.php\/prodotto\/il-problema-siamo-noi\/#primaryimage"},"image":{"@id":"https:\/\/www.guerini.it\/index.php\/prodotto\/il-problema-siamo-noi\/#primaryimage"},"thumbnailUrl":"https:\/\/www.guerini.it\/wp-content\/uploads\/2025\/12\/IL-PROBLEMA-SIAMO-NOI_9788862503556.webp","datePublished":"2025-12-09T10:29:50+00:00","dateModified":"2026-01-19T14:29:45+00:00","description":"Una raccolta di appunti e spunti che stimolano il pensiero critico, tra intelligenza artificiale, lavoro e comunicazione.","breadcrumb":{"@id":"https:\/\/www.guerini.it\/index.php\/prodotto\/il-problema-siamo-noi\/#breadcrumb"},"inLanguage":"it-IT","potentialAction":[{"@type":"ReadAction","target":["https:\/\/www.guerini.it\/index.php\/prodotto\/il-problema-siamo-noi\/"]}]},{"@type":"ImageObject","inLanguage":"it-IT","@id":"https:\/\/www.guerini.it\/index.php\/prodotto\/il-problema-siamo-noi\/#primaryimage","url":"https:\/\/www.guerini.it\/wp-content\/uploads\/2025\/12\/IL-PROBLEMA-SIAMO-NOI_9788862503556.webp","contentUrl":"https:\/\/www.guerini.it\/wp-content\/uploads\/2025\/12\/IL-PROBLEMA-SIAMO-NOI_9788862503556.webp","width":643,"height":1000,"caption":"Front cover di D. Broggi, Il problema siamo noi, Guerini e Associati, 2026"},{"@type":"BreadcrumbList","@id":"https:\/\/www.guerini.it\/index.php\/prodotto\/il-problema-siamo-noi\/#breadcrumb","itemListElement":[{"@type":"ListItem","position":1,"name":"Home","item":"https:\/\/www.guerini.it\/"},{"@type":"ListItem","position":2,"name":"Catalogo","item":"https:\/\/www.guerini.it\/index.php\/negozio\/"},{"@type":"ListItem","position":3,"name":"Il problema siamo noi"}]},{"@type":"WebSite","@id":"https:\/\/www.guerini.it\/#website","url":"https:\/\/www.guerini.it\/","name":"Guerini e Associati","description":"30 anni di libri, idee e libert\u00e0","publisher":{"@id":"https:\/\/www.guerini.it\/#organization"},"potentialAction":[{"@type":"SearchAction","target":{"@type":"EntryPoint","urlTemplate":"https:\/\/www.guerini.it\/?s={search_term_string}"},"query-input":{"@type":"PropertyValueSpecification","valueRequired":true,"valueName":"search_term_string"}}],"inLanguage":"it-IT"},{"@type":"Organization","@id":"https:\/\/www.guerini.it\/#organization","name":"Guerini e Associati","url":"https:\/\/www.guerini.it\/","logo":{"@type":"ImageObject","inLanguage":"it-IT","@id":"https:\/\/www.guerini.it\/#\/schema\/logo\/image\/","url":"https:\/\/www.guerini.it\/wp-content\/uploads\/2021\/03\/Logo-Guerini-OK_-e1615831292285.png","contentUrl":"https:\/\/www.guerini.it\/wp-content\/uploads\/2021\/03\/Logo-Guerini-OK_-e1615831292285.png","width":2805,"height":1870,"caption":"Guerini e Associati"},"image":{"@id":"https:\/\/www.guerini.it\/#\/schema\/logo\/image\/"}}]}},"_links":{"self":[{"href":"https:\/\/www.guerini.it\/index.php\/wp-json\/wp\/v2\/product\/25996","targetHints":{"allow":["GET"]}}],"collection":[{"href":"https:\/\/www.guerini.it\/index.php\/wp-json\/wp\/v2\/product"}],"about":[{"href":"https:\/\/www.guerini.it\/index.php\/wp-json\/wp\/v2\/types\/product"}],"wp:featuredmedia":[{"embeddable":true,"href":"https:\/\/www.guerini.it\/index.php\/wp-json\/wp\/v2\/media\/25999"}],"wp:attachment":[{"href":"https:\/\/www.guerini.it\/index.php\/wp-json\/wp\/v2\/media?parent=25996"}],"wp:term":[{"taxonomy":"product_brand","embeddable":true,"href":"https:\/\/www.guerini.it\/index.php\/wp-json\/wp\/v2\/product_brand?post=25996"},{"taxonomy":"product_cat","embeddable":true,"href":"https:\/\/www.guerini.it\/index.php\/wp-json\/wp\/v2\/product_cat?post=25996"},{"taxonomy":"product_tag","embeddable":true,"href":"https:\/\/www.guerini.it\/index.php\/wp-json\/wp\/v2\/product_tag?post=25996"}],"curies":[{"name":"wp","href":"https:\/\/api.w.org\/{rel}","templated":true}]}}

<p style="text-align: justify;">Mentre algoritmi e macchine imparano a elaborare dati, prevedere scelte e sostituire attività umane, la vera sfida resta quella di sempre: il nostro modo di pensare, decidere e convivere.<br />
La tecnologia non inventa nuovi difetti, li amplifica: superficialità, distrazione, mancanza di visione.<br />
In queste pagine, Danilo Broggi raccoglie cinque anni di riflessioni pubblicate sul mensile <em>Longitude,</em> attraversando scenari che spaziano dall’economia globale alla geopolitica, dall’ambiente al lavoro, dalla salute alla cultura digitale.<br />
Ogni saggio mostra come la tecnologia non crei problemi nuovi, ma metta in luce i limiti antichi delle nostre società: brame di potere, miopia politica e sociale, incapacità di costruire futuro, difficoltà nel collaborare.<br />
Questo testo non è un atto d’accusa contro l’innovazione esponenziale o l’Intelligenza Artificiale, ma un invito a ripensare a noi stessi: a riscoprire la forza della collaborazione, il valore della comunità e la responsabilità condivisa.<br />
Perché la vera partita non si gioca tra uomo e macchina, ma tra società disgregata e società consapevole.</p>
<hr />
<p style="text-align: justify;"><strong>Danilo Broggi</strong>, nato a Milano nel 1960, imprenditore e startupper, manager pubblico e privato, già presidente nazionale di Confapi (Confederazione italiana della piccola e media industria), amministratore delegato di Consip e Atac, presidente di Retelit e PosteAssicura, consigliere di amministrazione di aziende private di diversi settori (banche e finanza, assicurazioni, industria e servizi), presidente in carica del Centro per la Cultura di Impresa. Per le nostre edizioni ha pubblicato <em>Diario di bordo. Tra innovazione e cambiamento</em> (2018) e <em>Connessi e confusi. Orientarsi nell’oceano dell’innovazione</em> (2022).</p>

<p>Mentre algoritmi e macchine imparano a elaborare dati, prevedere scelte e sostituire attività umane, la vera sfida resta quella di sempre: il nostro modo di pensare, decidere e convivere. La [&hellip;]</p>

30 anni di libri, idee e libertà
