{"id":26009,"date":"2025-12-10T11:00:51","date_gmt":"2025-12-10T10:00:51","guid":{"rendered":"https:\/\/www.guerini.it\/?post_type=product&#038;p=26009"},"modified":"2026-01-22T15:27:00","modified_gmt":"2026-01-22T14:27:00","slug":"famiglia-e-impresa","status":"publish","type":"product","link":"https:\/\/www.guerini.it\/index.php\/prodotto\/famiglia-e-impresa\/","title":{"rendered":"Famiglia e impresa"},"content":{"rendered":"<p style=\"text-align: justify;\">Le scelte quotidiane lasciano sempre un segno, anche quando l\u2019impatto non sembra immediatamente visibile. Le aziende familiari, in particolare, si muovono tra memoria e innovazione, radici e contemporaneit\u00e0, sicurezza e rischio. Dietro ogni decisione si nasconde una tensione potente tra ci\u00f2 che va preservato e ci\u00f2 che deve trasformarsi, tra identit\u00e0 e possibilit\u00e0 di crescita. Anche nelle famiglie che sono alla base di questo tipo di imprese. Oggi pi\u00f9 che mai \u00e8 necessario intraprendere un percorso di riflessione e azione, esplorando temi fondamentali come l\u2019imprenditoria giovanile, la selezione e l\u2019organizzazione delle idee e della creativit\u00e0 individuale, lo sviluppo di un capitale personale fatto di relazioni, cultura e presenza sul mercato. Questo libro \u00e8 una mappa per chi desidera affrontare la complessit\u00e0 dell\u2019impresa e della famiglia con consapevolezza, valorizzando le differenze, riscoprendo i legami e coltivando il coraggio di immaginare e costruire nuove strade; \u00e8 anche una bussola che aiuta a guardare oltre il consueto, a trasformare la quotidianit\u00e0 in occasione di crescita e restituire senso e dignit\u00e0 al cambiamento, alla creativit\u00e0 e a un\u2019identit\u00e0 condivisa.<\/p>\n<hr \/>\n<p style=\"text-align: justify;\"><strong>Franco Cesaro<\/strong> \u00e8 fondatore della Cesaro &amp; Associati, che coniuga i valori dell\u2019impresa e della famiglia. I suoi studi si concentrano sulle organizzazioni che investono sulla cultura per sviluppare i talenti. \u00c8 docente all\u2019Universit\u00e0 degli Studi di Milano e lo \u00e8 stato a quella di Verona. Per le nostre edizioni \u00e8 autore di <em>Non ne posso pi\u00f9 dei venditori<\/em> (2003), <em>Piccoli e scatenati<\/em> (2004), <em>Racconti di fabbrica<\/em> (2011), <em>L\u2019ho fatto per voi<\/em> (2012) e <em>Mi t\u2019ho fato mi te desfo (Io ti ho fatto, io ti distruggo)<\/em> (2023).<\/p>\n<p><strong>Nicola Flores<\/strong> nasce nel 1986, anno di fondazione dello Studio Cesaro. \u00c8 psicologo e psicoterapeuta, dirigente commerciale di un\u2019azienda internazionalizzata e gi\u00e0 docente universitario. Ha provato a unire competenze umanistiche e visione aziendale, cercando di comprendere dall\u2019interno dinamiche, opportunit\u00e0 e fragilit\u00e0 delle imprese a conduzione familiare.<\/p>\n","protected":false},"excerpt":{"rendered":"<p>Le scelte quotidiane lasciano sempre un segno, anche quando l\u2019impatto non sembra immediatamente visibile. Le aziende familiari, in particolare, si muovono tra memoria e innovazione, radici e contemporaneit\u00e0, sicurezza e [&hellip;]<\/p>\n","protected":false},"featured_media":26010,"template":"","meta":{"_editorskit_title_hidden":false,"_editorskit_reading_time":0,"_editorskit_is_block_options_detached":false,"_editorskit_block_options_position":"{}","_monsterinsights_skip_tracking":false,"_monsterinsights_sitenote_active":false,"_monsterinsights_sitenote_note":"","_monsterinsights_sitenote_category":0},"product_brand":[],"product_cat":[6805,13485,6728],"product_tag":[10981,10979,10749,11248],"class_list":{"0":"post-26009","1":"product","2":"type-product","3":"status-publish","4":"has-post-thumbnail","6":"product_cat-guerini-next","7":"product_cat-passaggio-generazionale","8":"product_cat-ultime_novita","9":"product_tag-consulenza","10":"product_tag-imprese-familiari","11":"product_tag-organizzazione-aziendale","12":"product_tag-passaggio-generazionale","13":"pa_guerini_amazon_link-https-www-amazon-it-famiglia-impresa-sopravvivere-tempeste-generazionali-dp-8868966220","14":"pa_guerini_feltrinelli_link-https-www-lafeltrinelli-it-famiglia-impresa-metodo-pratico-per-libro-franco-cesaro-flores-e-9788868966225","15":"pa_guerini_ibs_link-https-www-ibs-it-famiglia-impresa-metodo-pratico-per-libro-franco-cesaro-flores-e-9788868966225","16":"pa_guerini_libruniver_link-https-www-libreriauniversitaria-it-famiglia-impresa-metodo-pratico-sopravvivere-libro-9788868966225","17":"pa_guerini_mondadori_link-https-www-mondadoristore-it-famiglia_e_impresa-_un_metodo_pratico_per_sopravvivere_alle_tempeste_generazionali-p-9788868966225","19":"first","20":"instock","21":"shipping-taxable","22":"purchasable","23":"product-type-simple"},"yoast_head":"<!-- This site is optimized with the Yoast SEO plugin v25.4 - https:\/\/yoast.com\/wordpress\/plugins\/seo\/ -->\n<title>Franco Cesaro, Nicola Flores, Famiglia e impresa - Guerini Editore<\/title>\n<meta name=\"description\" content=\"Questo libro \u00e8 una mappa per chi desidera affrontare la complessit\u00e0 dell\u2019impresa e della famiglia con consapevolezza, una bussola che aiuta a restituire senso e dignit\u00e0 al cambiamento, alla creativit\u00e0 e a un\u2019identit\u00e0 condivisa.\" \/>\n<meta name=\"robots\" content=\"index, follow, max-snippet:-1, max-image-preview:large, max-video-preview:-1\" \/>\n<link rel=\"canonical\" href=\"https:\/\/www.guerini.it\/index.php\/prodotto\/famiglia-e-impresa\/\" \/>\n<meta property=\"og:locale\" content=\"it_IT\" \/>\n<meta property=\"og:type\" content=\"article\" \/>\n<meta property=\"og:title\" content=\"Franco Cesaro, Nicola Flores, Famiglia e impresa - Guerini Editore\" \/>\n<meta property=\"og:description\" content=\"Questo libro \u00e8 una mappa per chi desidera affrontare la complessit\u00e0 dell\u2019impresa e della famiglia con consapevolezza, una bussola che aiuta a restituire senso e dignit\u00e0 al cambiamento, alla creativit\u00e0 e a un\u2019identit\u00e0 condivisa.\" \/>\n<meta property=\"og:url\" content=\"https:\/\/www.guerini.it\/index.php\/prodotto\/famiglia-e-impresa\/\" \/>\n<meta property=\"og:site_name\" content=\"Guerini e Associati\" \/>\n<meta property=\"article:modified_time\" content=\"2026-01-22T14:27:00+00:00\" \/>\n<meta property=\"og:image\" content=\"https:\/\/www.guerini.it\/wp-content\/uploads\/2025\/12\/FAMIGLIA-E-IMPRESA_9788868966225.webp\" \/>\n\t<meta property=\"og:image:width\" content=\"615\" \/>\n\t<meta property=\"og:image:height\" content=\"1000\" \/>\n\t<meta property=\"og:image:type\" content=\"image\/webp\" \/>\n<meta name=\"twitter:card\" content=\"summary_large_image\" \/>\n<meta name=\"twitter:label1\" content=\"Tempo di lettura stimato\" \/>\n\t<meta name=\"twitter:data1\" content=\"2 minuti\" \/>\n<!-- \/ Yoast SEO plugin. -->","yoast_head_json":{"title":"Franco Cesaro, Nicola Flores, Famiglia e impresa - Guerini Editore","description":"Questo libro \u00e8 una mappa per chi desidera affrontare la complessit\u00e0 dell\u2019impresa e della famiglia con consapevolezza, una bussola che aiuta a restituire senso e dignit\u00e0 al cambiamento, alla creativit\u00e0 e a un\u2019identit\u00e0 condivisa.","robots":{"index":"index","follow":"follow","max-snippet":"max-snippet:-1","max-image-preview":"max-image-preview:large","max-video-preview":"max-video-preview:-1"},"canonical":"https:\/\/www.guerini.it\/index.php\/prodotto\/famiglia-e-impresa\/","og_locale":"it_IT","og_type":"article","og_title":"Franco Cesaro, Nicola Flores, Famiglia e impresa - Guerini Editore","og_description":"Questo libro \u00e8 una mappa per chi desidera affrontare la complessit\u00e0 dell\u2019impresa e della famiglia con consapevolezza, una bussola che aiuta a restituire senso e dignit\u00e0 al cambiamento, alla creativit\u00e0 e a un\u2019identit\u00e0 condivisa.","og_url":"https:\/\/www.guerini.it\/index.php\/prodotto\/famiglia-e-impresa\/","og_site_name":"Guerini e Associati","article_modified_time":"2026-01-22T14:27:00+00:00","og_image":[{"width":615,"height":1000,"url":"https:\/\/www.guerini.it\/wp-content\/uploads\/2025\/12\/FAMIGLIA-E-IMPRESA_9788868966225.webp","type":"image\/webp"}],"twitter_card":"summary_large_image","twitter_misc":{"Tempo di lettura stimato":"2 minuti"},"schema":{"@context":"https:\/\/schema.org","@graph":[{"@type":"WebPage","@id":"https:\/\/www.guerini.it\/index.php\/prodotto\/famiglia-e-impresa\/","url":"https:\/\/www.guerini.it\/index.php\/prodotto\/famiglia-e-impresa\/","name":"Franco Cesaro, Nicola Flores, Famiglia e impresa - Guerini Editore","isPartOf":{"@id":"https:\/\/www.guerini.it\/#website"},"primaryImageOfPage":{"@id":"https:\/\/www.guerini.it\/index.php\/prodotto\/famiglia-e-impresa\/#primaryimage"},"image":{"@id":"https:\/\/www.guerini.it\/index.php\/prodotto\/famiglia-e-impresa\/#primaryimage"},"thumbnailUrl":"https:\/\/www.guerini.it\/wp-content\/uploads\/2025\/12\/FAMIGLIA-E-IMPRESA_9788868966225.webp","datePublished":"2025-12-10T10:00:51+00:00","dateModified":"2026-01-22T14:27:00+00:00","description":"Questo libro \u00e8 una mappa per chi desidera affrontare la complessit\u00e0 dell\u2019impresa e della famiglia con consapevolezza, una bussola che aiuta a restituire senso e dignit\u00e0 al cambiamento, alla creativit\u00e0 e a un\u2019identit\u00e0 condivisa.","breadcrumb":{"@id":"https:\/\/www.guerini.it\/index.php\/prodotto\/famiglia-e-impresa\/#breadcrumb"},"inLanguage":"it-IT","potentialAction":[{"@type":"ReadAction","target":["https:\/\/www.guerini.it\/index.php\/prodotto\/famiglia-e-impresa\/"]}]},{"@type":"ImageObject","inLanguage":"it-IT","@id":"https:\/\/www.guerini.it\/index.php\/prodotto\/famiglia-e-impresa\/#primaryimage","url":"https:\/\/www.guerini.it\/wp-content\/uploads\/2025\/12\/FAMIGLIA-E-IMPRESA_9788868966225.webp","contentUrl":"https:\/\/www.guerini.it\/wp-content\/uploads\/2025\/12\/FAMIGLIA-E-IMPRESA_9788868966225.webp","width":615,"height":1000,"caption":"Front Cover di F. Cesaro, N. Flores, Famiglia e impresa, Guerini Next, 2026"},{"@type":"BreadcrumbList","@id":"https:\/\/www.guerini.it\/index.php\/prodotto\/famiglia-e-impresa\/#breadcrumb","itemListElement":[{"@type":"ListItem","position":1,"name":"Home","item":"https:\/\/www.guerini.it\/"},{"@type":"ListItem","position":2,"name":"Catalogo","item":"https:\/\/www.guerini.it\/index.php\/negozio\/"},{"@type":"ListItem","position":3,"name":"Famiglia e impresa"}]},{"@type":"WebSite","@id":"https:\/\/www.guerini.it\/#website","url":"https:\/\/www.guerini.it\/","name":"Guerini e Associati","description":"30 anni di libri, idee e libert\u00e0","publisher":{"@id":"https:\/\/www.guerini.it\/#organization"},"potentialAction":[{"@type":"SearchAction","target":{"@type":"EntryPoint","urlTemplate":"https:\/\/www.guerini.it\/?s={search_term_string}"},"query-input":{"@type":"PropertyValueSpecification","valueRequired":true,"valueName":"search_term_string"}}],"inLanguage":"it-IT"},{"@type":"Organization","@id":"https:\/\/www.guerini.it\/#organization","name":"Guerini e Associati","url":"https:\/\/www.guerini.it\/","logo":{"@type":"ImageObject","inLanguage":"it-IT","@id":"https:\/\/www.guerini.it\/#\/schema\/logo\/image\/","url":"https:\/\/www.guerini.it\/wp-content\/uploads\/2021\/03\/Logo-Guerini-OK_-e1615831292285.png","contentUrl":"https:\/\/www.guerini.it\/wp-content\/uploads\/2021\/03\/Logo-Guerini-OK_-e1615831292285.png","width":2805,"height":1870,"caption":"Guerini e Associati"},"image":{"@id":"https:\/\/www.guerini.it\/#\/schema\/logo\/image\/"}}]}},"_links":{"self":[{"href":"https:\/\/www.guerini.it\/index.php\/wp-json\/wp\/v2\/product\/26009","targetHints":{"allow":["GET"]}}],"collection":[{"href":"https:\/\/www.guerini.it\/index.php\/wp-json\/wp\/v2\/product"}],"about":[{"href":"https:\/\/www.guerini.it\/index.php\/wp-json\/wp\/v2\/types\/product"}],"wp:featuredmedia":[{"embeddable":true,"href":"https:\/\/www.guerini.it\/index.php\/wp-json\/wp\/v2\/media\/26010"}],"wp:attachment":[{"href":"https:\/\/www.guerini.it\/index.php\/wp-json\/wp\/v2\/media?parent=26009"}],"wp:term":[{"taxonomy":"product_brand","embeddable":true,"href":"https:\/\/www.guerini.it\/index.php\/wp-json\/wp\/v2\/product_brand?post=26009"},{"taxonomy":"product_cat","embeddable":true,"href":"https:\/\/www.guerini.it\/index.php\/wp-json\/wp\/v2\/product_cat?post=26009"},{"taxonomy":"product_tag","embeddable":true,"href":"https:\/\/www.guerini.it\/index.php\/wp-json\/wp\/v2\/product_tag?post=26009"}],"curies":[{"name":"wp","href":"https:\/\/api.w.org\/{rel}","templated":true}]}}