{"id":26300,"date":"2026-04-21T16:36:02","date_gmt":"2026-04-21T14:36:02","guid":{"rendered":"https:\/\/www.guerini.it\/?post_type=product&#038;p=26300"},"modified":"2026-04-21T16:39:12","modified_gmt":"2026-04-21T14:39:12","slug":"vite-al-lavoro","status":"publish","type":"product","link":"https:\/\/www.guerini.it\/index.php\/prodotto\/vite-al-lavoro\/","title":{"rendered":"Vite al lavoro"},"content":{"rendered":"<p style=\"text-align: justify;\">Il lavoro sta cambiando pelle. In un\u2019epoca dominata dall\u2019intelligenza artificiale e da trasformazioni demografiche senza precedenti, il capitale umano non \u00e8 pi\u00f9 solo una risorsa produttiva ma una materia prima rara e preziosa da coltivare con cura. Questo volume esplora le quattro dimensioni di disuguaglianza che hanno ispirato il progetto LISA (<em>Learning, Inclusion, Salary, Ageing<\/em>), che rappresentano sfide cruciali di un territorio strategico come l\u2019Insubria, vero laboratorio a cielo aperto delle dinamiche transfrontaliere tra Italia e Svizzera. Attraverso un\u2019analisi intersezionale, gli autori affrontano i temi dell\u2019apprendimento permanente, dell\u2019inclusione dei lavoratori stranieri, del divario retributivo di genere e dell\u2019invecchiamento della forza lavoro.<br \/>\nNon si tratta solo di una diagnosi delle patologie del mercato occupazionale ma di una proposta operativa per manager, stakeholder e decisori politici. L\u2019obiettivo \u00e8 trasformare le disuguaglianze in opportunit\u00e0, promuovendo modelli di gestione capaci di coniugare competitivit\u00e0 aziendale, equit\u00e0 sociale e benessere individuale. Una bussola indispensabile per orientarsi nelle incertezze del presente e costruire un futuro lavorativo pi\u00f9 sostenibile.<\/p>\n<hr \/>\n<p style=\"text-align: justify;\"><strong>Eliana Alessandra Minelli<\/strong> \u00e8 professoressa associata di Organizzazione aziendale presso l\u2019Universit\u00e0 Carlo Cattaneo \u2013 LIUC. Nel corso della sua carriera ha coordinato numerosi progetti di ricerca a livello nazionale e internazionale, con particolare attenzione ai temi dell\u2019organizzazione, della gestione delle risorse umane e dell\u2019innovazione sociale. \u00c8 attualmente coordinatrice scientifica del progetto LISA, finanziato da Fondazione Cariplo. In qualit\u00e0 di delegata del Rettore, promuove iniziative e politiche a favore dell\u2019equit\u00e0 e dell\u2019inclusione in ambito universitario.<\/p>\n","protected":false},"excerpt":{"rendered":"<p>Il lavoro sta cambiando pelle. In un\u2019epoca dominata dall\u2019intelligenza artificiale e da trasformazioni demografiche senza precedenti, il capitale umano non \u00e8 pi\u00f9 solo una risorsa produttiva ma una materia prima [&hellip;]<\/p>\n","protected":false},"featured_media":26301,"template":"","meta":{"_editorskit_title_hidden":false,"_editorskit_reading_time":0,"_editorskit_is_block_options_detached":false,"_editorskit_block_options_position":"{}","_monsterinsights_skip_tracking":false,"_monsterinsights_sitenote_active":false,"_monsterinsights_sitenote_note":"","_monsterinsights_sitenote_category":0},"product_brand":[],"product_cat":[6730,6805,6700],"product_tag":[13755,13750,13754,13752,13753,13756,13751],"class_list":{"0":"post-26300","1":"product","2":"type-product","3":"status-publish","4":"has-post-thumbnail","6":"product_cat-coming_soon","7":"product_cat-guerini-next","8":"product_cat-universita-cattaneo-libri","9":"product_tag-apprendimento-permanente","10":"product_tag-capitale-umano","11":"product_tag-inclusione-sociale","12":"product_tag-insubria","13":"product_tag-intersezionalita","14":"product_tag-invecchiamento-attivo","15":"product_tag-mercato-del-lavoro","17":"first","18":"instock","19":"sale","20":"shipping-taxable","21":"purchasable","22":"product-type-simple"},"yoast_head":"<!-- This site is optimized with the Yoast SEO plugin v25.4 - https:\/\/yoast.com\/wordpress\/plugins\/seo\/ -->\n<title>Vite al lavoro, a cura di E. A. Minelli - Guerini Editore<\/title>\n<meta name=\"description\" content=\"Una proposta operativa per manager, stakeholder e decisori politici, al fine di trasformare le disuguaglianze in opportunit\u00e0.\" \/>\n<meta name=\"robots\" content=\"index, follow, max-snippet:-1, max-image-preview:large, max-video-preview:-1\" \/>\n<link rel=\"canonical\" href=\"https:\/\/www.guerini.it\/index.php\/prodotto\/vite-al-lavoro\/\" \/>\n<meta property=\"og:locale\" content=\"it_IT\" \/>\n<meta property=\"og:type\" content=\"article\" \/>\n<meta property=\"og:title\" content=\"Vite al lavoro, a cura di E. A. Minelli - Guerini Editore\" \/>\n<meta property=\"og:description\" content=\"Una proposta operativa per manager, stakeholder e decisori politici, al fine di trasformare le disuguaglianze in opportunit\u00e0.\" \/>\n<meta property=\"og:url\" content=\"https:\/\/www.guerini.it\/index.php\/prodotto\/vite-al-lavoro\/\" \/>\n<meta property=\"og:site_name\" content=\"Guerini e Associati\" \/>\n<meta property=\"article:modified_time\" content=\"2026-04-21T14:39:12+00:00\" \/>\n<meta property=\"og:image\" content=\"https:\/\/www.guerini.it\/wp-content\/uploads\/2026\/04\/VITE-AL-LAVORO_9788868966485.jpg\" \/>\n\t<meta property=\"og:image:width\" content=\"652\" \/>\n\t<meta property=\"og:image:height\" content=\"1000\" \/>\n\t<meta property=\"og:image:type\" content=\"image\/jpeg\" \/>\n<meta name=\"twitter:card\" content=\"summary_large_image\" \/>\n<meta name=\"twitter:label1\" content=\"Tempo di lettura stimato\" \/>\n\t<meta name=\"twitter:data1\" content=\"2 minuti\" \/>\n<!-- \/ Yoast SEO plugin. -->","yoast_head_json":{"title":"Vite al lavoro, a cura di E. A. Minelli - Guerini Editore","description":"Una proposta operativa per manager, stakeholder e decisori politici, al fine di trasformare le disuguaglianze in opportunit\u00e0.","robots":{"index":"index","follow":"follow","max-snippet":"max-snippet:-1","max-image-preview":"max-image-preview:large","max-video-preview":"max-video-preview:-1"},"canonical":"https:\/\/www.guerini.it\/index.php\/prodotto\/vite-al-lavoro\/","og_locale":"it_IT","og_type":"article","og_title":"Vite al lavoro, a cura di E. A. Minelli - Guerini Editore","og_description":"Una proposta operativa per manager, stakeholder e decisori politici, al fine di trasformare le disuguaglianze in opportunit\u00e0.","og_url":"https:\/\/www.guerini.it\/index.php\/prodotto\/vite-al-lavoro\/","og_site_name":"Guerini e Associati","article_modified_time":"2026-04-21T14:39:12+00:00","og_image":[{"width":652,"height":1000,"url":"https:\/\/www.guerini.it\/wp-content\/uploads\/2026\/04\/VITE-AL-LAVORO_9788868966485.jpg","type":"image\/jpeg"}],"twitter_card":"summary_large_image","twitter_misc":{"Tempo di lettura stimato":"2 minuti"},"schema":{"@context":"https:\/\/schema.org","@graph":[{"@type":"WebPage","@id":"https:\/\/www.guerini.it\/index.php\/prodotto\/vite-al-lavoro\/","url":"https:\/\/www.guerini.it\/index.php\/prodotto\/vite-al-lavoro\/","name":"Vite al lavoro, a cura di E. A. Minelli - Guerini Editore","isPartOf":{"@id":"https:\/\/www.guerini.it\/#website"},"primaryImageOfPage":{"@id":"https:\/\/www.guerini.it\/index.php\/prodotto\/vite-al-lavoro\/#primaryimage"},"image":{"@id":"https:\/\/www.guerini.it\/index.php\/prodotto\/vite-al-lavoro\/#primaryimage"},"thumbnailUrl":"https:\/\/www.guerini.it\/wp-content\/uploads\/2026\/04\/VITE-AL-LAVORO_9788868966485.jpg","datePublished":"2026-04-21T14:36:02+00:00","dateModified":"2026-04-21T14:39:12+00:00","description":"Una proposta operativa per manager, stakeholder e decisori politici, al fine di trasformare le disuguaglianze in opportunit\u00e0.","breadcrumb":{"@id":"https:\/\/www.guerini.it\/index.php\/prodotto\/vite-al-lavoro\/#breadcrumb"},"inLanguage":"it-IT","potentialAction":[{"@type":"ReadAction","target":["https:\/\/www.guerini.it\/index.php\/prodotto\/vite-al-lavoro\/"]}]},{"@type":"ImageObject","inLanguage":"it-IT","@id":"https:\/\/www.guerini.it\/index.php\/prodotto\/vite-al-lavoro\/#primaryimage","url":"https:\/\/www.guerini.it\/wp-content\/uploads\/2026\/04\/VITE-AL-LAVORO_9788868966485.jpg","contentUrl":"https:\/\/www.guerini.it\/wp-content\/uploads\/2026\/04\/VITE-AL-LAVORO_9788868966485.jpg","width":652,"height":1000,"caption":"Front cover di Vite al lavoro, a cura di E. A. Minelli, Guerini Next, 2026"},{"@type":"BreadcrumbList","@id":"https:\/\/www.guerini.it\/index.php\/prodotto\/vite-al-lavoro\/#breadcrumb","itemListElement":[{"@type":"ListItem","position":1,"name":"Home","item":"https:\/\/www.guerini.it\/"},{"@type":"ListItem","position":2,"name":"Catalogo","item":"https:\/\/www.guerini.it\/index.php\/negozio\/"},{"@type":"ListItem","position":3,"name":"Vite al lavoro"}]},{"@type":"WebSite","@id":"https:\/\/www.guerini.it\/#website","url":"https:\/\/www.guerini.it\/","name":"Guerini e Associati","description":"30 anni di libri, idee e libert\u00e0","publisher":{"@id":"https:\/\/www.guerini.it\/#organization"},"potentialAction":[{"@type":"SearchAction","target":{"@type":"EntryPoint","urlTemplate":"https:\/\/www.guerini.it\/?s={search_term_string}"},"query-input":{"@type":"PropertyValueSpecification","valueRequired":true,"valueName":"search_term_string"}}],"inLanguage":"it-IT"},{"@type":"Organization","@id":"https:\/\/www.guerini.it\/#organization","name":"Guerini e Associati","url":"https:\/\/www.guerini.it\/","logo":{"@type":"ImageObject","inLanguage":"it-IT","@id":"https:\/\/www.guerini.it\/#\/schema\/logo\/image\/","url":"https:\/\/www.guerini.it\/wp-content\/uploads\/2021\/03\/Logo-Guerini-OK_-e1615831292285.png","contentUrl":"https:\/\/www.guerini.it\/wp-content\/uploads\/2021\/03\/Logo-Guerini-OK_-e1615831292285.png","width":2805,"height":1870,"caption":"Guerini e Associati"},"image":{"@id":"https:\/\/www.guerini.it\/#\/schema\/logo\/image\/"}}]}},"_links":{"self":[{"href":"https:\/\/www.guerini.it\/index.php\/wp-json\/wp\/v2\/product\/26300","targetHints":{"allow":["GET"]}}],"collection":[{"href":"https:\/\/www.guerini.it\/index.php\/wp-json\/wp\/v2\/product"}],"about":[{"href":"https:\/\/www.guerini.it\/index.php\/wp-json\/wp\/v2\/types\/product"}],"wp:featuredmedia":[{"embeddable":true,"href":"https:\/\/www.guerini.it\/index.php\/wp-json\/wp\/v2\/media\/26301"}],"wp:attachment":[{"href":"https:\/\/www.guerini.it\/index.php\/wp-json\/wp\/v2\/media?parent=26300"}],"wp:term":[{"taxonomy":"product_brand","embeddable":true,"href":"https:\/\/www.guerini.it\/index.php\/wp-json\/wp\/v2\/product_brand?post=26300"},{"taxonomy":"product_cat","embeddable":true,"href":"https:\/\/www.guerini.it\/index.php\/wp-json\/wp\/v2\/product_cat?post=26300"},{"taxonomy":"product_tag","embeddable":true,"href":"https:\/\/www.guerini.it\/index.php\/wp-json\/wp\/v2\/product_tag?post=26300"}],"curies":[{"name":"wp","href":"https:\/\/api.w.org\/{rel}","templated":true}]}}