{"id":26315,"date":"2026-04-29T11:54:58","date_gmt":"2026-04-29T09:54:58","guid":{"rendered":"https:\/\/www.guerini.it\/?post_type=product&#038;p=26315"},"modified":"2026-04-29T11:54:59","modified_gmt":"2026-04-29T09:54:59","slug":"verso-la-nuova-banca","status":"publish","type":"product","link":"https:\/\/www.guerini.it\/index.php\/prodotto\/verso-la-nuova-banca\/","title":{"rendered":"Verso la nuova banca"},"content":{"rendered":"<p style=\"text-align: right;\"><em>Poche persone nel settore dei servizi finanziari conoscono il campo di battaglia delle Challenger Bank meglio di Devie Mohan. In questo libro, l\u2019autrice offre un\u2019analisi per comprendere le ragioni della nascita di queste banche e i diversi modelli di business adottati dalle aziende fintech e dai colossi tecnologici per competere con gli istituti tradizionali. Una guida essenziale, tanto per chi si approccia oggi al settore bancario quanto per i professionisti di lunga data.<\/em><br \/>\nJim Marous<br \/>\ncoeditore di <em>The Financial Brand<\/em>, proprietario di <em>Digital Banking Report<\/em><br \/>\ne conduttore del podcast <em>Banking Transformed<\/em><\/p>\n<p style=\"text-align: right;\"><em>Nel nostro settore si avverte una mancanza di guide complete, e ancor meno sono gli esempi di prospettive imparziali e basate sulla ricerca; intanto il comparto continua a crescere, accogliendo ogni giorno nuovi professionisti. Ci\u00f2 che Devie Mohan ha realizzato \u00e8 un\u2019opera unica nel suo genere e una lettura imprescindibile per chiunque abbia un reale interesse per il fintech o per i servizi finanziari in generale.<\/em><br \/>\nDuena Blomstrom<br \/>\nautrice di <em>Emotional Banking<\/em> e cofondatrice e CEO di PeopleNotTech<\/p>\n<p>Il fintech non \u00e8 pi\u00f9 una minaccia per il sistema bancario, ma la sua pi\u00f9 grande opportunit\u00e0. Superata la fase competitiva, il successo oggi dipende dalla capacit\u00e0 di creare sinergie collaborative. Dai fondamenti di RegTech, robo-advisory e blockchain fino alla gestione delle finanze personali, si trovano qui vittorie e insuccessi dell\u2019integrazione tra banche e startup. Una guida operativa, con casi di studio globali e nazionali (Weltix ed Excellence Innovation), essenziale per dominare le sfide del mercato globale.<\/p>\n<hr \/>\n<p><strong>Devie Mohan<\/strong> \u00e8 un\u2019analista e consulente del settore fintech con base a Londra. \u00c8 cofondatrice e CEO di Burnmark, societ\u00e0 di ricerca dedicata al fintech. Collabora con la Think Forward Initiative del gruppo ING e fa parte del Comitato scientifico del <em>Journal of Digital Banking<\/em>. \u00c8 stata inserita nella top 10 di diverse classifiche sugli influencer pi\u00f9 significativi del settore.<\/p>\n<p><strong>Maurizio Primanni<\/strong> \u00e8 fondatore e presidente del Gruppo Excellence, specializzato nella consulenza manageriale, nella formazione e nell\u2019innovazione digitale. Sin dall\u2019avvio della sua attivit\u00e0 professionale in McKinsey &amp; Company ha lavorato con le principali istituzioni finanziarie in Italia e in Europa. Per le nostre edizioni ha pubblicato <em>Il consulente finanziario digitale<\/em> (2020), <em>La banca del terzo millennio<\/em> (2021) e <em>La nuova consulenza finanziaria<\/em> (2023).<\/p>\n","protected":false},"excerpt":{"rendered":"<p>Poche persone nel settore dei servizi finanziari conoscono il campo di battaglia delle Challenger Bank meglio di Devie Mohan. In questo libro, l\u2019autrice offre un\u2019analisi per comprendere le ragioni della [&hellip;]<\/p>\n","protected":false},"featured_media":26316,"template":"","meta":{"_editorskit_title_hidden":false,"_editorskit_reading_time":0,"_editorskit_is_block_options_detached":false,"_editorskit_block_options_position":"{}","_monsterinsights_skip_tracking":false,"_monsterinsights_sitenote_active":false,"_monsterinsights_sitenote_note":"","_monsterinsights_sitenote_category":0},"product_brand":[],"product_cat":[6730,6805,12530],"product_tag":[7495,13763,6761,13762,13764,13765,13761],"class_list":{"0":"post-26315","1":"product","2":"type-product","3":"status-publish","4":"has-post-thumbnail","6":"product_cat-coming_soon","7":"product_cat-guerini-next","8":"product_cat-strategia-e-gestione-delle-istituzioni-finanziarie","9":"product_tag-blockchain","10":"product_tag-digital-banking","11":"product_tag-fintech","12":"product_tag-innovazione-bancaria","13":"product_tag-regtech","14":"product_tag-robo-advisory","15":"product_tag-servizi-finanziari","17":"first","18":"instock","19":"sale","20":"shipping-taxable","21":"purchasable","22":"product-type-simple"},"yoast_head":"<!-- This site is optimized with the Yoast SEO plugin v25.4 - https:\/\/yoast.com\/wordpress\/plugins\/seo\/ -->\n<title>Devie Mohan, Verso la nuova banca - Guerini Editore<\/title>\n<meta name=\"description\" content=\"Una guida operativa, con casi di studio globali e nazionali (Weltix ed Excellence Innovation), essenziale per dominare le sfide del mercato globale.\" \/>\n<meta name=\"robots\" content=\"index, follow, max-snippet:-1, max-image-preview:large, max-video-preview:-1\" \/>\n<link rel=\"canonical\" href=\"https:\/\/www.guerini.it\/index.php\/prodotto\/verso-la-nuova-banca\/\" \/>\n<meta property=\"og:locale\" content=\"it_IT\" \/>\n<meta property=\"og:type\" content=\"article\" \/>\n<meta property=\"og:title\" content=\"Devie Mohan, Verso la nuova banca - Guerini Editore\" \/>\n<meta property=\"og:description\" content=\"Una guida operativa, con casi di studio globali e nazionali (Weltix ed Excellence Innovation), essenziale per dominare le sfide del mercato globale.\" \/>\n<meta property=\"og:url\" content=\"https:\/\/www.guerini.it\/index.php\/prodotto\/verso-la-nuova-banca\/\" \/>\n<meta property=\"og:site_name\" content=\"Guerini e Associati\" \/>\n<meta property=\"article:modified_time\" content=\"2026-04-29T09:54:59+00:00\" \/>\n<meta property=\"og:image\" content=\"https:\/\/www.guerini.it\/wp-content\/uploads\/2026\/04\/VERSO-LA-NUOVA-BANCA_978886896647.webp\" \/>\n\t<meta property=\"og:image:width\" content=\"643\" \/>\n\t<meta property=\"og:image:height\" content=\"1000\" \/>\n\t<meta property=\"og:image:type\" content=\"image\/webp\" \/>\n<meta name=\"twitter:card\" content=\"summary_large_image\" \/>\n<meta name=\"twitter:label1\" content=\"Tempo di lettura stimato\" \/>\n\t<meta name=\"twitter:data1\" content=\"3 minuti\" \/>\n<!-- \/ Yoast SEO plugin. -->","yoast_head_json":{"title":"Devie Mohan, Verso la nuova banca - Guerini Editore","description":"Una guida operativa, con casi di studio globali e nazionali (Weltix ed Excellence Innovation), essenziale per dominare le sfide del mercato globale.","robots":{"index":"index","follow":"follow","max-snippet":"max-snippet:-1","max-image-preview":"max-image-preview:large","max-video-preview":"max-video-preview:-1"},"canonical":"https:\/\/www.guerini.it\/index.php\/prodotto\/verso-la-nuova-banca\/","og_locale":"it_IT","og_type":"article","og_title":"Devie Mohan, Verso la nuova banca - Guerini Editore","og_description":"Una guida operativa, con casi di studio globali e nazionali (Weltix ed Excellence Innovation), essenziale per dominare le sfide del mercato globale.","og_url":"https:\/\/www.guerini.it\/index.php\/prodotto\/verso-la-nuova-banca\/","og_site_name":"Guerini e Associati","article_modified_time":"2026-04-29T09:54:59+00:00","og_image":[{"width":643,"height":1000,"url":"https:\/\/www.guerini.it\/wp-content\/uploads\/2026\/04\/VERSO-LA-NUOVA-BANCA_978886896647.webp","type":"image\/webp"}],"twitter_card":"summary_large_image","twitter_misc":{"Tempo di lettura stimato":"3 minuti"},"schema":{"@context":"https:\/\/schema.org","@graph":[{"@type":"WebPage","@id":"https:\/\/www.guerini.it\/index.php\/prodotto\/verso-la-nuova-banca\/","url":"https:\/\/www.guerini.it\/index.php\/prodotto\/verso-la-nuova-banca\/","name":"Devie Mohan, Verso la nuova banca - Guerini Editore","isPartOf":{"@id":"https:\/\/www.guerini.it\/#website"},"primaryImageOfPage":{"@id":"https:\/\/www.guerini.it\/index.php\/prodotto\/verso-la-nuova-banca\/#primaryimage"},"image":{"@id":"https:\/\/www.guerini.it\/index.php\/prodotto\/verso-la-nuova-banca\/#primaryimage"},"thumbnailUrl":"https:\/\/www.guerini.it\/wp-content\/uploads\/2026\/04\/VERSO-LA-NUOVA-BANCA_978886896647.webp","datePublished":"2026-04-29T09:54:58+00:00","dateModified":"2026-04-29T09:54:59+00:00","description":"Una guida operativa, con casi di studio globali e nazionali (Weltix ed Excellence Innovation), essenziale per dominare le sfide del mercato globale.","breadcrumb":{"@id":"https:\/\/www.guerini.it\/index.php\/prodotto\/verso-la-nuova-banca\/#breadcrumb"},"inLanguage":"it-IT","potentialAction":[{"@type":"ReadAction","target":["https:\/\/www.guerini.it\/index.php\/prodotto\/verso-la-nuova-banca\/"]}]},{"@type":"ImageObject","inLanguage":"it-IT","@id":"https:\/\/www.guerini.it\/index.php\/prodotto\/verso-la-nuova-banca\/#primaryimage","url":"https:\/\/www.guerini.it\/wp-content\/uploads\/2026\/04\/VERSO-LA-NUOVA-BANCA_978886896647.webp","contentUrl":"https:\/\/www.guerini.it\/wp-content\/uploads\/2026\/04\/VERSO-LA-NUOVA-BANCA_978886896647.webp","width":643,"height":1000,"caption":"Front cover di D. Mohan, Verso la nuova banca, Guerini Next, 2026"},{"@type":"BreadcrumbList","@id":"https:\/\/www.guerini.it\/index.php\/prodotto\/verso-la-nuova-banca\/#breadcrumb","itemListElement":[{"@type":"ListItem","position":1,"name":"Home","item":"https:\/\/www.guerini.it\/"},{"@type":"ListItem","position":2,"name":"Catalogo","item":"https:\/\/www.guerini.it\/index.php\/negozio\/"},{"@type":"ListItem","position":3,"name":"Verso la nuova banca"}]},{"@type":"WebSite","@id":"https:\/\/www.guerini.it\/#website","url":"https:\/\/www.guerini.it\/","name":"Guerini e Associati","description":"30 anni di libri, idee e libert\u00e0","publisher":{"@id":"https:\/\/www.guerini.it\/#organization"},"potentialAction":[{"@type":"SearchAction","target":{"@type":"EntryPoint","urlTemplate":"https:\/\/www.guerini.it\/?s={search_term_string}"},"query-input":{"@type":"PropertyValueSpecification","valueRequired":true,"valueName":"search_term_string"}}],"inLanguage":"it-IT"},{"@type":"Organization","@id":"https:\/\/www.guerini.it\/#organization","name":"Guerini e Associati","url":"https:\/\/www.guerini.it\/","logo":{"@type":"ImageObject","inLanguage":"it-IT","@id":"https:\/\/www.guerini.it\/#\/schema\/logo\/image\/","url":"https:\/\/www.guerini.it\/wp-content\/uploads\/2021\/03\/Logo-Guerini-OK_-e1615831292285.png","contentUrl":"https:\/\/www.guerini.it\/wp-content\/uploads\/2021\/03\/Logo-Guerini-OK_-e1615831292285.png","width":2805,"height":1870,"caption":"Guerini e Associati"},"image":{"@id":"https:\/\/www.guerini.it\/#\/schema\/logo\/image\/"}}]}},"_links":{"self":[{"href":"https:\/\/www.guerini.it\/index.php\/wp-json\/wp\/v2\/product\/26315","targetHints":{"allow":["GET"]}}],"collection":[{"href":"https:\/\/www.guerini.it\/index.php\/wp-json\/wp\/v2\/product"}],"about":[{"href":"https:\/\/www.guerini.it\/index.php\/wp-json\/wp\/v2\/types\/product"}],"wp:featuredmedia":[{"embeddable":true,"href":"https:\/\/www.guerini.it\/index.php\/wp-json\/wp\/v2\/media\/26316"}],"wp:attachment":[{"href":"https:\/\/www.guerini.it\/index.php\/wp-json\/wp\/v2\/media?parent=26315"}],"wp:term":[{"taxonomy":"product_brand","embeddable":true,"href":"https:\/\/www.guerini.it\/index.php\/wp-json\/wp\/v2\/product_brand?post=26315"},{"taxonomy":"product_cat","embeddable":true,"href":"https:\/\/www.guerini.it\/index.php\/wp-json\/wp\/v2\/product_cat?post=26315"},{"taxonomy":"product_tag","embeddable":true,"href":"https:\/\/www.guerini.it\/index.php\/wp-json\/wp\/v2\/product_tag?post=26315"}],"curies":[{"name":"wp","href":"https:\/\/api.w.org\/{rel}","templated":true}]}}