{"id":26490,"date":"2026-09-02T10:36:30","date_gmt":"2026-09-02T08:36:30","guid":{"rendered":"https:\/\/www.guerini.it\/?post_type=product&#038;p=26490"},"modified":"2026-09-02T10:36:30","modified_gmt":"2026-09-02T08:36:30","slug":"individualizzazione-e-attivismo","status":"publish","type":"product","link":"https:\/\/www.guerini.it\/index.php\/prodotto\/individualizzazione-e-attivismo\/","title":{"rendered":"Individualizzazione e attivismo"},"content":{"rendered":"<p style=\"text-align: justify;\">Il volume analizza le sfaccettature dell\u2019attivismo giovanile a partire dallo sfondo dei processi di individualizzazione caratteristici delle societ\u00e0 occidentali, processi che coinvolgono profondamente anche i repertori pratici e discorsivi delle forme di partecipazione politica. Sulla base di una pluralit\u00e0 di casi di studio italiani e internazionali, il volume indaga le modalit\u00e0 attraverso cui le esperienze di attivismo risignificano il rapporto tra soggettivit\u00e0 individuale e percezioni del futuro, immaginari, valori, orientamenti dell\u2019azione. Analizzando diverse aree dell\u2019azione collettiva contemporanea, il volume mette in luce come l\u2019agire politico sembri farsi sempre pi\u00f9 ibrido e intersezionale, radicandosi nei bisogni quotidiani e nei vissuti emotivi degli attori sociali, ma al tempo stesso proiettandosi su un piano globale e sistemico. L\u2019individualizzazione \u00e8 parte del senso comune ma le forme contemporanee di attivismo delle nuove generazioni non si limitano a reagire alle crisi della rappresentanza politica o alla frammentazione del sociale, piuttosto elaborano pratiche di ricomposizione simbolica e materiale che saldano insieme etica personale, cura di s\u00e9 e azione pubblica, dando vita a inedite forme di politicizzazione del privato e di soggettivazione collettiva. Il volume mette in luce come il piano dell\u2019esperienza individualizzata e quello della trasformazione sociopolitica abbiano cessato di essere dimensioni antitetiche, per trovare invece un terreno comune nelle pratiche di mutualismo, solidariet\u00e0, resistenza e immaginazione sociale.<\/p>\n<hr \/>\n<p style=\"text-align: justify;\"><strong>Enzo Colombo<\/strong> \u00e8 professore di Sociologia dei Processi culturali presso l\u2019Universit\u00e0 degli Studi di Milano. Insegna Cultura e Societ\u00e0 e <em>Globalization, Social Justice and Human Rights<\/em>. Si occupa soprattutto di processi di individualizzazione e multiculturalismo.<\/p>\n<p style=\"text-align: justify;\"><strong>Paola Rebughini<\/strong> \u00e8 professoressa di Sociologia dei Processi culturali presso l\u2019Universit\u00e0 degli Studi di Milano, dove insegna Culture della Comunicazione e <em>Globalization and cultural diversity<\/em>. Si occupa di teoria sociale e culturale, giovani, vita quotidiana e attivismo.<\/p>\n<p style=\"text-align: justify;\"><strong>Pasquale Schiano<\/strong> \u00e8 assegnista di ricerca presso il Dipartimento di Scienze sociali e politiche dell\u2019Universit\u00e0 degli Studi di Milano. Ha conseguito il dottorato di ricerca in Sociologia e Ricerca sociale presso l\u2019Universit\u00e0 di Bologna. I suoi interessi di ricerca riguardano i movimenti sociali, i processi di costruzione dell\u2019identit\u00e0 e le culture giovanili.<\/p>\n","protected":false},"excerpt":{"rendered":"<p>Il volume analizza le sfaccettature dell\u2019attivismo giovanile a partire dallo sfondo dei processi di individualizzazione caratteristici delle societ\u00e0 occidentali, processi che coinvolgono profondamente anche i repertori pratici e discorsivi delle [&hellip;]<\/p>\n","protected":false},"featured_media":26492,"template":"","meta":{"_editorskit_title_hidden":false,"_editorskit_reading_time":0,"_editorskit_is_block_options_detached":false,"_editorskit_block_options_position":"{}","_monsterinsights_skip_tracking":false,"_monsterinsights_sitenote_active":false,"_monsterinsights_sitenote_note":"","_monsterinsights_sitenote_category":0},"product_brand":[],"product_cat":[6730],"product_tag":[14010,14011,13753,14014,14012,14013,14015],"class_list":["post-26490","product","type-product","status-publish","has-post-thumbnail","product_cat-coming_soon","product_tag-attivismo-giovanile","product_tag-individualizzazione","product_tag-intersezionalita","product_tag-mutualismo","product_tag-partecipazione-politica","product_tag-soggettivazione","product_tag-trasformazione-sociopolitica","first","instock","sale","shipping-taxable","purchasable","product-type-simple"],"yoast_head":"<!-- This site is optimized with the Yoast SEO plugin v25.4 - https:\/\/yoast.com\/wordpress\/plugins\/seo\/ -->\n<title>Individualizzazione e attivismo, a cura di E. Colombo, P. Rebughini, P. Schiano - Guerini e Associati<\/title>\n<meta name=\"description\" content=\"Il volume analizza le sfaccettature dell\u2019attivismo giovanile a partire dai processi di individualizzazione caratteristici delle societ\u00e0 occidentali,\" \/>\n<meta name=\"robots\" content=\"index, follow, max-snippet:-1, max-image-preview:large, max-video-preview:-1\" \/>\n<link rel=\"canonical\" href=\"https:\/\/www.guerini.it\/index.php\/prodotto\/individualizzazione-e-attivismo\/\" \/>\n<meta property=\"og:locale\" content=\"it_IT\" \/>\n<meta property=\"og:type\" content=\"article\" \/>\n<meta property=\"og:title\" content=\"Individualizzazione e attivismo, a cura di E. Colombo, P. Rebughini, P. Schiano - Guerini e Associati\" \/>\n<meta property=\"og:description\" content=\"Il volume analizza le sfaccettature dell\u2019attivismo giovanile a partire dai processi di individualizzazione caratteristici delle societ\u00e0 occidentali,\" \/>\n<meta property=\"og:url\" content=\"https:\/\/www.guerini.it\/index.php\/prodotto\/individualizzazione-e-attivismo\/\" \/>\n<meta property=\"og:site_name\" content=\"Guerini e Associati\" \/>\n<meta property=\"og:image\" content=\"https:\/\/www.guerini.it\/wp-content\/uploads\/2026\/09\/9788881075119.webp\" \/>\n\t<meta property=\"og:image:width\" content=\"643\" \/>\n\t<meta property=\"og:image:height\" content=\"1000\" \/>\n\t<meta property=\"og:image:type\" content=\"image\/webp\" \/>\n<meta name=\"twitter:card\" content=\"summary_large_image\" \/>\n<meta name=\"twitter:label1\" content=\"Tempo di lettura stimato\" \/>\n\t<meta name=\"twitter:data1\" content=\"2 minuti\" \/>\n<!-- \/ Yoast SEO plugin. -->","yoast_head_json":{"title":"Individualizzazione e attivismo, a cura di E. Colombo, P. Rebughini, P. Schiano - Guerini e Associati","description":"Il volume analizza le sfaccettature dell\u2019attivismo giovanile a partire dai processi di individualizzazione caratteristici delle societ\u00e0 occidentali,","robots":{"index":"index","follow":"follow","max-snippet":"max-snippet:-1","max-image-preview":"max-image-preview:large","max-video-preview":"max-video-preview:-1"},"canonical":"https:\/\/www.guerini.it\/index.php\/prodotto\/individualizzazione-e-attivismo\/","og_locale":"it_IT","og_type":"article","og_title":"Individualizzazione e attivismo, a cura di E. Colombo, P. Rebughini, P. Schiano - Guerini e Associati","og_description":"Il volume analizza le sfaccettature dell\u2019attivismo giovanile a partire dai processi di individualizzazione caratteristici delle societ\u00e0 occidentali,","og_url":"https:\/\/www.guerini.it\/index.php\/prodotto\/individualizzazione-e-attivismo\/","og_site_name":"Guerini e Associati","og_image":[{"width":643,"height":1000,"url":"https:\/\/www.guerini.it\/wp-content\/uploads\/2026\/09\/9788881075119.webp","type":"image\/webp"}],"twitter_card":"summary_large_image","twitter_misc":{"Tempo di lettura stimato":"2 minuti"},"schema":{"@context":"https:\/\/schema.org","@graph":[{"@type":"WebPage","@id":"https:\/\/www.guerini.it\/index.php\/prodotto\/individualizzazione-e-attivismo\/","url":"https:\/\/www.guerini.it\/index.php\/prodotto\/individualizzazione-e-attivismo\/","name":"Individualizzazione e attivismo, a cura di E. Colombo, P. Rebughini, P. Schiano - Guerini e Associati","isPartOf":{"@id":"https:\/\/www.guerini.it\/#website"},"primaryImageOfPage":{"@id":"https:\/\/www.guerini.it\/index.php\/prodotto\/individualizzazione-e-attivismo\/#primaryimage"},"image":{"@id":"https:\/\/www.guerini.it\/index.php\/prodotto\/individualizzazione-e-attivismo\/#primaryimage"},"thumbnailUrl":"https:\/\/www.guerini.it\/wp-content\/uploads\/2026\/09\/9788881075119.webp","datePublished":"2026-09-02T08:36:30+00:00","description":"Il volume analizza le sfaccettature dell\u2019attivismo giovanile a partire dai processi di individualizzazione caratteristici delle societ\u00e0 occidentali,","breadcrumb":{"@id":"https:\/\/www.guerini.it\/index.php\/prodotto\/individualizzazione-e-attivismo\/#breadcrumb"},"inLanguage":"it-IT","potentialAction":[{"@type":"ReadAction","target":["https:\/\/www.guerini.it\/index.php\/prodotto\/individualizzazione-e-attivismo\/"]}]},{"@type":"ImageObject","inLanguage":"it-IT","@id":"https:\/\/www.guerini.it\/index.php\/prodotto\/individualizzazione-e-attivismo\/#primaryimage","url":"https:\/\/www.guerini.it\/wp-content\/uploads\/2026\/09\/9788881075119.webp","contentUrl":"https:\/\/www.guerini.it\/wp-content\/uploads\/2026\/09\/9788881075119.webp","width":643,"height":1000,"caption":"Front Cover di \"Individualizzazione e attivismo, a cura di E. Colombo, P. Rebughini, P. Schiano, Guerini e Associati, 2026\""},{"@type":"BreadcrumbList","@id":"https:\/\/www.guerini.it\/index.php\/prodotto\/individualizzazione-e-attivismo\/#breadcrumb","itemListElement":[{"@type":"ListItem","position":1,"name":"Home","item":"https:\/\/www.guerini.it\/"},{"@type":"ListItem","position":2,"name":"Catalogo","item":"https:\/\/www.guerini.it\/index.php\/negozio\/"},{"@type":"ListItem","position":3,"name":"Individualizzazione e attivismo"}]},{"@type":"WebSite","@id":"https:\/\/www.guerini.it\/#website","url":"https:\/\/www.guerini.it\/","name":"Guerini e Associati","description":"30 anni di libri, idee e libert\u00e0","publisher":{"@id":"https:\/\/www.guerini.it\/#organization"},"potentialAction":[{"@type":"SearchAction","target":{"@type":"EntryPoint","urlTemplate":"https:\/\/www.guerini.it\/?s={search_term_string}"},"query-input":{"@type":"PropertyValueSpecification","valueRequired":true,"valueName":"search_term_string"}}],"inLanguage":"it-IT"},{"@type":"Organization","@id":"https:\/\/www.guerini.it\/#organization","name":"Guerini e Associati","url":"https:\/\/www.guerini.it\/","logo":{"@type":"ImageObject","inLanguage":"it-IT","@id":"https:\/\/www.guerini.it\/#\/schema\/logo\/image\/","url":"https:\/\/www.guerini.it\/wp-content\/uploads\/2021\/03\/Logo-Guerini-OK_-e1615831292285.png","contentUrl":"https:\/\/www.guerini.it\/wp-content\/uploads\/2021\/03\/Logo-Guerini-OK_-e1615831292285.png","width":2805,"height":1870,"caption":"Guerini e Associati"},"image":{"@id":"https:\/\/www.guerini.it\/#\/schema\/logo\/image\/"}}]}},"_links":{"self":[{"href":"https:\/\/www.guerini.it\/index.php\/wp-json\/wp\/v2\/product\/26490","targetHints":{"allow":["GET"]}}],"collection":[{"href":"https:\/\/www.guerini.it\/index.php\/wp-json\/wp\/v2\/product"}],"about":[{"href":"https:\/\/www.guerini.it\/index.php\/wp-json\/wp\/v2\/types\/product"}],"wp:featuredmedia":[{"embeddable":true,"href":"https:\/\/www.guerini.it\/index.php\/wp-json\/wp\/v2\/media\/26492"}],"wp:attachment":[{"href":"https:\/\/www.guerini.it\/index.php\/wp-json\/wp\/v2\/media?parent=26490"}],"wp:term":[{"taxonomy":"product_brand","embeddable":true,"href":"https:\/\/www.guerini.it\/index.php\/wp-json\/wp\/v2\/product_brand?post=26490"},{"taxonomy":"product_cat","embeddable":true,"href":"https:\/\/www.guerini.it\/index.php\/wp-json\/wp\/v2\/product_cat?post=26490"},{"taxonomy":"product_tag","embeddable":true,"href":"https:\/\/www.guerini.it\/index.php\/wp-json\/wp\/v2\/product_tag?post=26490"}],"curies":[{"name":"wp","href":"https:\/\/api.w.org\/{rel}","templated":true}]}}

<p style="text-align: justify;">Il volume analizza le sfaccettature dell’attivismo giovanile a partire dallo sfondo dei processi di individualizzazione caratteristici delle società occidentali, processi che coinvolgono profondamente anche i repertori pratici e discorsivi delle forme di partecipazione politica. Sulla base di una pluralità di casi di studio italiani e internazionali, il volume indaga le modalità attraverso cui le esperienze di attivismo risignificano il rapporto tra soggettività individuale e percezioni del futuro, immaginari, valori, orientamenti dell’azione. Analizzando diverse aree dell’azione collettiva contemporanea, il volume mette in luce come l’agire politico sembri farsi sempre più ibrido e intersezionale, radicandosi nei bisogni quotidiani e nei vissuti emotivi degli attori sociali, ma al tempo stesso proiettandosi su un piano globale e sistemico. L’individualizzazione è parte del senso comune ma le forme contemporanee di attivismo delle nuove generazioni non si limitano a reagire alle crisi della rappresentanza politica o alla frammentazione del sociale, piuttosto elaborano pratiche di ricomposizione simbolica e materiale che saldano insieme etica personale, cura di sé e azione pubblica, dando vita a inedite forme di politicizzazione del privato e di soggettivazione collettiva. Il volume mette in luce come il piano dell’esperienza individualizzata e quello della trasformazione sociopolitica abbiano cessato di essere dimensioni antitetiche, per trovare invece un terreno comune nelle pratiche di mutualismo, solidarietà, resistenza e immaginazione sociale.</p>
<hr />
<p style="text-align: justify;"><strong>Enzo Colombo</strong> è professore di Sociologia dei Processi culturali presso l’Università degli Studi di Milano. Insegna Cultura e Società e <em>Globalization, Social Justice and Human Rights</em>. Si occupa soprattutto di processi di individualizzazione e multiculturalismo.</p>
<p style="text-align: justify;"><strong>Paola Rebughini</strong> è professoressa di Sociologia dei Processi culturali presso l’Università degli Studi di Milano, dove insegna Culture della Comunicazione e <em>Globalization and cultural diversity</em>. Si occupa di teoria sociale e culturale, giovani, vita quotidiana e attivismo.</p>
<p style="text-align: justify;"><strong>Pasquale Schiano</strong> è assegnista di ricerca presso il Dipartimento di Scienze sociali e politiche dell’Università degli Studi di Milano. Ha conseguito il dottorato di ricerca in Sociologia e Ricerca sociale presso l’Università di Bologna. I suoi interessi di ricerca riguardano i movimenti sociali, i processi di costruzione dell’identità e le culture giovanili.</p>

<p>Il volume analizza le sfaccettature dell’attivismo giovanile a partire dallo sfondo dei processi di individualizzazione caratteristici delle società occidentali, processi che coinvolgono profondamente anche i repertori pratici e discorsivi delle [&hellip;]</p>

<!-- This site is optimized with the Yoast SEO plugin v25.4 - https://yoast.com/wordpress/plugins/seo/ -->
<title>Individualizzazione e attivismo, a cura di E. Colombo, P. Rebughini, P. Schiano - Guerini e Associati</title>
<meta name="description" content="Il volume analizza le sfaccettature dell’attivismo giovanile a partire dai processi di individualizzazione caratteristici delle società occidentali," />
<meta name="robots" content="index, follow, max-snippet:-1, max-image-preview:large, max-video-preview:-1" />
<link rel="canonical" href="https://www.guerini.it/index.php/prodotto/individualizzazione-e-attivismo/" />
<meta property="og:locale" content="it_IT" />
<meta property="og:type" content="article" />
<meta property="og:title" content="Individualizzazione e attivismo, a cura di E. Colombo, P. Rebughini, P. Schiano - Guerini e Associati" />
<meta property="og:description" content="Il volume analizza le sfaccettature dell’attivismo giovanile a partire dai processi di individualizzazione caratteristici delle società occidentali," />
<meta property="og:url" content="https://www.guerini.it/index.php/prodotto/individualizzazione-e-attivismo/" />
<meta property="og:site_name" content="Guerini e Associati" />
<meta property="og:image" content="https://www.guerini.it/wp-content/uploads/2026/09/9788881075119.webp" />
	<meta property="og:image:width" content="643" />
	<meta property="og:image:height" content="1000" />
	<meta property="og:image:type" content="image/webp" />
<meta name="twitter:card" content="summary_large_image" />
<meta name="twitter:label1" content="Tempo di lettura stimato" />
	<meta name="twitter:data1" content="2 minuti" />
<!-- / Yoast SEO plugin. -->

Il volume analizza le sfaccettature dell’attivismo giovanile a partire dai processi di individualizzazione caratteristici delle società occidentali,

30 anni di libri, idee e libertà
