{"id":26493,"date":"2026-09-02T11:28:23","date_gmt":"2026-09-02T09:28:23","guid":{"rendered":"https:\/\/www.guerini.it\/?post_type=product&#038;p=26493"},"modified":"2026-09-02T11:33:47","modified_gmt":"2026-09-02T09:33:47","slug":"parole-e-immagini-che-si-prendono-cura","status":"publish","type":"product","link":"https:\/\/www.guerini.it\/index.php\/prodotto\/parole-e-immagini-che-si-prendono-cura\/","title":{"rendered":"Parole e immagini che si prendono cura"},"content":{"rendered":"<p style=\"text-align: justify;\">Esercitare una genitorialit\u00e0 competente nella migrazione non \u00e8 facile n\u00e9 per i padri n\u00e9 per le madri. Queste, in particolare, devono affrontare la cura dei bambini piccoli 0-3 anni in un contesto nel quale non esiste la famiglia allargata tipica di molte culture di provenienza, dove sono presenti diverse competenze femminili.<br \/>\nLa solitudine del compito, il possibile contrasto fra la propria esperienza personale nel paese d\u2019origine e la realt\u00e0 della societ\u00e0 italiana, la scarsa o debole competenza linguistica, sono elementi di fragilit\u00e0 parentale. Nelle classi di italiano L2 con donne accade sovente che si presenti la tematica della cura del bambino piccolo. Questo libro, frutto di esperienze pluriannuali, vuole essere una guida per insegnanti che intendano affrontare la tematica nelle loro classi in modo competente, proponendo una didattica attiva e coinvolgente. Le attivit\u00e0 presentate sono introdotte da un inquadramento teorico e da indicazioni metodologiche. Non manuale, ma guida cui attingere a seconda dei bisogni emergenti nelle classi.<\/p>\n<hr \/>\n<p style=\"text-align: justify;\"><strong>MAS &#8211; Mamme A Scuola<br \/>\n<\/strong>Associazione di volontariato nata nel 2004 nell\u2019ambito della Fondazione Verga a Milano, ora ETS iscritta al RUNTS, ha ottenuto nel 2020 l\u2019attestato di Benemerenza Civica del Comune di Milano. Oltre a corsi di lingua italiana per donne immigrate, di cui accoglie i figli di 0-3 anni in appositi spazi-bimbi, attiva laboratori e percorsi formativi specifici anche rivolti a bambini di scuola dell\u2019infanzia e primaria.<br \/>\nInformazioni sul sito <a href=\"https:\/\/mammeascuola.it\">https:\/\/mammeascuola.it<\/a> e alla relativa <a href=\"https:\/\/www.facebook.com\/mammeascuola\/?locale=it_IT\">pagina Facebook<\/a>.<br \/>\nPer contatti: mammeascuola@gmail.com; tel +39 329 555 7724<\/p>\n","protected":false},"excerpt":{"rendered":"<p>Esercitare una genitorialit\u00e0 competente nella migrazione non \u00e8 facile n\u00e9 per i padri n\u00e9 per le madri. Queste, in particolare, devono affrontare la cura dei bambini piccoli 0-3 anni in [&hellip;]<\/p>\n","protected":false},"featured_media":26494,"template":"","meta":{"_editorskit_title_hidden":false,"_editorskit_reading_time":0,"_editorskit_is_block_options_detached":false,"_editorskit_block_options_position":"{}","_monsterinsights_skip_tracking":false,"_monsterinsights_sitenote_active":false,"_monsterinsights_sitenote_note":"","_monsterinsights_sitenote_category":0},"product_brand":[],"product_cat":[6730],"product_tag":[6819,14020,14018,14021,9264,14019],"class_list":["post-26493","product","type-product","status-publish","has-post-thumbnail","product_cat-coming_soon","product_tag-didattica","product_tag-fragilita","product_tag-genitorialita","product_tag-insegnanti","product_tag-migrazione","product_tag-solitudine","first","instock","sale","shipping-taxable","purchasable","product-type-simple"],"yoast_head":"<!-- This site is optimized with the Yoast SEO plugin v25.4 - https:\/\/yoast.com\/wordpress\/plugins\/seo\/ -->\n<title>T. Morgandi, P. Perrella, Parole e immagini che si prendono cura - Guerini e Associati<\/title>\n<meta name=\"description\" content=\"Una guida per insegnanti che intendano affrontare il tema della cura del bambino piccolo che spesso emerge nelle classi di italiano L2 con donne.\" \/>\n<meta name=\"robots\" content=\"index, follow, max-snippet:-1, max-image-preview:large, max-video-preview:-1\" \/>\n<link rel=\"canonical\" href=\"https:\/\/www.guerini.it\/index.php\/prodotto\/parole-e-immagini-che-si-prendono-cura\/\" \/>\n<meta property=\"og:locale\" content=\"it_IT\" \/>\n<meta property=\"og:type\" content=\"article\" \/>\n<meta property=\"og:title\" content=\"T. Morgandi, P. Perrella, Parole e immagini che si prendono cura - Guerini e Associati\" \/>\n<meta property=\"og:description\" content=\"Una guida per insegnanti che intendano affrontare il tema della cura del bambino piccolo che spesso emerge nelle classi di italiano L2 con donne.\" \/>\n<meta property=\"og:url\" content=\"https:\/\/www.guerini.it\/index.php\/prodotto\/parole-e-immagini-che-si-prendono-cura\/\" \/>\n<meta property=\"og:site_name\" content=\"Guerini e Associati\" \/>\n<meta property=\"article:modified_time\" content=\"2026-09-02T09:33:47+00:00\" \/>\n<meta property=\"og:image\" content=\"https:\/\/www.guerini.it\/wp-content\/uploads\/2026\/09\/9788881955435-scaled.webp\" \/>\n\t<meta property=\"og:image:width\" content=\"1742\" \/>\n\t<meta property=\"og:image:height\" content=\"2560\" \/>\n\t<meta property=\"og:image:type\" content=\"image\/webp\" \/>\n<meta name=\"twitter:card\" content=\"summary_large_image\" \/>\n<meta name=\"twitter:label1\" content=\"Tempo di lettura stimato\" \/>\n\t<meta name=\"twitter:data1\" content=\"2 minuti\" \/>\n<!-- \/ Yoast SEO plugin. -->","yoast_head_json":{"title":"T. Morgandi, P. Perrella, Parole e immagini che si prendono cura - Guerini e Associati","description":"Una guida per insegnanti che intendano affrontare il tema della cura del bambino piccolo che spesso emerge nelle classi di italiano L2 con donne.","robots":{"index":"index","follow":"follow","max-snippet":"max-snippet:-1","max-image-preview":"max-image-preview:large","max-video-preview":"max-video-preview:-1"},"canonical":"https:\/\/www.guerini.it\/index.php\/prodotto\/parole-e-immagini-che-si-prendono-cura\/","og_locale":"it_IT","og_type":"article","og_title":"T. Morgandi, P. Perrella, Parole e immagini che si prendono cura - Guerini e Associati","og_description":"Una guida per insegnanti che intendano affrontare il tema della cura del bambino piccolo che spesso emerge nelle classi di italiano L2 con donne.","og_url":"https:\/\/www.guerini.it\/index.php\/prodotto\/parole-e-immagini-che-si-prendono-cura\/","og_site_name":"Guerini e Associati","article_modified_time":"2026-09-02T09:33:47+00:00","og_image":[{"width":1742,"height":2560,"url":"https:\/\/www.guerini.it\/wp-content\/uploads\/2026\/09\/9788881955435-scaled.webp","type":"image\/webp"}],"twitter_card":"summary_large_image","twitter_misc":{"Tempo di lettura stimato":"2 minuti"},"schema":{"@context":"https:\/\/schema.org","@graph":[{"@type":"WebPage","@id":"https:\/\/www.guerini.it\/index.php\/prodotto\/parole-e-immagini-che-si-prendono-cura\/","url":"https:\/\/www.guerini.it\/index.php\/prodotto\/parole-e-immagini-che-si-prendono-cura\/","name":"T. Morgandi, P. Perrella, Parole e immagini che si prendono cura - Guerini e Associati","isPartOf":{"@id":"https:\/\/www.guerini.it\/#website"},"primaryImageOfPage":{"@id":"https:\/\/www.guerini.it\/index.php\/prodotto\/parole-e-immagini-che-si-prendono-cura\/#primaryimage"},"image":{"@id":"https:\/\/www.guerini.it\/index.php\/prodotto\/parole-e-immagini-che-si-prendono-cura\/#primaryimage"},"thumbnailUrl":"https:\/\/www.guerini.it\/wp-content\/uploads\/2026\/09\/9788881955435-scaled.webp","datePublished":"2026-09-02T09:28:23+00:00","dateModified":"2026-09-02T09:33:47+00:00","description":"Una guida per insegnanti che intendano affrontare il tema della cura del bambino piccolo che spesso emerge nelle classi di italiano L2 con donne.","breadcrumb":{"@id":"https:\/\/www.guerini.it\/index.php\/prodotto\/parole-e-immagini-che-si-prendono-cura\/#breadcrumb"},"inLanguage":"it-IT","potentialAction":[{"@type":"ReadAction","target":["https:\/\/www.guerini.it\/index.php\/prodotto\/parole-e-immagini-che-si-prendono-cura\/"]}]},{"@type":"ImageObject","inLanguage":"it-IT","@id":"https:\/\/www.guerini.it\/index.php\/prodotto\/parole-e-immagini-che-si-prendono-cura\/#primaryimage","url":"https:\/\/www.guerini.it\/wp-content\/uploads\/2026\/09\/9788881955435-scaled.webp","contentUrl":"https:\/\/www.guerini.it\/wp-content\/uploads\/2026\/09\/9788881955435-scaled.webp","width":1742,"height":2560,"caption":"Front Cover di \"T. Morgandi, P. Perrella, Parole e immagini che si prendono cura, Guerini a Associati, 2026\""},{"@type":"BreadcrumbList","@id":"https:\/\/www.guerini.it\/index.php\/prodotto\/parole-e-immagini-che-si-prendono-cura\/#breadcrumb","itemListElement":[{"@type":"ListItem","position":1,"name":"Home","item":"https:\/\/www.guerini.it\/"},{"@type":"ListItem","position":2,"name":"Catalogo","item":"https:\/\/www.guerini.it\/index.php\/negozio\/"},{"@type":"ListItem","position":3,"name":"Parole e immagini che si prendono cura"}]},{"@type":"WebSite","@id":"https:\/\/www.guerini.it\/#website","url":"https:\/\/www.guerini.it\/","name":"Guerini e Associati","description":"30 anni di libri, idee e libert\u00e0","publisher":{"@id":"https:\/\/www.guerini.it\/#organization"},"potentialAction":[{"@type":"SearchAction","target":{"@type":"EntryPoint","urlTemplate":"https:\/\/www.guerini.it\/?s={search_term_string}"},"query-input":{"@type":"PropertyValueSpecification","valueRequired":true,"valueName":"search_term_string"}}],"inLanguage":"it-IT"},{"@type":"Organization","@id":"https:\/\/www.guerini.it\/#organization","name":"Guerini e Associati","url":"https:\/\/www.guerini.it\/","logo":{"@type":"ImageObject","inLanguage":"it-IT","@id":"https:\/\/www.guerini.it\/#\/schema\/logo\/image\/","url":"https:\/\/www.guerini.it\/wp-content\/uploads\/2021\/03\/Logo-Guerini-OK_-e1615831292285.png","contentUrl":"https:\/\/www.guerini.it\/wp-content\/uploads\/2021\/03\/Logo-Guerini-OK_-e1615831292285.png","width":2805,"height":1870,"caption":"Guerini e Associati"},"image":{"@id":"https:\/\/www.guerini.it\/#\/schema\/logo\/image\/"}}]}},"_links":{"self":[{"href":"https:\/\/www.guerini.it\/index.php\/wp-json\/wp\/v2\/product\/26493","targetHints":{"allow":["GET"]}}],"collection":[{"href":"https:\/\/www.guerini.it\/index.php\/wp-json\/wp\/v2\/product"}],"about":[{"href":"https:\/\/www.guerini.it\/index.php\/wp-json\/wp\/v2\/types\/product"}],"wp:featuredmedia":[{"embeddable":true,"href":"https:\/\/www.guerini.it\/index.php\/wp-json\/wp\/v2\/media\/26494"}],"wp:attachment":[{"href":"https:\/\/www.guerini.it\/index.php\/wp-json\/wp\/v2\/media?parent=26493"}],"wp:term":[{"taxonomy":"product_brand","embeddable":true,"href":"https:\/\/www.guerini.it\/index.php\/wp-json\/wp\/v2\/product_brand?post=26493"},{"taxonomy":"product_cat","embeddable":true,"href":"https:\/\/www.guerini.it\/index.php\/wp-json\/wp\/v2\/product_cat?post=26493"},{"taxonomy":"product_tag","embeddable":true,"href":"https:\/\/www.guerini.it\/index.php\/wp-json\/wp\/v2\/product_tag?post=26493"}],"curies":[{"name":"wp","href":"https:\/\/api.w.org\/{rel}","templated":true}]}}

<p style="text-align: justify;">Esercitare una genitorialità competente nella migrazione non è facile né per i padri né per le madri. Queste, in particolare, devono affrontare la cura dei bambini piccoli 0-3 anni in un contesto nel quale non esiste la famiglia allargata tipica di molte culture di provenienza, dove sono presenti diverse competenze femminili.<br />
La solitudine del compito, il possibile contrasto fra la propria esperienza personale nel paese d’origine e la realtà della società italiana, la scarsa o debole competenza linguistica, sono elementi di fragilità parentale. Nelle classi di italiano L2 con donne accade sovente che si presenti la tematica della cura del bambino piccolo. Questo libro, frutto di esperienze pluriannuali, vuole essere una guida per insegnanti che intendano affrontare la tematica nelle loro classi in modo competente, proponendo una didattica attiva e coinvolgente. Le attività presentate sono introdotte da un inquadramento teorico e da indicazioni metodologiche. Non manuale, ma guida cui attingere a seconda dei bisogni emergenti nelle classi.</p>
<hr />
<p style="text-align: justify;"><strong>MAS &#8211; Mamme A Scuola<br />
</strong>Associazione di volontariato nata nel 2004 nell’ambito della Fondazione Verga a Milano, ora ETS iscritta al RUNTS, ha ottenuto nel 2020 l’attestato di Benemerenza Civica del Comune di Milano. Oltre a corsi di lingua italiana per donne immigrate, di cui accoglie i figli di 0-3 anni in appositi spazi-bimbi, attiva laboratori e percorsi formativi specifici anche rivolti a bambini di scuola dell’infanzia e primaria.<br />
Informazioni sul sito <a href="https://mammeascuola.it">https://mammeascuola.it</a> e alla relativa <a href="https://www.facebook.com/mammeascuola/?locale=it_IT">pagina Facebook</a>.<br />
Per contatti: mammeascuola@gmail.com; tel +39 329 555 7724</p>

<p>Esercitare una genitorialità competente nella migrazione non è facile né per i padri né per le madri. Queste, in particolare, devono affrontare la cura dei bambini piccoli 0-3 anni in [&hellip;]</p>

30 anni di libri, idee e libertà
